000
CXUS53 KEAX 010736
CF6MCI
PRELIMINARY LOCAL CLIMATOLOGICAL DATA (WS FORM: F-6)
STATION: KANSAS CITY INTERNATIONAL MO
MONTH: OCTOBER
YEAR: 2021
LATITUDE: 39 19 N
LONGITUDE: 94 43 W
TEMPERATURE IN F: :PCPN: SNOW: WIND :SUNSHINE: SKY :PK WND
================================================================================
1 2 3 4 5 6A 6B 7 8 9 10 11 12 13 14 15 16 17 18
12Z AVG MX 2MIN
DY MAX MIN AVG DEP HDD CDD WTR SNW DPTH SPD SPD DIR MIN PSBL S-S WX SPD DR
================================================================================
1 79 65 72 10 0 7 0.00 0.0 0 5.0 13 190 M M 8 18 16 140
2 77 59 68 6 0 3 0.13 0.0 0 4.2 9 280 M M 7 128 12 280
3 79 54 67 5 0 2 0.00 0.0 0 5.8 14 310 M M 6 1 18 290
4 81 51 66 5 0 1 0.00 0.0 M 5.6 15 10 M M 1 8 22 30
5 78 51 65 4 0 0 0.00 0.0 0 7.1 14 50 M M 5 18 17 70
6 77 56 67 7 0 2 0.14 0.0 0 6.7 15 100 M M 7 1 21 100
7 77 59 68 8 0 3 T 0.0 0 3.4 9 150 M M 6 18 12 200
8 85 59 72 12 0 7 0.00 0.0 0 8.6 15 160 M M 3 18 21 150
9 85 65 75 16 0 10 0.00 0.0 0 14.0 24 220 M M 5 38 210
10 82 58 70 11 0 5 0.70 0.0 0 11.2 25 210 M M 7 13 35 230
11 65 50 58 0 7 0 1.60 0.0 0 14.7 28 20 M M 8 13 39 20
12 77 48 63 5 2 0 0.08 0.0 0 8.6 25 150 M M 5 13 33 160
13 74 55 65 7 0 0 0.47 0.0 0 12.6 29 240 M M 6 13 42 230
14 72 48 60 3 5 0 0.00 0.0 0 6.8 12 130 M M 4 18 16 330
15 64 45 55 -2 10 0 0.06 0.0 0 10.7 26 10 M M 5 37 20
16 66 40 53 -3 12 0 0.00 0.0 0 7.3 17 320 M M 0 23 290
17 73 41 57 1 8 0 0.00 0.0 0 5.8 10 170 M M 0 15 190
18 74 44 59 3 6 0 0.00 0.0 0 11.0 22 180 M M 2 18 34 200
19 75 54 65 10 0 0 0.00 0.0 0 15.3 24 170 M M 3 8 31 180
20 68 45 57 2 8 0 T 0.0 0 11.1 22 190 M M 4 8 33 180
21 60 42 51 -3 14 0 0.00 0.0 M 8.3 15 320 M M 2 8 21 320
22 66 36 51 -3 14 0 0.00 0.0 0 5.7 13 80 M M 2 1 18 100
23 60 48 54 0 11 0 0.02 0.0 0 12.4 20 100 M M 8 13 25 100
24 76 47 62 9 3 0 0.15 0.0 0 13.4 31 230 M M 10 123 43 270
25 50 47 49 -4 16 0 0.00 0.0 0 9.3 18 360 M M 10 24 340
26 60 45 53 1 12 0 0.00 0.0 0 15.8 24 130 M M 8 32 140
27 59 52 56 4 9 0 0.39 0.0 0 13.5 22 130 M M 10 13 30 130
28 52 46 49 -2 16 0 1.06 0.0 0 16.2 26 360 M M 10 1 39 340
29 56 41 49 -2 16 0 0.30 0.0 0 13.2 23 340 M M 7 32 350
30 65 37 51 1 14 0 0.00 0.0 0 5.9 14 340 M M 0 18 20 340
31 57 42 50 0 15 0 0.00 0.0 0 11.5 24 350 M M 5 31 360
================================================================================
SM 2169 1530 198 40 5.10 0.0 300.7 M 164
================================================================================
AV 70.0 49.4 9.7 FASTST M M 5 MAX(MPH)
MISC ----> 31 230 43 270
================================================================================
NOTES:
# LAST OF SEVERAL OCCURRENCES
COLUMN 17 PEAK WIND IN M.P.H.
PRELIMINARY LOCAL CLIMATOLOGICAL DATA (WS FORM: F-6) , PAGE 2
STATION: KANSAS CITY INTERNATIONAL MO
MONTH: OCTOBER
YEAR: 2021
LATITUDE: 39 19 N
LONGITUDE: 94 43 W
[TEMPERATURE DATA] [PRECIPITATION DATA] SYMBOLS USED IN COLUMN 16
AVERAGE MONTHLY: 59.7 TOTAL FOR MONTH: 5.10 1 = FOG OR MIST
DPTR FM NORMAL: 3.3 DPTR FM NORMAL: 1.85 2 = FOG REDUCING VISIBILITY
HIGHEST: 85 ON 9, 8 GRTST 24HR 2.30 ON 10-11 TO 1/4 MILE OR LESS
LOWEST: 36 ON 22 3 = THUNDER
SNOW, ICE PELLETS, HAIL 4 = ICE PELLETS
TOTAL MONTH: 0.0 INCH 5 = HAIL
GRTST 24HR 0.0 6 = FREEZING RAIN OR DRIZZLE
GRTST DEPTH: 0 7 = DUSTSTORM OR SANDSTORM:
VSBY 1/2 MILE OR LESS
8 = SMOKE OR HAZE
[NO. OF DAYS WITH] [WEATHER - DAYS WITH] 9 = BLOWING SNOW
X = TORNADO
MAX 32 OR BELOW: 0 0.01 INCH OR MORE: 12
MAX 90 OR ABOVE: 0 0.10 INCH OR MORE: 9
MIN 32 OR BELOW: 0 0.50 INCH OR MORE: 3
MIN 0 OR BELOW: 0 1.00 INCH OR MORE: 2
[HDD (BASE 65) ]
TOTAL THIS MO. 198 CLEAR (SCALE 0-3) 9
DPTR FM NORMAL -97 PTCLDY (SCALE 4-7) 18
TOTAL FM JUL 1 212 CLOUDY (SCALE 8-10) 4
DPTR FM NORMAL -145
[CDD (BASE 65) ]
TOTAL THIS MO. 40
DPTR FM NORMAL 11 [PRESSURE DATA]
TOTAL FM JAN 1 1661 HIGHEST SLP M ON M
DPTR FM NORMAL 301 LOWEST SLP 29.44 ON 24
[REMARKS]
#FINAL-10-21#