000
CXUS55 KEAX 010836
CF6MCI
PRELIMINARY LOCAL CLIMATOLOGICAL DATA (WS FORM: F-6)
STATION: KANSAS CITY INTERNATIONAL MO
MONTH: OCTOBER
YEAR: 2020
LATITUDE: 39 19 N
LONGITUDE: 94 43 W
TEMPERATURE IN F: :PCPN: SNOW: WIND :SUNSHINE: SKY :PK WND
================================================================================
1 2 3 4 5 6A 6B 7 8 9 10 11 12 13 14 15 16 17 18
12Z AVG MX 2MIN
DY MAX MIN AVG DEP HDD CDD WTR SNW DPTH SPD SPD DIR MIN PSBL S-S WX SPD DR
================================================================================
1 65 43 54 -8 11 0 0.00 0.0 0 9.4 23 340 M M 2 43 320
2 65 35 50 -11 15 0 0.00 0.0 0 6.3 14 130 M M 5 17 140
3 65 43 54 -7 11 0 T 0.0 0 9.7 17 360 M M 8 22 350
4 64 38 51 -9 14 0 0.00 0.0 0 5.5 13 150 M M 3 12 17 150
5 77 47 62 2 3 0 0.00 0.0 0 14.3 23 180 M M 2 32 200
6 81 51 66 6 0 1 0.00 0.0 0 6.8 14 210 M M 0 20 210
7 90 57 74 15 0 9 0.00 0.0 0 7.8 13 220 M M 0 8 17 220
8 85 58 72 13 0 7 0.00 0.0 0 8.1 18 190 M M 1 23 170
9 84 60 72 13 0 7 0.00 0.0 0 12.8 21 200 M M 0 18 30 200
10 83 60 72 14 0 7 0.00 0.0 0 6.1 10 150 M M 1 1 15 130
11 86 62 74 16 0 9 0.00 0.0 0 14.4 26 170 M M 1 35 150
12 76 46 61 3 4 0 0.00 0.0 0 11.6 26 330 M M 3 8 37 340
13 78 46 62 5 3 0 0.00 0.0 0 8.5 20 240 M M 0 27 250
14 84 52 68 11 0 3 0.00 0.0 0 14.8 28 350 M M 4 8 39 350
15 63 42 53 -4 12 0 0.00 0.0 0 10.0 22 360 M M 4 33 360
16 62 34 48 -8 17 0 0.00 0.0 0 8.4 16 250 M M 3 8 23 240
17 72 50 61 5 4 0 0.00 0.0 0 17.0 33 220 M M 6 49 200
18 56 42 49 -7 16 0 0.00 0.0 0 13.3 24 20 M M 8 32 20
19 46 40 43 -12 22 0 0.00 0.0 0 10.5 17 70 M M 9 27 70
20 48 40 44 -11 21 0 T 0.0 0 4.6 13 130 M M 10 18 18 130
21 50 36 43 -12 22 0 0.01 0.0 0 7.1 15 100 M M 9 12 20 110
22 86 43 65 11 0 0 T 0.0 0 15.9 31 190 M M 6 12 42 200
23 44 37 41 -13 24 0 0.71 0.0 0 15.0 22 350 M M 10 13 31 340
24 41 36 39 -15 26 0 0.00 0.0 0 9.0 14 120 M M 10 19 40
25 41 34 38 -15 27 0 T T 0 10.7 18 20 M M 10 18 24 20
26 34 28 31 -22 34 0 0.10 0.9 T 11.5 20 10 M M 10 1 29 350
27 35 30 33 -20 32 0 0.03 0.0 1 4.5 12 20 M M 10 6 14 340
28 50 31 41 -11 24 0 T 0.0 0 5.4 14 10 M M 9 18 10
29 52 32 42 -10 23 0 0.03 0.0 0 12.1 25 10 M M 6 34 10
30 63 30 47 -5 18 0 0.00 0.0 0 8.7 16 190 M M 0 8 22 200
31 68 44 56 5 9 0 0.00 0.0 0 13.7 29 210 M M 1 39 210
================================================================================
SM 1994 1327 392 43 0.88 0.9 313.5 M 151
================================================================================
AV 64.3 42.8 10.1 FASTST M M 5 MAX(MPH)
MISC ----> 33 220 49 200
================================================================================
NOTES:
# LAST OF SEVERAL OCCURRENCES
COLUMN 17 PEAK WIND IN M.P.H.
PRELIMINARY LOCAL CLIMATOLOGICAL DATA (WS FORM: F-6) , PAGE 2
STATION: KANSAS CITY INTERNATIONAL MO
MONTH: OCTOBER
YEAR: 2020
LATITUDE: 39 19 N
LONGITUDE: 94 43 W
[TEMPERATURE DATA] [PRECIPITATION DATA] SYMBOLS USED IN COLUMN 16
AVERAGE MONTHLY: 53.6 TOTAL FOR MONTH: 0.88 1 = FOG OR MIST
DPTR FM NORMAL: -2.8 DPTR FM NORMAL: -2.28 2 = FOG REDUCING VISIBILITY
HIGHEST: 90 ON 7 GRTST 24HR 0.71 ON 22-23 TO 1/4 MILE OR LESS
LOWEST: 28 ON 26 3 = THUNDER
SNOW, ICE PELLETS, HAIL 4 = ICE PELLETS
TOTAL MONTH: 0.9 INCH 5 = HAIL
GRTST 24HR 0.9 ON 26-26 6 = FREEZING RAIN OR DRIZZLE
GRTST DEPTH: 1 ON 27 7 = DUSTSTORM OR SANDSTORM:
VSBY 1/2 MILE OR LESS
8 = SMOKE OR HAZE
[NO. OF DAYS WITH] [WEATHER - DAYS WITH] 9 = BLOWING SNOW
X = TORNADO
MAX 32 OR BELOW: 0 0.01 INCH OR MORE: 5
MAX 90 OR ABOVE: 1 0.10 INCH OR MORE: 2
MIN 32 OR BELOW: 5 0.50 INCH OR MORE: 1
MIN 0 OR BELOW: 0 1.00 INCH OR MORE: 0
[HDD (BASE 65) ]
TOTAL THIS MO. 392 CLEAR (SCALE 0-3) 13
DPTR FM NORMAL 99 PTCLDY (SCALE 4-7) 9
TOTAL FM JUL 1 457 CLOUDY (SCALE 8-10) 9
DPTR FM NORMAL 98
[CDD (BASE 65) ]
TOTAL THIS MO. 43
DPTR FM NORMAL 17 [PRESSURE DATA]
TOTAL FM JAN 1 1374 HIGHEST SLP 30.42 ON 26
DPTR FM NORMAL 16 LOWEST SLP 29.54 ON 11
[REMARKS]
#FINAL-10-20#