000
CXUS53 KEAX 011841
CLMMCI
CLIMATE REPORT
NATIONAL WEATHER SERVICE KANSAS CITY/PLEASANT HILL MO
140 PM CDT THU JUN 01 2023
...................................
...THE KANSAS CITY INTERNATIONAL MO CLIMATE SUMMARY FOR THE MONTH OF MAY 2023...
CLIMATE NORMAL PERIOD: 1991 TO 2020
CLIMATE RECORD PERIOD: 1888 TO 2023
WEATHER OBSERVED NORMAL DEPART LAST YEAR`S
VALUE DATE(S) VALUE FROM VALUE DATE(S)
NORMAL
................................................................
TEMPERATURE (F)
RECORD
HIGH 103 05/30/1934
LOW 27 05/04/1907
HIGHEST 91 05/06 88 3 93 05/12
LOWEST 39 05/01 40 -1 42 05/22
AVG. MAXIMUM 78.3 75.0 3.3 75.8
AVG. MINIMUM 55.7 54.3 1.4 57.1
MEAN 67.0 64.6 2.4 66.5
DAYS MAX >= 90 1 0.8 0.2 4
DAYS MAX <= 32 0 0.0 0.0 0
DAYS MIN <= 32 0 0.0 0.0 0
DAYS MIN <= 0 0 0.0 0.0 0
PRECIPITATION (INCHES)
RECORD
MAXIMUM 12.82 2019
MINIMUM 0.70 1914
TOTALS 4.40 5.32 -0.92 8.46
DAILY AVG. 0.14 0.17 -0.03 0.27
DAYS >= .01 11 12.1 -1.1 15
DAYS >= .10 7 7.7 -0.7 11
DAYS >= .50 3 3.7 -0.7 5
DAYS >= 1.00 2 1.6 0.4 4
GREATEST
24 HR. TOTAL 1.29 05/24 TO 05/24
SNOWFALL (INCHES)
RECORDS
TOTAL 1.7 1907
TOTALS 0.0 0.0 0.0 0.0
SINCE 7/1 9.0 18.2 -9.2 MM
SNOWDEPTH AVG. 0 0
DAYS >= 1.0 0 0.0 0.0 0
GREATEST
SNOW DEPTH 0 0 MM
24 HR TOTAL MM
DEGREE DAYS
HEATING TOTAL 57 109 -52 107
SINCE 7/1 4563 5062 -499 MM
COOLING TOTAL 129 98 31 158
SINCE 1/1 143 120 23 MM
................................................................
WIND (MPH)
AVERAGE WIND SPEED 8.3
HIGHEST WIND SPEED/DIRECTION 32/160 DATE 05/09
32/200 05/24
HIGHEST GUST SPEED/DIRECTION 46/200 DATE 05/24
SKY COVER
POSSIBLE SUNSHINE (PERCENT) MM
AVERAGE SKY COVER 0.53
NUMBER OF DAYS FAIR 7
NUMBER OF DAYS PC 14
NUMBER OF DAYS CLOUDY 10
AVERAGE RH (PERCENT) 66
WEATHER CONDITIONS. NUMBER OF DAYS WITH
THUNDERSTORM 6 MIXED PRECIP 0
HEAVY RAIN 4 RAIN 6
LIGHT RAIN 12 FREEZING RAIN 0
LT FREEZING RAIN 0 HAIL 0
HEAVY SNOW 0 SNOW 0
LIGHT SNOW 0 SLEET 0
FOG 18 FOG W/VIS <= 1/4 MILE 0
HAZE 7
- INDICATES NEGATIVE NUMBERS.
R INDICATES RECORD WAS SET OR TIED.
MM INDICATES DATA IS MISSING.
T INDICATES TRACE AMOUNT.
$$