000
CXUS53 KGLD 010800
CF6MCK
PRELIMINARY LOCAL CLIMATOLOGICAL DATA (WS FORM: F-6)
STATION: MCCOOK NE
MONTH: AUGUST
YEAR: 2022
LATITUDE: 40 13 N
LONGITUDE: 100 35 W
TEMPERATURE IN F: :PCPN: SNOW: WIND :SUNSHINE: SKY :PK WND
================================================================================
1 2 3 4 5 6A 6B 7 8 9 10 11 12 13 14 15 16 17 18
12Z AVG MX 2MIN
DY MAX MIN AVG DEP HDD CDD WTR SNW DPTH SPD SPD DIR MIN PSBL S-S WX SPD DR
================================================================================
1 102 64 83 5 0 18 0.00 M M 5.5 17 190 M M 0 23 160
2 106 64 85 8 0 20 0.00 M M 6.8 20 290 M M 0 8 28 190
3 98 71 85 8 0 20 0.00 M M 12.0 25 40 M M 0 8 32 40
4 98 63 81 4 0 16 0.00 M M 11.1 22 120 M M 0 18 30 120
5 104 73 89 12 0 24 0.00 M M 11.0 22 140 M M 2 32 140
6 103 73 88 11 0 23 0.00 M M 11.8 29 40 M M 0 37 40
7 84 65 75 -2 0 10 0.00 M M 11.7 22 340 M M 4 1 30 330
8 87 59 73 -4 0 8 0.00 M M 7.4 14 140 M M 0 22 120
9 97 58 78 2 0 13 0.00 M M 7.9 17 130 M M 1 27 130
10 99 59 79 3 0 14 0.00 M M 8.0 18 160 M M 0 25 160
11 100 61 81 5 0 16 0.00 M M 8.9 21 130 M M 0 30 150
12 102 59 81 5 0 16 0.00 M M 8.4 17 200 M M 0 26 230
13 102 67 85 9 0 20 0.00 M M 11.2 22 80 M M 0 30 80
14 102 68 85 9 0 20 0.00 M M 12.3 25 110 M M 3 18 34 110
15 90 67 79 3 0 14 0.05 M M 11.6 23 50 M M 1 13 31 30
16 73 63 68 -7 0 3 0.01 M M 9.4 20 30 M M 9 1 24 40
17 80 60 70 -5 0 5 T M M 4.3 13 130 M M 7 1 16 160
18 95 54 75 0 0 10 0.00 M M 3.7 14 10 M M 1 18 21 260
19 91 59 75 0 0 10 0.00 M M 8.4 18 20 M M 2 24 40
20 88 51 70 -5 0 5 0.00 M M 7.5 14 80 M M 1 20 310
21 90 57 74 0 0 9 0.00 M M 6.8 15 100 M M 0 21 140
22 92 58 75 1 0 10 0.00 M M 6.4 18 130 M M 1 23 130
23 93 54 74 0 0 9 0.00 M M 7.0 18 130 M M 0 25 130
24 97 56 77 3 0 12 0.00 M M 7.2 17 130 M M 0 8 24 120
25 99 58 79 5 0 14 0.00 M M 7.2 17 180 M M 0 8 25 180
26 98 59 79 6 0 14 0.00 M M 11.2 24 190 M M 0 18 35 170
27 95 66 81 8 0 16 0.06 M M 7.9 17 200 M M 3 1 24 210
28 104 60 82 9 0 17 0.00 M M 8.6 20 350 M M 0 24 30
29 90 67 79 7 0 14 0.00 M M 13.3 28 60 M M 0 38 60
30 94 53 74 2 0 9 0.00 M M 5.7 14 180 M M 0 19 180
31 99 65 82 10 0 17 0.08 M M 8.5 38 10 M M 1 38 49 10
================================================================================
SM 2952 1911 0 426 0.20 M 268.7 M 36
================================================================================
AV 95.2 61.6 8.7 FASTST M M 1 MAX(MPH)
MISC ----> 38 10 49 10
================================================================================
NOTES:
# LAST OF SEVERAL OCCURRENCES
COLUMN 17 PEAK WIND IN M.P.H.
PRELIMINARY LOCAL CLIMATOLOGICAL DATA (WS FORM: F-6) , PAGE 2
STATION: MCCOOK NE
MONTH: AUGUST
YEAR: 2022
LATITUDE: 40 13 N
LONGITUDE: 100 35 W
[TEMPERATURE DATA] [PRECIPITATION DATA] SYMBOLS USED IN COLUMN 16
AVERAGE MONTHLY: 78.4 TOTAL FOR MONTH: 0.20 1 = FOG OR MIST
DPTR FM NORMAL: 3.2 DPTR FM NORMAL: -2.93 2 = FOG REDUCING VISIBILITY
HIGHEST: 106 ON 2 GRTST 24HR 0.08 ON 31-31 TO 1/4 MILE OR LESS
LOWEST: 51 ON 20 3 = THUNDER
SNOW, ICE PELLETS, HAIL 4 = ICE PELLETS
TOTAL MONTH: M 5 = HAIL
GRTST 24HR M ON M 6 = FREEZING RAIN OR DRIZZLE
GRTST DEPTH: M ON M 7 = DUSTSTORM OR SANDSTORM:
VSBY 1/2 MILE OR LESS
8 = SMOKE OR HAZE
[NO. OF DAYS WITH] [WEATHER - DAYS WITH] 9 = BLOWING SNOW
X = TORNADO
MAX 32 OR BELOW: 0 0.01 INCH OR MORE: 4
MAX 90 OR ABOVE: 26 0.10 INCH OR MORE: 0
MIN 32 OR BELOW: 0 0.50 INCH OR MORE: 0
MIN 0 OR BELOW: 0 1.00 INCH OR MORE: 0
[HDD (BASE 65) ]
TOTAL THIS MO. 0 CLEAR (SCALE 0-3) 27
DPTR FM NORMAL -5 PTCLDY (SCALE 4-7) 3
TOTAL FM JUL 1 0 CLOUDY (SCALE 8-10) 1
DPTR FM NORMAL -4
[CDD (BASE 65) ]
TOTAL THIS MO. 426
DPTR FM NORMAL 107 [PRESSURE DATA]
TOTAL FM JAN 1 1345 HIGHEST SLP M ON M
DPTR FM NORMAL 335 LOWEST SLP 29.57 ON 28
[REMARKS]
#FINAL-08-22#