000
CXUS52 KMLB 011134
CF6MCO
PRELIMINARY LOCAL CLIMATOLOGICAL DATA (WS FORM: F-6)
STATION: ORLANDO INTL
MONTH: AUGUST
YEAR: 2020
LATITUDE: 28 25 N
LONGITUDE: 81 19 W
TEMPERATURE IN F: :PCPN: SNOW: WIND :SUNSHINE: SKY :PK WND
================================================================================
1 2 3 4 5 6A 6B 7 8 9 10 11 12 13 14 15 16 17 18
12Z AVG MX 2MIN
DY MAX MIN AVG DEP HDD CDD WTR SNW DPTH SPD SPD DIR MIN PSBL S-S WX SPD DR
================================================================================
1 94 78 86 3 0 21 0.00 0.0 0 7.5 18 60 M M 2 22 50
2 88 79 84 1 0 19 0.08 0.0 0 13.6 26 30 M M 6 138 34 40
3 94 77 86 3 0 21 0.00 0.0 0 8.9 17 270 M M 8 22 260
4 93 75 84 1 0 19 0.53 0.0 0 4.4 24 100 M M 6 138 31 100
5 92 73 83 0 0 18 1.14 0.0 0 3.2 30 180 M M 6 138 37 170
6 93 73 83 0 0 18 0.97 0.0 0 3.5 46 220 M M 6 38 64 220
7 94 75 85 2 0 20 T 0.0 0 4.0 24 300 M M 5 3 32 290
8 95 75 85 2 0 20 T 0.0 0 3.8 16 90 M M 5 3 19 90
9 95 72 84 1 0 19 1.34 0.0 0 3.6 41 320 M M 5 13 52 320
10 94 76 85 2 0 20 T 0.0 0 4.5 15 120 M M 5 3 20 120
11 95 76 86 3 0 21 T 0.0 0 3.4 23 60 M M 8 3 28 50
12 92 75 84 1 0 19 0.12 0.0 0 2.9 23 140 M M 7 38 29 140
13 93 78 86 3 0 21 0.19 0.0 0 6.0 24 200 M M 7 13 30 190
14 94 77 86 3 0 21 T 0.0 0 5.6 20 50 M M 5 3 26 40
15 93 77 85 2 0 20 0.31 0.0 0 4.4 21 70 M M 7 13 24 60
16 91 77 84 1 0 19 0.74 0.0 0 5.2 16 50 M M 8 38 21 60
17 91 74 83 0 0 18 0.04 0.0 0 3.8 29 280 M M 6 13 38 280
18 91 74 83 0 0 18 0.17 0.0 0 5.6 22 160 M M 6 3 27 160
19 87 73 80 -3 0 15 0.00 0.0 0 5.8 15 230 M M 6 18 240
20 90 74 82 -1 0 17 0.10 0.0 0 4.9 26 130 M M 6 138 34 140
21 91 74 83 0 0 18 0.11 0.0 0 6.5 23 280 M M 8 1 33 260
22 93 75 84 1 0 19 0.13 0.0 0 5.2 15 70 M M 9 1 19 90
23 94 77 86 3 0 21 0.06 0.0 0 9.4 21 90 M M 7 1 28 100
24 94 79 87 4 0 22 0.21 0.0 0 11.6 23 110 M M 6 13 29 130
25 94 80 87 4 0 22 0.00 0.0 0 10.1 17 110 M M 4 23 120
26 94 79 87 4 0 22 0.00 0.0 0 8.7 17 100 M M 3 27 110
27 92 78 85 2 0 20 0.14 0.0 0 5.9 15 150 M M 5 13 19 140
28 94 77 86 4 0 21 0.00 0.0 0 5.1 21 260 M M 7 3 26 260
29 94 77 86 4 0 21 0.03 0.0 0 5.9 21 240 M M 9 3 23 240
30 87 76 82 0 0 17 0.35 0.0 0 7.4 25 270 M M 9 1 31 290
31 89 73 81 -1 0 16 0.66 0.0 0 5.8 23 220 M M 7 138 30 200
================================================================================
SM 2865 2353 0 603 7.42 0.0 186.2 M 194
================================================================================
AV 92.4 75.9 6.0 FASTST M M 6 MAX(MPH)
MISC ----> 46 220 64 220
================================================================================
NOTES:
# LAST OF SEVERAL OCCURRENCES
COLUMN 17 PEAK WIND IN M.P.H.
PRELIMINARY LOCAL CLIMATOLOGICAL DATA (WS FORM: F-6) , PAGE 2
STATION: ORLANDO INTL
MONTH: AUGUST
YEAR: 2020
LATITUDE: 28 25 N
LONGITUDE: 81 19 W
[TEMPERATURE DATA] [PRECIPITATION DATA] SYMBOLS USED IN COLUMN 16
AVERAGE MONTHLY: 84.2 TOTAL FOR MONTH: 7.42 1 = FOG OR MIST
DPTR FM NORMAL: 1.4 DPTR FM NORMAL: 0.29 2 = FOG REDUCING VISIBILITY
HIGHEST: 95 ON 11, 9 GRTST 24HR 1.63 ON 4- 5 TO 1/4 MILE OR LESS
LOWEST: 72 ON 9 3 = THUNDER
SNOW, ICE PELLETS, HAIL 4 = ICE PELLETS
TOTAL MONTH: 0.0 INCH 5 = HAIL
GRTST 24HR 0.0 6 = FREEZING RAIN OR DRIZZLE
GRTST DEPTH: 0 7 = DUSTSTORM OR SANDSTORM:
VSBY 1/2 MILE OR LESS
8 = SMOKE OR HAZE
[NO. OF DAYS WITH] [WEATHER - DAYS WITH] 9 = BLOWING SNOW
X = TORNADO
MAX 32 OR BELOW: 0 0.01 INCH OR MORE: 20
MAX 90 OR ABOVE: 27 0.10 INCH OR MORE: 16
MIN 32 OR BELOW: 0 0.50 INCH OR MORE: 6
MIN 0 OR BELOW: 0 1.00 INCH OR MORE: 2
[HDD (BASE 65) ]
TOTAL THIS MO. 0 CLEAR (SCALE 0-3) 1
DPTR FM NORMAL 0 PTCLDY (SCALE 4-7) 27
TOTAL FM JUL 1 0 CLOUDY (SCALE 8-10) 3
DPTR FM NORMAL 0
[CDD (BASE 65) ]
TOTAL THIS MO. 603
DPTR FM NORMAL 50 [PRESSURE DATA]
TOTAL FM JAN 1 3024 HIGHEST SLP 30.18 ON 9
DPTR FM NORMAL 631 LOWEST SLP 29.80 ON 3
[REMARKS]
#FINAL-08-20#