000
CXUS52 KMLB 010624
CF6MCO
PRELIMINARY LOCAL CLIMATOLOGICAL DATA (WS FORM: F-6)
STATION: ORLANDO INTL
MONTH: AUGUST
YEAR: 2023
LATITUDE: 28 25 N
LONGITUDE: 81 19 W
TEMPERATURE IN F: :PCPN: SNOW: WIND :SUNSHINE: SKY :PK WND
================================================================================
1 2 3 4 5 6A 6B 7 8 9 10 11 12 13 14 15 16 17 18
12Z AVG MX 2MIN
DY MAX MIN AVG DEP HDD CDD WTR SNW DPTH SPD SPD DIR MIN PSBL S-S WX SPD DR
================================================================================
1 94 73 84 1 0 19 0.00 0.0 0 5.3 15 120 M M 6 21 110
2 93 76 85 2 0 20 0.00 0.0 0 7.2 20 80 M M 5 27 70
3 92 78 85 2 0 20 T 0.0 0 7.6 16 100 M M 4 24 100
4 95 76 86 3 0 21 T 0.0 0 4.8 20 30 M M 4 3 28 30
5 96 78 87 4 0 22 0.00 0.0 0 4.1 22 280 M M 5 3 30 320
6 93 77 85 2 0 20 0.74 0.0 0 6.4 26 310 M M 5 138 37 310
7 98 79 89 6 0 24 0.00 0.0 0 4.7 13 300 M M 4 3 19 290
8 99 80 90 7 0 25 0.00 0.0 0 6.0 14 270 M M 5 3 19 220
9 99 81 90 7 0 25 0.00 0.0 0 6.8 14 170 M M 4 19 250
10 98 80 89 6 0 24 0.06 0.0 0 6.3 23 280 M M 6 3 30 260
11 99 79 89 6 0 24 0.00 0.0 0 4.3 18 190 M M 4 3 24 180
12 100 79 90 7 0 25 0.00 0.0 0 5.3 18 100 M M 7 3 25 90
13 96 78 87 4 0 22 0.00 0.0 0 6.0 12 170 M M 6 19 120
14 96 78 87 4 0 22 0.00 0.0 0 7.5 18 220 M M 4 3 26 180
15 97 76 87 4 0 22 1.09 0.0 0 6.1 36 290 M M 5 138 53 280
16 95 77 86 3 0 21 0.32 0.0 0 5.7 35 260 M M 7 138 48 270
17 94 75 85 2 0 20 1.63 0.0 0 6.9 35 280 M M 8 123 47 260
18 92 75 84 1 0 19 T 0.0 0 5.7 24 280 M M 6 3 35 260
19 94 76 85 2 0 20 T 0.0 0 5.8 18 120 M M 6 25 130
20 89 78 84 1 0 19 0.03 0.0 0 8.6 23 140 M M 7 13 34 150
21 93 79 86 3 0 21 0.00 0.0 0 10.7 20 60 M M 3 33 70
22 94 77 86 3 0 21 0.00 0.0 0 7.9 16 50 M M 1 22 70
23 94 77 86 4 0 21 0.00 0.0 0 6.7 16 70 M M 4 21 70
24 93 78 86 4 0 21 T 0.0 0 10.3 21 70 M M 4 26 50
25 93 76 85 3 0 20 0.00 0.0 0 8.2 16 50 M M 3 22 60
26 94 77 86 4 0 21 0.00 0.0 0 6.7 16 70 M M 3 23 70
27 93 76 85 3 0 20 0.49 0.0 0 5.9 16 90 M M 4 138 25 70
28 94 78 86 4 0 21 0.00 0.0 0 6.9 20 150 M M 5 3 26 150
29 93 77 85 3 0 20 0.02 0.0 0 8.3 24 200 M M 8 13 34 200
30 85 78 82 0 0 17 2.54 0.0 0 15.4 30 200 M M 9 138 41 170
31 91 76 84 2 0 19 1.23 0.0 0 5.2 32 300 M M 6 138 50 300
================================================================================
SM 2926 2398 0 656 8.15 0.0 213.3 M 158
================================================================================
AV 94.4 77.4 6.9 FASTST M M 5 MAX(MPH)
MISC ----> 36 290 53 280
================================================================================
NOTES:
# LAST OF SEVERAL OCCURRENCES
COLUMN 17 PEAK WIND IN M.P.H.
PRELIMINARY LOCAL CLIMATOLOGICAL DATA (WS FORM: F-6) , PAGE 2
STATION: ORLANDO INTL
MONTH: AUGUST
YEAR: 2023
LATITUDE: 28 25 N
LONGITUDE: 81 19 W
[TEMPERATURE DATA] [PRECIPITATION DATA] SYMBOLS USED IN COLUMN 16
AVERAGE MONTHLY: 85.9 TOTAL FOR MONTH: 8.15 1 = FOG OR MIST
DPTR FM NORMAL: 3.3 DPTR FM NORMAL: 0.46 2 = FOG REDUCING VISIBILITY
HIGHEST: 100 ON 12 GRTST 24HR 2.56 ON 29-30 TO 1/4 MILE OR LESS
LOWEST: 73 ON 1 3 = THUNDER
SNOW, ICE PELLETS, HAIL 4 = ICE PELLETS
TOTAL MONTH: 0.0 INCH 5 = HAIL
GRTST 24HR 0.0 6 = FREEZING RAIN OR DRIZZLE
GRTST DEPTH: 0 7 = DUSTSTORM OR SANDSTORM:
VSBY 1/2 MILE OR LESS
8 = SMOKE OR HAZE
[NO. OF DAYS WITH] [WEATHER - DAYS WITH] 9 = BLOWING SNOW
X = TORNADO
MAX 32 OR BELOW: 0 0.01 INCH OR MORE: 10
MAX 90 OR ABOVE: 29 0.10 INCH OR MORE: 7
MIN 32 OR BELOW: 0 0.50 INCH OR MORE: 5
MIN 0 OR BELOW: 0 1.00 INCH OR MORE: 4
[HDD (BASE 65) ]
TOTAL THIS MO. 0 CLEAR (SCALE 0-3) 4
DPTR FM NORMAL 0 PTCLDY (SCALE 4-7) 26
TOTAL FM JUL 1 0 CLOUDY (SCALE 8-10) 1
DPTR FM NORMAL 0
[CDD (BASE 65) ]
TOTAL THIS MO. 656
DPTR FM NORMAL 109 [PRESSURE DATA]
TOTAL FM JAN 1 3061 HIGHEST SLP M ON M
DPTR FM NORMAL 635 LOWEST SLP 29.64 ON 30
[REMARKS]
#FINAL-08-23#