000
CXUS54 KMAF 011210
CF6MDD
PRELIMINARY LOCAL CLIMATOLOGICAL DATA (WS FORM: F-6)
STATION: MIDLAND AIRPARK
MONTH: NOVEMBER
YEAR: 2020
LATITUDE: 32 2 N
LONGITUDE: 102 6 W
TEMPERATURE IN F: :PCPN: SNOW: WIND :SUNSHINE: SKY :PK WND
================================================================================
1 2 3 4 5 6A 6B 7 8 9 10 11 12 13 14 15 16 17 18
12Z AVG MX 2MIN
DY MAX MIN AVG DEP HDD CDD WTR SNW DPTH SPD SPD DIR MIN PSBL S-S WX SPD DR
================================================================================
1 72 51 62 M 3 0 M M M 10.4 20 70 M M 0 25 60
2 74 42 58 M 7 0 M M M 7.0 15 170 M M 0 17 170
3 78 47 63 M 2 0 M M M 10.2 15 170 M M 0 21 200
4 84 54 69 M 0 4 M M M 10.7 14 190 M M 0 21 190
5 85 47 66 M 0 1 M M M 6.3 14 40 M M 0 M M
6 80 45 63 M 2 0 M M M 5.5 13 170 M M 0 20 150
7 76 53 65 M 0 0 M M M 13.7 21 160 M M 0 26 160
8 81 58 70 M 0 5 M M M 16.4 23 170 M M 0 31 190
9 84 62 73 M 0 8 M M M 15.2 20 180 M M 1 28 180
10 69 46 58 M 7 0 M M M 9.5 20 330 M M 0 25 330
11 74 42 58 M 7 0 M M M 4.0 9 190 M M 0 M M
12 78 44 61 M 4 0 M M M 4.2 9 220 M M 1 M M
13 60 49 55 M 10 0 M M M 9.0 20 60 M M 9 24 80
14 81 54 68 M 0 3 M M M 11.4 26 250 M M 4 8 36 240
15 64 41 53 M 12 0 M M M 7.9 17 330 M M 0 8 25 330
16 78 39 59 M 6 0 M M M 5.5 10 190 M M 0 M M
17 74 40 57 M 8 0 M M M 7.3 17 140 M M 0 21 140
18 75 46 61 M 4 0 M M M 12.7 21 180 M M 0 28 170
19 80 55 68 M 0 3 M M M 12.3 16 200 M M 0 21 180
20 81 55 68 M 0 3 M M M 7.0 17 190 M M 0 21 190
21 74 47 61 M 4 0 M M M 7.5 14 150 M M 2 20 120
22 58 48 53 M 12 0 M M M 10.8 17 60 M M 7 1 24 60
23 70 47 59 M 6 0 M M M 12.8 22 170 M M 7 1 30 180
24 78 45 62 M 3 0 M M M 15.9 29 260 M M 2 8 41 260
25 67 34 51 M 14 0 M M M 7.1 13 340 M M 0 M M
26 78 48 63 M 2 0 M M M 7.9 17 270 M M 0 22 270
27 57 45 51 M 14 0 M M M 14.6 22 60 M M 6 29 60
28 55 41 48 M 17 0 0.12 M M 8.2 15 70 M M 6 8 M M
29 53 31 42 M 23 0 M M M 8.9 16 20 M M 6 12 24 30
30 53 26 40 M 25 0 M M M 5.5 9 190 M M 0 M M
================================================================================
SM 2171 1382 192 27 0.12 M 284.9 M 51
================================================================================
AV 72.4 46.1 9.5 FASTST M M 2 MAX(MPH)
MISC ----> 29 260 41 260
================================================================================
NOTES:
# LAST OF SEVERAL OCCURRENCES
COLUMN 17 PEAK WIND IN M.P.H.
PRELIMINARY LOCAL CLIMATOLOGICAL DATA (WS FORM: F-6) , PAGE 2
STATION: MIDLAND AIRPARK
MONTH: NOVEMBER
YEAR: 2020
LATITUDE: 32 2 N
LONGITUDE: 102 6 W
[TEMPERATURE DATA] [PRECIPITATION DATA] SYMBOLS USED IN COLUMN 16
AVERAGE MONTHLY: 59.2 TOTAL FOR MONTH: 0.12 1 = FOG OR MIST
DPTR FM NORMAL: 0.0 DPTR FM NORMAL: M 2 = FOG REDUCING VISIBILITY
HIGHEST: 85 ON 5 GRTST 24HR 0.12 ON 28-28 TO 1/4 MILE OR LESS
LOWEST: 26 ON 30 3 = THUNDER
SNOW, ICE PELLETS, HAIL 4 = ICE PELLETS
TOTAL MONTH: M 5 = HAIL
GRTST 24HR M ON M 6 = FREEZING RAIN OR DRIZZLE
GRTST DEPTH: M ON M 7 = DUSTSTORM OR SANDSTORM:
VSBY 1/2 MILE OR LESS
8 = SMOKE OR HAZE
[NO. OF DAYS WITH] [WEATHER - DAYS WITH] 9 = BLOWING SNOW
X = TORNADO
MAX 32 OR BELOW: 0 0.01 INCH OR MORE: 1
MAX 90 OR ABOVE: 0 0.10 INCH OR MORE: 1
MIN 32 OR BELOW: 2 0.50 INCH OR MORE: 0
MIN 0 OR BELOW: 0 1.00 INCH OR MORE: 0
[HDD (BASE 65) ]
TOTAL THIS MO. 192 CLEAR (SCALE 0-3) 23
DPTR FM NORMAL M PTCLDY (SCALE 4-7) 6
TOTAL FM JUL 1 359 CLOUDY (SCALE 8-10) 1
DPTR FM NORMAL M
[CDD (BASE 65) ]
TOTAL THIS MO. 27
DPTR FM NORMAL M [PRESSURE DATA]
TOTAL FM JAN 1 3053 HIGHEST SLP M ON M
DPTR FM NORMAL M LOWEST SLP M ON M
[REMARKS]
#FINAL-11-20#