000
CXUS51 KCTP 010800
CF6MDT
PRELIMINARY LOCAL CLIMATOLOGICAL DATA (WS FORM: F-6)
STATION: HARRISBURG PA
MONTH: JULY
YEAR: 2022
LATITUDE: 40 11 N
LONGITUDE: 76 46 W
TEMPERATURE IN F: :PCPN: SNOW: WIND :SUNSHINE: SKY :PK WND
================================================================================
1 2 3 4 5 6A 6B 7 8 9 10 11 12 13 14 15 16 17 18
12Z AVG MX 2MIN
DY MAX MIN AVG DEP HDD CDD WTR SNW DPTH SPD SPD DIR MIN PSBL S-S WX SPD DR
================================================================================
1 91 69 80 4 0 15 0.00 0.0 0 5.7 18 230 M M 5 3 26 220
2 89 75 82 5 0 17 T 0.0 0 6.4 21 220 M M 8 27 220
3 87 70 79 2 0 14 0.00 0.0 0 6.1 15 300 M M 5 19 290
4 87 62 75 -2 0 10 0.00 0.0 0 2.9 9 200 M M 3 12 280
5 84 70 77 0 0 12 0.03 0.0 0 5.2 15 190 M M 7 21 190
6 89 74 82 5 0 17 T 0.0 0 6.7 17 270 M M 7 21 280
7 84 69 77 0 0 12 0.13 0.0 0 3.8 9 150 M M 8 1 11 90
8 89 71 80 3 0 15 T 0.0 0 3.9 13 220 M M 8 15 220
9 80 69 75 -2 0 10 T 0.0 0 5.1 13 200 M M 8 16 200
10 86 62 74 -4 0 9 0.00 0.0 0 5.5 13 180 M M 3 16 190
11 87 65 76 -2 0 11 0.00 0.0 0 6.6 16 210 M M 2 21 210
12 92 68 80 2 0 15 T 0.0 0 8.0 20 220 M M 5 3 26 230
13 91 69 80 2 0 15 0.28 0.0 0 4.6 20 280 M M 5 26 260
14 87 69 78 0 0 13 0.00 0.0 0 7.8 14 290 M M 4 16 280
15 88 67 78 0 0 13 0.00 0.0 0 3.8 10 70 M M 3 14 20
16 83 68 76 -2 0 11 0.51 0.0 0 5.3 25 150 M M 9 138 31 160
17 81 69 75 -3 0 10 1.29 0.0 0 2.8 17 90 M M 10 138 21 330
18 86 71 79 1 0 14 0.41 0.0 0 5.8 16 270 M M 8 13 22 280
19 90 70 80 2 0 15 0.00 0.0 0 6.9 15 290 M M 2 19 280
20 93 70 82 4 0 17 0.00 0.0 0 4.8 14 190 M M 2 18 190
21 93 77 85 7 0 20 0.00 0.0 0 8.4 21 280 M M 4 26 280
22 93 76 85 7 0 20 0.00 0.0 0 7.5 16 260 M M 3 21 220
23 96 75 86 9 0 21 T 0.0 0 5.7 24 290 M M 5 29 280
24 95 72 84 7 0 19 0.00 0.0 0 4.5 15 230 M M 6 20 220
25 88 76 82 5 0 17 0.02 0.0 0 9.5 17 220 M M 8 25 220
26 80 71 76 -1 0 11 0.00 0.0 0 4.5 12 210 M M 8 15 200
27 85 72 79 2 0 14 T 0.0 0 3.2 17 300 M M 9 21 290
28 91 73 82 5 0 17 0.04 0.0 0 4.0 17 310 M M 6 22 210
29 79 71 75 -2 0 10 0.10 0.0 0 2.4 17 270 M M 8 21 260
30 88 66 77 0 0 12 0.00 0.0 0 6.9 18 290 M M 4 18 22 300
31 86 66 76 -1 0 11 0.52 0.0 0 3.9 21 230 M M 8 1 26 220
================================================================================
SM 2718 2172 0 437 3.33 0.0 168.2 M 181
================================================================================
AV 87.7 70.1 5.4 FASTST M M 6 MAX(MPH)
MISC ----> 25 150 31 160
================================================================================
NOTES:
# LAST OF SEVERAL OCCURRENCES
COLUMN 17 PEAK WIND IN M.P.H.
PRELIMINARY LOCAL CLIMATOLOGICAL DATA (WS FORM: F-6) , PAGE 2
STATION: HARRISBURG PA
MONTH: JULY
YEAR: 2022
LATITUDE: 40 11 N
LONGITUDE: 76 46 W
[TEMPERATURE DATA] [PRECIPITATION DATA] SYMBOLS USED IN COLUMN 16
AVERAGE MONTHLY: 78.9 TOTAL FOR MONTH: 3.33 1 = FOG OR MIST
DPTR FM NORMAL: 1.6 DPTR FM NORMAL: -1.41 2 = FOG REDUCING VISIBILITY
HIGHEST: 96 ON 23 GRTST 24HR 1.70 ON 17-18 TO 1/4 MILE OR LESS
LOWEST: 62 ON 10, 4 3 = THUNDER
SNOW, ICE PELLETS, HAIL 4 = ICE PELLETS
TOTAL MONTH: 0.0 INCH 5 = HAIL
GRTST 24HR 0.0 6 = FREEZING RAIN OR DRIZZLE
GRTST DEPTH: 0 7 = DUSTSTORM OR SANDSTORM:
VSBY 1/2 MILE OR LESS
8 = SMOKE OR HAZE
[NO. OF DAYS WITH] [WEATHER - DAYS WITH] 9 = BLOWING SNOW
X = TORNADO
MAX 32 OR BELOW: 0 0.01 INCH OR MORE: 10
MAX 90 OR ABOVE: 10 0.10 INCH OR MORE: 7
MIN 32 OR BELOW: 0 0.50 INCH OR MORE: 3
MIN 0 OR BELOW: 0 1.00 INCH OR MORE: 1
[HDD (BASE 65) ]
TOTAL THIS MO. 0 CLEAR (SCALE 0-3) 4
DPTR FM NORMAL 0 PTCLDY (SCALE 4-7) 22
TOTAL FM JUL 1 0 CLOUDY (SCALE 8-10) 5
DPTR FM NORMAL 0
[CDD (BASE 65) ]
TOTAL THIS MO. 437
DPTR FM NORMAL 56 [PRESSURE DATA]
TOTAL FM JAN 1 771 HIGHEST SLP 30.21 ON 4
DPTR FM NORMAL 69 LOWEST SLP 29.61 ON 21
[REMARKS]
#FINAL-07-22#