000
CXUS51 KCTP 010900
CF6MDT
PRELIMINARY LOCAL CLIMATOLOGICAL DATA (WS FORM: F-6)
STATION: HARRISBURG PA
MONTH: JANUARY
YEAR: 2024
LATITUDE: 40 11 N
LONGITUDE: 76 46 W
TEMPERATURE IN F: :PCPN: SNOW: WIND :SUNSHINE: SKY :PK WND
================================================================================
1 2 3 4 5 6A 6B 7 8 9 10 11 12 13 14 15 16 17 18
12Z AVG MX 2MIN
DY MAX MIN AVG DEP HDD CDD WTR SNW DPTH SPD SPD DIR MIN PSBL S-S WX SPD DR
================================================================================
1 41 37 39 7 26 0 0.06 0.0 0 4.0 10 330 M M 10 1 13 30
2 43 30 37 5 28 0 T 0.0 0 9.7 20 300 M M 5 24 300
3 45 28 37 5 28 0 0.00 0.0 0 4.1 12 290 M M 6 15 290
4 43 29 36 4 29 0 0.00 0.0 0 11.2 25 320 M M 7 35 310
5 38 25 32 0 33 0 0.00 0.0 0 5.6 15 340 M M 4 19 340
6 36 24 30 -2 35 0 1.00 3.3 0 6.2 20 100 M M 10 128 26 100
7 41 35 38 7 27 0 0.05 T 2 8.6 18 310 M M 10 18 25 310
8 46 28 37 6 28 0 0.00 0.0 1 8.1 17 320 M M 7 26 10
9 59 30 45 14 20 0 1.58 0.0 0 11.8 32 130 M M 10 18 43 130
10 59 42 51 20 14 0 T 0.0 0 16.8 30 270 M M 9 43 280
11 50 35 43 12 22 0 0.00 0.0 0 8.3 18 190 M M 6 26 190
12 49 28 39 8 26 0 0.71 0.0 0 9.2 25 130 M M 6 1 33 140
13 49 34 42 11 23 0 0.33 0.0 0 14.0 38 270 M M 8 12 53 280
14 38 24 31 0 34 0 T T 0 15.3 39 280 M M 4 8 59 280
15 28 25 27 -3 38 0 0.07 0.8 0 4.2 12 280 M M 10 18 14 290
16 28 18 23 -7 42 0 0.23 2.3 3 11.2 33 300 M M 8 18 40 300
17 27 14 21 -9 44 0 0.00 0.0 3 12.5 24 280 M M 0 36 260
18 33 14 24 -6 41 0 0.00 0.0 2 3.5 15 220 M M 8 20 230
19 28 24 26 -4 39 0 0.21 2.9 2 5.9 15 320 M M 10 18 18 310
20 24 18 21 -9 44 0 T 0.4 5 19.2 30 310 M M 7 18 40 320
21 32 22 27 -3 38 0 0.00 0.0 3 15.6 26 320 M M 5 37 300
22 34 15 25 -5 40 0 0.00 0.0 2 4.5 13 300 M M 4 16 320
23 44 28 36 6 29 0 0.00 0.0 1 1.6 8 110 M M 8 12 50
24 42 36 39 9 26 0 0.07 0.0 1 1.9 8 100 M M 10 128 13 80
25 49 37 43 13 22 0 0.27 0.0 0 1.2 8 310 M M 10 12 10 340
26 51 38 45 15 20 0 0.13 0.0 0 3.5 9 330 M M 9 12 12 340
27 52 35 44 14 21 0 0.02 0.0 0 2.7 10 110 M M 8 13 110
28 44 39 42 12 23 0 1.09 0.0 0 7.1 17 120 M M 10 1 22 120
29 44 38 41 11 24 0 0.00 0.0 0 13.6 24 330 M M 9 34 330
30 39 35 37 6 28 0 0.00 0.0 0 8.0 16 130 M M 10 21 120
31 42 29 36 5 29 0 0.00 0.0 0 3.1 8 310 M M 8 1 12 80
================================================================================
SM 1278 894 921 0 5.82 9.7 252.2 M 236
================================================================================
AV 41.2 28.8 8.1 FASTST M M 8 MAX(MPH)
MISC ----> 39 280 59 280
================================================================================
NOTES:
# LAST OF SEVERAL OCCURRENCES
COLUMN 17 PEAK WIND IN M.P.H.
PRELIMINARY LOCAL CLIMATOLOGICAL DATA (WS FORM: F-6) , PAGE 2
STATION: HARRISBURG PA
MONTH: JANUARY
YEAR: 2024
LATITUDE: 40 11 N
LONGITUDE: 76 46 W
[TEMPERATURE DATA] [PRECIPITATION DATA] SYMBOLS USED IN COLUMN 16
AVERAGE MONTHLY: 35.0 TOTAL FOR MONTH: 5.82 1 = FOG OR MIST
DPTR FM NORMAL: 4.2 DPTR FM NORMAL: 2.79 2 = FOG REDUCING VISIBILITY
HIGHEST: 59 ON 10, 9 GRTST 24HR 2.07 ON 9-10 TO 1/4 MILE OR LESS
LOWEST: 14 ON 18,17 3 = THUNDER
SNOW, ICE PELLETS, HAIL 4 = ICE PELLETS
TOTAL MONTH: 9.7 INCHES 5 = HAIL
GRTST 24HR 3.3 ON 6- 6 6 = FREEZING RAIN OR DRIZZLE
GRTST DEPTH: 5 ON 20 7 = DUSTSTORM OR SANDSTORM:
VSBY 1/2 MILE OR LESS
8 = SMOKE OR HAZE
[NO. OF DAYS WITH] [WEATHER - DAYS WITH] 9 = BLOWING SNOW
X = TORNADO
MAX 32 OR BELOW: 6 0.01 INCH OR MORE: 14
MAX 90 OR ABOVE: 0 0.10 INCH OR MORE: 9
MIN 32 OR BELOW: 19 0.50 INCH OR MORE: 4
MIN 0 OR BELOW: 0 1.00 INCH OR MORE: 3
[HDD (BASE 65) ]
TOTAL THIS MO. 921 CLEAR (SCALE 0-3) 1
DPTR FM NORMAL -139 PTCLDY (SCALE 4-7) 16
TOTAL FM JUL 1 2509 CLOUDY (SCALE 8-10) 14
DPTR FM NORMAL -414
[CDD (BASE 65) ]
TOTAL THIS MO. 0
DPTR FM NORMAL 0 [PRESSURE DATA]
TOTAL FM JAN 1 0 HIGHEST SLP 30.61 ON 22
DPTR FM NORMAL 0 LOWEST SLP 29.03 ON 10
[REMARKS]
#FINAL-01-24#