000
CXUS54 KLZK 011130
CF6MEZ
PRELIMINARY LOCAL CLIMATOLOGICAL DATA (WS FORM: F-6)
STATION: MENA AIRPORT
MONTH: APRIL
YEAR: 2022
LATITUDE: 34 9 N
LONGITUDE: 94 15 W
TEMPERATURE IN F: :PCPN: SNOW: WIND :SUNSHINE: SKY :PK WND
================================================================================
1 2 3 4 5 6A 6B 7 8 9 10 11 12 13 14 15 16 17 18
12Z AVG MX 2MIN
DY MAX MIN AVG DEP HDD CDD WTR SNW DPTH SPD SPD DIR MIN PSBL S-S WX SPD DR
================================================================================
1 68 30 49 -5 16 0 0.00 M M 2.0 7 100 M M 1 M M
2 72 45 59 4 6 0 0.05 M M 2.2 9 30 M M 4 M M
3 77 37 57 2 8 0 0.00 M M 2.3 8 140 M M 0 16 150
4 77 55 66 11 0 1 0.70 M M 2.6 8 110 M M 4 3 16 210
5 77 52 65 9 0 0 0.59 M M 3.7 12 90 M M 4 3 20 90
6 75 52 64 8 1 0 0.00 M M 10.3 17 300 M M 4 29 300
7 61 45 53 -3 12 0 0.00 M M 13.5 27 270 M M 3 35 270
8 57 32 45 -11 20 0 0.00 M M 12.1 22 280 M M 3 33 290
9 73 30 52 -5 13 0 0.00 M M 3.9 9 240 M M 0 23 230
10 81 61 71 14 0 6 0.00 M M 8.1 13 220 M M 2 25 220
11 77 63 70 13 0 5 0.14 M M 3.2 8 210 M M 8 18 200
12 73 70 72 14 0 7 0.00 M M 5.2 12 130 M M 9 22 210
13 70 43 57 -1 8 0 1.83 M M 7.2 15 290 M M 5 3 24 290
14 72 34 53 -5 12 0 0.00 M M 0.7 3 120 M M 0 M M
15 73 41 57 -1 8 0 0.00 M M 3.0 9 220 M M 6 17 220
16 70 55 63 4 2 0 0.41 M M 5.9 14 80 M M 10 17 330
17 55 50 53 -6 12 0 0.14 M M 6.6 13 80 M M 10 3 M M
18 66 43 55 -4 10 0 0.00 M M 5.3 14 20 M M 4 16 10
19 68 36 52 -7 13 0 0.08 M M 3.6 10 80 M M 1 20 110
20 72 52 62 2 3 0 1.39 M M 5.6 10 290 M M 9 3 25 190
21 79 70 75 15 0 10 0.04 M M 2.8 7 220 M M 9 M M
22 81 70 76 16 0 11 0.00 M M 5.7 9 130 M M 5 23 130
23 81 68 75 15 0 10 0.00 M M 6.1 12 140 M M 5 24 220
24 77 63 70 9 0 5 3.53 M M 4.5 13 310 M M 7 3 25 230
25 70 50 60 -1 5 0 0.82 M M 5.0 13 60 M M 4 3 17 60
26 72 45 59 -2 6 0 0.00 M M 1.6 8 30 M M 0 M M
27 73 39 56 -6 9 0 0.00 M M 2.0 8 100 M M 0 9 70
28 81 46 64 2 1 0 0.00 M M 2.2 8 210 M M 6 M M
29 81 64 73 11 0 8 0.00 M M 4.6 9 210 M M 8 17 190
30 81 50 66 4 0 1 0.00 M M 6.8 14 270 M M 5 20 270
================================================================================
SM 2190 1491 165 64 9.72 M 148.3 M 136
================================================================================
AV 73.0 49.7 4.9 FASTST M M 5 MAX(MPH)
MISC ----> 27 270 35 270
================================================================================
NOTES:
# LAST OF SEVERAL OCCURRENCES
COLUMN 17 PEAK WIND IN M.P.H.
PRELIMINARY LOCAL CLIMATOLOGICAL DATA (WS FORM: F-6) , PAGE 2
STATION: MENA AIRPORT
MONTH: APRIL
YEAR: 2022
LATITUDE: 34 9 N
LONGITUDE: 94 15 W
[TEMPERATURE DATA] [PRECIPITATION DATA] SYMBOLS USED IN COLUMN 16
AVERAGE MONTHLY: 61.4 TOTAL FOR MONTH: 9.72 1 = FOG OR MIST
DPTR FM NORMAL: 2.8 DPTR FM NORMAL: 4.29 2 = FOG REDUCING VISIBILITY
HIGHEST: 81 ON 30,29 GRTST 24HR 3.53 ON 24-24 TO 1/4 MILE OR LESS
LOWEST: 30 ON 1, 9 3 = THUNDER
SNOW, ICE PELLETS, HAIL 4 = ICE PELLETS
TOTAL MONTH: M 5 = HAIL
GRTST 24HR M ON M 6 = FREEZING RAIN OR DRIZZLE
GRTST DEPTH: M ON M 7 = DUSTSTORM OR SANDSTORM:
VSBY 1/2 MILE OR LESS
8 = SMOKE OR HAZE
[NO. OF DAYS WITH] [WEATHER - DAYS WITH] 9 = BLOWING SNOW
X = TORNADO
MAX 32 OR BELOW: 0 0.01 INCH OR MORE: 12
MAX 90 OR ABOVE: 0 0.10 INCH OR MORE: 9
MIN 32 OR BELOW: 3 0.50 INCH OR MORE: 6
MIN 0 OR BELOW: 0 1.00 INCH OR MORE: 3
[HDD (BASE 65) ]
TOTAL THIS MO. 165 CLEAR (SCALE 0-3) 9
DPTR FM NORMAL -57 PTCLDY (SCALE 4-7) 16
TOTAL FM JUL 1 2070 CLOUDY (SCALE 8-10) 5
DPTR FM NORMAL -1502
[CDD (BASE 65) ]
TOTAL THIS MO. 64
DPTR FM NORMAL 38 [PRESSURE DATA]
TOTAL FM JAN 1 70 HIGHEST SLP M ON M
DPTR FM NORMAL 38 LOWEST SLP M ON M
[REMARKS]
#FINAL-04-22#