842
CXUS54 KLZK 011230
CF6MEZ
PRELIMINARY LOCAL CLIMATOLOGICAL DATA (WS FORM: F-6)
STATION: MENA AIRPORT
MONTH: DECEMBER
YEAR: 2020
LATITUDE: 34 9 N
LONGITUDE: 94 15 W
TEMPERATURE IN F: :PCPN: SNOW: WIND :SUNSHINE: SKY :PK WND
================================================================================
1 2 3 4 5 6A 6B 7 8 9 10 11 12 13 14 15 16 17 18
12Z AVG MX 2MIN
DY MAX MIN AVG DEP HDD CDD WTR SNW DPTH SPD SPD DIR MIN PSBL S-S WX SPD DR
================================================================================
1 55 19 37 -7 28 0 0.00 M M 1.2 8 240 M M 0 M M
2 43 30 37 -7 28 0 1.23 M M 3.0 9 90 M M 8 M M
3 45 41 43 0 22 0 0.03 M M 3.5 8 290 M M 10 M M
4 54 32 43 0 22 0 0.01 M M 5.0 12 290 M M 4 17 290
5 64 30 47 4 18 0 0.00 M M 2.9 8 290 M M 0 M M
6 59 34 47 5 18 0 0.00 M M 2.9 9 290 M M 2 M M
7 59 32 46 4 19 0 0.00 M M 3.7 10 280 M M 0 M M
8 68 32 50 8 15 0 0.00 M M 3.1 8 290 M M 0 M M
9 73 32 53 11 12 0 0.00 M M 1.8 8 240 M M 0 M M
10 72 32 52 11 13 0 0.00 0.0 0 1.1 6 210 M M 0 M M
11 63 45 54 13 11 0 0.40 M M 5.0 16 280 M M 7 23 280
12 46 30 38 -3 27 0 M M M 3.5 10 270 M M 0 M M
13 37 30 34 -6 31 0 1.06 M M 4.5 12 70 M M 9 17 50
14 45 27 36 -4 29 0 0.02 M M 2.8 9 60 M M 1 12 50
15 34 23 29 -11 36 0 M M M 2.8 8 60 M M 8 M M
16 37 32 35 -5 30 0 M M M 5.1 12 290 M M 10 16 290
17 54 27 41 1 24 0 0.00 M M 2.2 8 280 M M 0 M M
18 55 28 42 2 23 0 0.00 M M 2.5 7 170 M M 2 M M
19 52 34 43 3 22 0 0.13 M M 0.6 6 240 M M 10 M M
20 59 30 45 6 20 0 M M M 3.1 12 290 M M 0 M M
21 66 30 48 9 17 0 M M M 3.4 14 260 M M 0 20 260
22 66 32 49 10 16 0 M M M 3.3 10 140 M M 1 22 170
23 68 34 51 12 14 0 M M M 10.9 24 280 M M 6 35 290
24 41 23 32 -7 33 0 M M M 9.3 17 280 M M 2 28 290
25 50 23 37 -2 28 0 M M M 4.7 13 320 M M 0 18 310
26 64 36 50 11 15 0 M M M 4.9 10 260 M M 0 20 260
27 68 41 55 16 10 0 M M M 8.2 15 250 M M 3 32 220
28 57 32 45 6 20 0 M M M 3.9 9 60 M M 1 M M
29 46 41 44 5 21 0 0.05 M M 6.6 10 70 M M 9 16 90
30 59 39 49 11 16 0 2.64 M M 5.5 10 40 M M 10 17 0
31 41 36 39 1 26 0 2.02 M M 10.1 16 90 M M 10 22 90
================================================================================
SM 1700 987 664 0 7.59 0.0 130.9 M 113
================================================================================
AV 54.8 31.8 4.2 FASTST M M 4 MAX(MPH)
MISC ----> 24 280 35 290
================================================================================
NOTES:
# LAST OF SEVERAL OCCURRENCES
COLUMN 17 PEAK WIND IN M.P.H.
PRELIMINARY LOCAL CLIMATOLOGICAL DATA (WS FORM: F-6) , PAGE 2
STATION: MENA AIRPORT
MONTH: DECEMBER
YEAR: 2020
LATITUDE: 34 9 N
LONGITUDE: 94 15 W
[TEMPERATURE DATA] [PRECIPITATION DATA] SYMBOLS USED IN COLUMN 16
AVERAGE MONTHLY: 43.3 TOTAL FOR MONTH: 7.59 1 = FOG OR MIST
DPTR FM NORMAL: 2.9 DPTR FM NORMAL: 2.42 2 = FOG REDUCING VISIBILITY
HIGHEST: 73 ON 9 GRTST 24HR 2.64 ON 30-30 TO 1/4 MILE OR LESS
LOWEST: 19 ON 1 3 = THUNDER
SNOW, ICE PELLETS, HAIL 4 = ICE PELLETS
TOTAL MONTH: 0.0 INCH 5 = HAIL
GRTST 24HR 0.0 6 = FREEZING RAIN OR DRIZZLE
GRTST DEPTH: 0 7 = DUSTSTORM OR SANDSTORM:
VSBY 1/2 MILE OR LESS
8 = SMOKE OR HAZE
[NO. OF DAYS WITH] [WEATHER - DAYS WITH] 9 = BLOWING SNOW
X = TORNADO
MAX 32 OR BELOW: 0 0.01 INCH OR MORE: 10
MAX 90 OR ABOVE: 0 0.10 INCH OR MORE: 6
MIN 32 OR BELOW: 21 0.50 INCH OR MORE: 4
MIN 0 OR BELOW: 0 1.00 INCH OR MORE: 4
[HDD (BASE 65) ]
TOTAL THIS MO. 664 CLEAR (SCALE 0-3) 18
DPTR FM NORMAL -99 PTCLDY (SCALE 4-7) 5
TOTAL FM JUL 1 1212 CLOUDY (SCALE 8-10) 8
DPTR FM NORMAL -228
[CDD (BASE 65) ]
TOTAL THIS MO. 0
DPTR FM NORMAL -1 [PRESSURE DATA]
TOTAL FM JAN 1 1706 HIGHEST SLP M ON M
DPTR FM NORMAL 188 LOWEST SLP M ON M
[REMARKS]
#FINAL-12-20#