000
CXUS51 KCLE 051742
CF6MFD
PRELIMINARY LOCAL CLIMATOLOGICAL DATA (WS FORM: F-6)
STATION: MANSFIELD OH
MONTH: FEBRUARY
YEAR: 2020
LATITUDE: 40 49 N
LONGITUDE: 82 31 W
TEMPERATURE IN F: :PCPN: SNOW: WIND :SUNSHINE: SKY :PK WND
================================================================================
1 2 3 4 5 6A 6B 7 8 9 10 11 12 13 14 15 16 17 18
12Z AVG MX 2MIN
DY MAX MIN AVG DEP HDD CDD WTR SNW DPTH SPD SPD DIR MIN PSBL S-S WX SPD DR
================================================================================
1 35 30 33 7 32 0 0.04 0.4 0 6.1 17 260 M M 10 18 27 270
2 55 33 44 18 21 0 0.00 0.0 0 14.9 29 230 M M 4 43 260
3 61 32 47 21 18 0 0.00 0.0 0 11.5 23 200 M M 1 1 29 190
4 59 31 45 19 20 0 0.35 0.0 0 12.3 22 200 M M 10 16 28 210
5 33 27 30 3 35 0 0.22 T 0 12.0 18 80 M M 10 16 24 30
6 32 27 30 3 35 0 0.11 T T 9.5 16 350 M M 9 126 21 50
7 30 24 27 0 38 0 0.09 0.9 1 9.4 16 300 M M 8 18 23 310
8 33 21 27 0 38 0 T T 1 7.9 14 190 M M 9 18 16 190
9 38 27 33 6 32 0 0.18 0.5 1 14.1 35 160 M M 9 18 44 160
10 42 33 38 11 27 0 0.16 0.0 0 8.8 26 200 M M 10 12 36 220
11 40 30 35 7 30 0 0.00 0.0 0 6.7 15 250 M M 9 1 22 320
12 35 24 30 2 35 0 0.43 2.0 0 7.1 18 160 M M 4 168 21 160
13 33 21 27 -1 38 0 0.10 0.9 2 10.3 18 330 M M 10 1268 23 320
14 21 7 14 -14 51 0 0.01 T 3 7.1 21 320 M M 4 18 23 330
15 38 5 22 -6 43 0 0.00 0.0 3 14.5 24 200 M M 4 31 170
16 43 29 36 8 29 0 0.00 0.0 2 7.9 16 220 M M 5 22 210
17 44 23 34 5 31 0 0.10 0.0 1 8.1 16 110 M M 4 18 19 110
18 49 30 40 11 25 0 0.23 0.0 0 11.3 20 240 M M 8 1 29 190
19 35 25 30 1 35 0 0.00 0.0 0 7.5 15 310 M M 1 19 310
20 27 14 21 -8 44 0 T T 0 8.4 15 340 M M 5 8 24 350
21 33 13 23 -7 42 0 0.00 0.0 0 8.4 16 210 M M 0 22 220
22 46 24 35 5 30 0 0.00 0.0 0 12.7 23 220 M M 0 30 210
23 50 27 39 9 26 0 0.00 0.0 0 12.7 24 200 M M 3 30 210
24 49 33 41 11 24 0 0.35 0.0 0 7.8 21 200 M M 4 18 25 200
25 42 35 39 8 26 0 0.13 0.0 0 9.1 16 20 M M 10 1 21 10
26 36 24 30 -1 35 0 0.18 0.8 0 8.8 23 320 M M 10 12 28 320
27 29 19 24 -7 41 0 0.05 0.8 1 12.6 24 270 M M 10 18 35 260
28 27 15 21 -11 44 0 T T 1 10.2 20 230 M M 4 1 27 280
29 31 18 25 -7 40 0 T T 1 10.0 18 260 M M 4 26 260
================================================================================
SM 1126 701 965 0 2.73 6.3 287.7 M 179
================================================================================
AV 38.8 24.2 9.9 FASTST M M 6 MAX(MPH)
MISC ----> # 35 160 # 44 160
================================================================================
NOTES:
# LAST OF SEVERAL OCCURRENCES
COLUMN 17 PEAK WIND IN M.P.H.
PRELIMINARY LOCAL CLIMATOLOGICAL DATA (WS FORM: F-6) , PAGE 2
STATION: MANSFIELD OH
MONTH: FEBRUARY
YEAR: 2020
LATITUDE: 40 49 N
LONGITUDE: 82 31 W
[TEMPERATURE DATA] [PRECIPITATION DATA] SYMBOLS USED IN COLUMN 16
AVERAGE MONTHLY: 31.5 TOTAL FOR MONTH: 2.73 1 = FOG OR MIST
DPTR FM NORMAL: 3.1 DPTR FM NORMAL: 0.34 2 = FOG REDUCING VISIBILITY
HIGHEST: 61 ON 3 GRTST 24HR 0.43 ON 12-12 TO 1/4 MILE OR LESS
LOWEST: 5 ON 15 3 = THUNDER
SNOW, ICE PELLETS, HAIL 4 = ICE PELLETS
TOTAL MONTH: 6.3 INCHES 5 = HAIL
GRTST 24HR 2.0 ON 12-12 6 = FREEZING RAIN OR DRIZZLE
GRTST DEPTH: 3 ON 15,14 7 = DUSTSTORM OR SANDSTORM:
VSBY 1/2 MILE OR LESS
8 = SMOKE OR HAZE
[NO. OF DAYS WITH] [WEATHER - DAYS WITH] 9 = BLOWING SNOW
X = TORNADO
MAX 32 OR BELOW: 7 0.01 INCH OR MORE: 16
MAX 90 OR ABOVE: 0 0.10 INCH OR MORE: 12
MIN 32 OR BELOW: 25 0.50 INCH OR MORE: 0
MIN 0 OR BELOW: 0 1.00 INCH OR MORE: 0
[HDD (BASE 65) ]
TOTAL THIS MO. 965 CLEAR (SCALE 0-3) 5
DPTR FM NORMAL -60 PTCLDY (SCALE 4-7) 11
TOTAL FM JUL 1 3885 CLOUDY (SCALE 8-10) 13
DPTR FM NORMAL -773
[CDD (BASE 65) ]
TOTAL THIS MO. 0
DPTR FM NORMAL 0 [PRESSURE DATA]
TOTAL FM JAN 1 0 HIGHEST SLP 30.63 ON 21
DPTR FM NORMAL 0 LOWEST SLP 29.32 ON 7
[REMARKS]
#FINAL-02-20#