000
CXUS51 KPBZ 011352
CLMMGW
CLIMATE REPORT
NATIONAL WEATHER SERVICE PITTSBURGH PA
952 AM EDT MON APR 01 2024
...................................
...THE MORGANTOWN WV CLIMATE SUMMARY FOR THE MONTH OF MARCH 2024...
CLIMATE NORMAL PERIOD 1991 TO 2020
CLIMATE RECORD PERIOD 1872 TO 2024
WEATHER OBSERVED NORMAL DEPART LAST YEAR`S
VALUE DATE(S) VALUE FROM VALUE DATE(S)
NORMAL
................................................................
TEMPERATURE (F)
RECORD
HIGH 87 03/25/1929
LOW -4 03/13/1896
HIGHEST 77 03/04 75 2 75 03/01
LOWEST 24 03/21 13 11 18 03/19
03/24
AVG. MAXIMUM 59.9 52.6 7.3 54.2
AVG. MINIMUM 38.4 32.6 5.8 32.8
MEAN 49.1 42.6 6.5 43.5
DAYS MAX >= 90 0 0.0 0.0 0
DAYS MAX <= 32 0 1.8 -1.8 1
DAYS MIN <= 32 10 16.3 -6.3 18
DAYS MIN <= 0 0 0.0 0.0 0
PRECIPITATION (INCHES)
RECORD
MAXIMUM 7.78 1933
MINIMUM 0.35 1920
TOTALS 3.69 3.65 0.04 3.16
DAILY AVG. 0.12 0.12 0.00 0.10
DAYS >= .01 13 14.4 -1.4 15
DAYS >= .10 8 8.6 -0.6 8
DAYS >= .50 2 2.4 -0.4 3
DAYS >= 1.00 0 0.6 -0.6 0
GREATEST
24 HR. TOTAL 0.97 03/09 TO 03/09 1.22
DEGREE DAYS
HEATING TOTAL 485 696 -211 657
SINCE 7/1 3677 4441 -764 MM
COOLING TOTAL 0 2 -2 0
SINCE 1/1 0 2 -2 MM
................................................................
WIND (MPH)
AVERAGE WIND SPEED 6.1
HIGHEST WIND SPEED/DIRECTION 22/280 DATE 03/10
22/320 03/14
22/290 03/20
HIGHEST GUST SPEED/DIRECTION 42/280 DATE 03/10
42/330 03/14
AVERAGE RH (PERCENT) 60
WEATHER CONDITIONS. NUMBER OF DAYS WITH
THUNDERSTORM 3 MIXED PRECIP 0
HEAVY RAIN 4 RAIN 4
LIGHT RAIN 12 FREEZING RAIN 0
LT FREEZING RAIN 0 HAIL 0
HEAVY SNOW 0 SNOW 2
LIGHT SNOW 3 SLEET 0
FOG 15 FOG W/VIS <= 1/4 MILE 2
HAZE 6
- INDICATES NEGATIVE NUMBERS.
R INDICATES RECORD WAS SET OR TIED.
MM INDICATES DATA IS MISSING.
T INDICATES TRACE AMOUNT.
$$