000
CXUS53 KTOP 010800
CF6MHK
PRELIMINARY LOCAL CLIMATOLOGICAL DATA (WS FORM: F-6)
STATION: Manhattan KS
MONTH: AUGUST
YEAR: 2020
LATITUDE: 39 9 N
LONGITUDE: 96 40 W
TEMPERATURE IN F: :PCPN: SNOW: WIND :SUNSHINE: SKY :PK WND
================================================================================
1 2 3 4 5 6A 6B 7 8 9 10 11 12 13 14 15 16 17 18
12Z AVG MX 2MIN
DY MAX MIN AVG DEP HDD CDD WTR SNW DPTH SPD SPD DIR MIN PSBL S-S WX SPD DR
================================================================================
1 85 63 74 -5 0 9 0.01 M M 3.0 22 40 M M 1 3 31 40
2 82 64 73 -6 0 8 0.00 M M 4.7 14 20 M M 1 24 360
3 79 57 68 -11 0 3 0.00 M M 3.3 14 40 M M 1 18 50
4 76 52 64 -15 1 0 0.00 M M 3.0 10 80 M M 1 1 16 80
5 85 60 73 -6 0 8 0.00 M M 6.0 15 150 M M 2 23 150
6 87 67 77 -2 0 12 T M M 5.7 16 150 M M 1 21 150
7 88 71 80 1 0 15 0.00 M M 8.8 21 160 M M 4 28 140
8 97 76 87 9 0 22 0.00 M M 9.6 20 180 M M 2 26 200
9 91 73 82 4 0 17 0.15 M M 8.9 25 210 M M 1 13 36 210
10 90 75 83 5 0 18 0.00 M M 6.9 16 50 M M 1 3 24 30
11 94 74 84 6 0 19 0.00 M M 5.1 13 140 M M 2 17 150
12 89 68 79 1 0 14 T M M 5.0 14 120 M M 1 3 23 170
13 91 70 81 3 0 16 0.05 M M 4.8 24 140 M M 2 3 33 150
14 94 69 82 4 0 17 0.00 M M 5.1 28 170 M M 1 41 160
15 92 65 79 1 0 14 0.00 M M 6.3 14 40 M M 2 20 30
16 83 61 72 -5 0 7 0.89 M M 4.6 23 350 M M 5 138 44 350
17 88 63 76 -1 0 11 0.00 M M 3.6 13 30 M M 0 18 30
18 84 59 72 -5 0 7 0.00 M M 1.1 6 100 0 0 0 9 90
19 85 58 72 -5 0 7 0.00 M M 2.5 12 150 M M 0 18 130
20 88 62 75 -2 0 10 0.00 M M 3.6 13 210 M M 0 18 200
21 90 63 77 1 0 12 0.00 M M 4.9 17 220 M M 0 22 210
22 93 62 78 2 0 13 0.00 M M 4.0 14 230 M M 0 1 19 210
23 96 64 80 4 0 15 0.00 M M 4.5 14 230 M M 0 19 230
24 96 64 80 4 0 15 0.00 M M 4.7 14 230 M M 0 20 220
25 96 64 80 4 0 15 0.00 M M 5.1 15 200 M M 0 22 230
26 97 64 81 6 0 16 0.00 M M 6.7 17 200 M M 0 1 32 200
27 95 65 80 5 0 15 0.00 M M 4.4 13 160 M M 0 18 200
28 98 69 84 9 0 19 0.00 M M 3.5 14 40 M M 0 21 50
29 81 62 72 -2 0 7 0.78 M M 5.2 18 50 M M 4 13 24 60
30 87 59 73 -1 0 8 0.00 M M 5.2 12 140 M M 2 1 18 140
31 80 66 73 -1 0 8 T M M 8.6 21 30 M M 6 1 35 30
================================================================================
SM 2757 2009 1 377 1.88 M 158.4 0 40
================================================================================
AV 88.9 64.8 5.1 FASTST 0 0 1 MAX(MPH)
MISC ----> # 28 170 # 44 350
================================================================================
NOTES:
# LAST OF SEVERAL OCCURRENCES
COLUMN 17 PEAK WIND IN M.P.H.
PRELIMINARY LOCAL CLIMATOLOGICAL DATA (WS FORM: F-6) , PAGE 2
STATION: Manhattan KS
MONTH: AUGUST
YEAR: 2020
LATITUDE: 39 9 N
LONGITUDE: 96 40 W
[TEMPERATURE DATA] [PRECIPITATION DATA] SYMBOLS USED IN COLUMN 16
AVERAGE MONTHLY: 76.9 TOTAL FOR MONTH: 1.88 1 = FOG OR MIST
DPTR FM NORMAL: -0.2 DPTR FM NORMAL: -2.40 2 = FOG REDUCING VISIBILITY
HIGHEST: 98 ON 28 GRTST 24HR 0.89 ON 16-16 TO 1/4 MILE OR LESS
LOWEST: 52 ON 4 3 = THUNDER
SNOW, ICE PELLETS, HAIL 4 = ICE PELLETS
TOTAL MONTH: M 5 = HAIL
GRTST 24HR M ON M 6 = FREEZING RAIN OR DRIZZLE
GRTST DEPTH: M ON M 7 = DUSTSTORM OR SANDSTORM:
VSBY 1/2 MILE OR LESS
8 = SMOKE OR HAZE
[NO. OF DAYS WITH] [WEATHER - DAYS WITH] 9 = BLOWING SNOW
X = TORNADO
MAX 32 OR BELOW: 0 0.01 INCH OR MORE: 5
MAX 90 OR ABOVE: 15 0.10 INCH OR MORE: 3
MIN 32 OR BELOW: 0 0.50 INCH OR MORE: 2
MIN 0 OR BELOW: 0 1.00 INCH OR MORE: 0
[HDD (BASE 65) ]
TOTAL THIS MO. 1 CLEAR (SCALE 0-3) 27
DPTR FM NORMAL -1 PTCLDY (SCALE 4-7) 4
TOTAL FM JUL 1 1 CLOUDY (SCALE 8-10) 0
DPTR FM NORMAL -2
[CDD (BASE 65) ]
TOTAL THIS MO. 377
DPTR FM NORMAL 0 [PRESSURE DATA]
TOTAL FM JAN 1 1364 HIGHEST SLP 0.00 ON 18
DPTR FM NORMAL 181 LOWEST SLP 29.65 ON 31
[REMARKS]
#FINAL-08-20#