000
CXUS56 KMFR 011000
CF6MHS
PRELIMINARY LOCAL CLIMATOLOGICAL DATA (WS FORM: F-6)
STATION: MT SHASTA CITY CA
MONTH: APRIL
YEAR: 2020
LATITUDE: 41 19 N
LONGITUDE: 122 19 W
TEMPERATURE IN F: :PCPN: SNOW: WIND :SUNSHINE: SKY :PK WND
================================================================================
1 2 3 4 5 6A 6B 7 8 9 10 11 12 13 14 15 16 17 18
12Z AVG MX 2MIN
DY MAX MIN AVG DEP HDD CDD WTR SNW DPTH SPD SPD DIR MIN PSBL S-S WX SPD DR
================================================================================
1 48 30 39 -6 26 0 0.00 M M 6.6 15 300 M M 3 23 290
2 53 28 41 -4 24 0 0.00 M M 3.6 10 350 M M 0 17 310
3 55 28 42 -3 23 0 0.00 M M 3.5 10 300 M M 0 18 300
4 41 29 35 -10 30 0 0.68 M M 2.6 10 90 M M 9 18 90
5 42 32 37 -8 28 0 1.28 M M 1.8 12 90 M M 10 18 90
6 50 32 41 -4 24 0 0.04 M M 0.9 7 300 M M 7 13 310
7 65 32 49 3 16 0 0.00 M M 3.1 9 300 M M 2 14 340
8 72 39 56 10 9 0 0.00 M M 3.2 12 300 M M 0 18 300
9 74 35 55 9 10 0 0.00 M M 2.9 10 310 M M 2 15 10
10 72 45 59 13 6 0 0.00 M M 3.7 12 300 M M 3 21 280
11 69 43 56 10 9 0 0.00 M M 5.8 15 300 M M 0 26 290
12 65 39 52 6 13 0 0.00 M M 4.9 13 310 M M 0 23 330
13 62 32 47 1 18 0 0.00 M M 3.0 10 300 M M 0 20 290
14 68 29 49 2 16 0 0.00 M M 4.6 14 300 M M 0 24 330
15 67 44 56 9 9 0 0.00 M M 5.1 13 290 M M 0 23 290
16 67 33 50 3 15 0 0.00 M M 2.3 12 100 M M 0 17 90
17 69 30 50 3 15 0 0.00 M M 2.4 9 300 M M 0 14 310
18 60 41 51 3 14 0 0.00 M M 2.2 7 130 M M 5 14 130
19 63 38 51 3 14 0 0.00 M M 1.2 7 80 M M 4 11 70
20 65 32 49 1 16 0 0.00 M M 1.3 7 90 M M 1 14 140
21 71 38 55 7 10 0 0.00 M M 3.5 9 300 M M 0 17 310
22 68 41 55 7 10 0 T M M 2.7 9 310 M M 4 8 21 300
23 69 46 58 9 7 0 0.00 M M 3.3 10 310 M M 0 20 340
24 73 40 57 8 8 0 0.00 M M 3.8 10 290 M M 1 18 350
25 70 43 57 8 8 0 0.00 M M 3.1 12 300 M M 0 22 310
26 77 41 59 10 6 0 0.00 M M 1.1 9 80 M M 2 14 350
27 73 48 61 11 4 0 0.00 M M 2.8 8 290 M M 7 15 310
28 81 41 61 11 4 0 0.00 M M 2.6 9 290 M M 0 15 290
29 76 50 63 13 2 0 0.00 M M 0.9 6 120 M M 0 13 140
30 69 46 58 8 7 0 0.00 M M 2.4 9 340 M M 2 16 340
================================================================================
SM 1954 1125 401 0 2.00 M 90.9 M 62
================================================================================
AV 65.1 37.5 3.0 FASTST M M 2 MAX(MPH)
MISC ----> # 15 300 # 26 290
================================================================================
NOTES:
# LAST OF SEVERAL OCCURRENCES
COLUMN 17 PEAK WIND IN M.P.H.
PRELIMINARY LOCAL CLIMATOLOGICAL DATA (WS FORM: F-6) , PAGE 2
STATION: MT SHASTA CITY CA
MONTH: APRIL
YEAR: 2020
LATITUDE: 41 19 N
LONGITUDE: 122 19 W
[TEMPERATURE DATA] [PRECIPITATION DATA] SYMBOLS USED IN COLUMN 16
AVERAGE MONTHLY: 51.3 TOTAL FOR MONTH: 2.00 1 = FOG OR MIST
DPTR FM NORMAL: 4.1 DPTR FM NORMAL: -0.93 2 = FOG REDUCING VISIBILITY
HIGHEST: 81 ON 28 GRTST 24HR 1.28 ON 5- 5 TO 1/4 MILE OR LESS
LOWEST: 28 ON 3, 2 3 = THUNDER
SNOW, ICE PELLETS, HAIL 4 = ICE PELLETS
TOTAL MONTH: M 5 = HAIL
GRTST 24HR M ON M 6 = FREEZING RAIN OR DRIZZLE
GRTST DEPTH: M ON M 7 = DUSTSTORM OR SANDSTORM:
VSBY 1/2 MILE OR LESS
8 = SMOKE OR HAZE
[NO. OF DAYS WITH] [WEATHER - DAYS WITH] 9 = BLOWING SNOW
X = TORNADO
MAX 32 OR BELOW: 0 0.01 INCH OR MORE: 3
MAX 90 OR ABOVE: 0 0.10 INCH OR MORE: 2
MIN 32 OR BELOW: 11 0.50 INCH OR MORE: 2
MIN 0 OR BELOW: 0 1.00 INCH OR MORE: 1
[HDD (BASE 65) ]
TOTAL THIS MO. 401 CLEAR (SCALE 0-3) 22
DPTR FM NORMAL -135 PTCLDY (SCALE 4-7) 6
TOTAL FM JUL 1 4919 CLOUDY (SCALE 8-10) 2
DPTR FM NORMAL -296
[CDD (BASE 65) ]
TOTAL THIS MO. 0
DPTR FM NORMAL 0 [PRESSURE DATA]
TOTAL FM JAN 1 0 HIGHEST SLP 30.44 ON 14
DPTR FM NORMAL 0 LOWEST SLP 29.50 ON 5
[REMARKS]
#FINAL-04-20#