000
CXUS54 KMEG 011000
CF6MKL
PRELIMINARY LOCAL CLIMATOLOGICAL DATA (WS FORM: F-6)
STATION: JACKSON
MONTH: NOVEMBER
YEAR: 2023
LATITUDE: 35 35 N
LONGITUDE: 88 55 W
TEMPERATURE IN F: :PCPN: SNOW: WIND :SUNSHINE: SKY :PK WND
================================================================================
1 2 3 4 5 6A 6B 7 8 9 10 11 12 13 14 15 16 17 18
12Z AVG MX 2MIN
DY MAX MIN AVG DEP HDD CDD WTR SNW DPTH SPD SPD DIR MIN PSBL S-S WX SPD DR
================================================================================
1 50 23 37 -17 28 0 0.00 M M 2.7 12 360 M M 0 16 360
2 60 24 42 -12 23 0 0.00 M M 2.5 12 200 M M 0 17 170
3 67 27 47 -7 18 0 0.00 M M 5.9 17 200 M M 0 M M
4 73 36 55 2 10 0 0.00 M M 3.9 15 270 M M 0 20 270
5 76 41 59 6 6 0 0.00 M M 1.6 9 330 M M 1 15 280
6 81 42 62 10 3 0 0.00 M M 7.3 18 250 M M 0 1 27 250
7 80 56 68 16 0 3 0.00 M M 7.1 17 190 M M 2 23 200
8 82 56 69 17 0 4 0.00 M M 10.3 24 200 M M 0 35 190
9 69 49 59 8 6 0 0.14 M M 9.9 18 30 M M 9 1 24 10
10 64 46 55 4 10 0 0.05 M M 8.2 18 360 M M 4 24 30
11 66 38 52 1 13 0 0.00 M M 7.3 16 60 M M 0 20 50
12 68 34 51 1 14 0 0.00 M M 2.6 9 350 M M 0 13 20
13 71 34 53 3 12 0 0.00 M M 2.4 12 40 M M 0 17 40
14 68 41 55 5 10 0 0.00 M M 2.2 13 100 M M 0 18 110
15 63 39 51 2 14 0 T M M 3.3 13 170 M M 8 18 20 140
16 72 46 59 10 6 0 0.00 M M 3.9 13 190 M M 4 17 200
17 66 54 60 11 5 0 0.17 M M 6.0 15 20 M M 9 1 19 10
18 61 32 47 -1 18 0 0.00 M M 5.6 17 10 M M 0 21 20
19 65 28 47 -1 18 0 0.00 M M 2.6 9 30 M M 0 12 20
20 64 46 55 7 10 0 1.02 M M 5.0 14 300 M M 10 1 19 300
21 56 45 51 4 14 0 T M M 7.2 15 340 M M 10 1 21 310
22 50 30 40 -7 25 0 T M M 6.0 13 270 M M 7 17 350
23 58 27 43 -4 22 0 0.00 M M 1.3 10 230 M M 0 14 230
24 59 39 49 3 16 0 0.00 M M 6.3 17 30 M M 0 22 30
25 54 31 43 -3 22 0 0.00 M M 2.8 8 10 M M 0 10 10
26 51 28 40 -6 25 0 T M M 6.4 20 280 M M 6 27 310
27 46 22 34 -12 31 0 0.00 M M 6.8 20 320 M M 0 25 320
28 44 21 33 -12 32 0 0.00 M M 4.9 14 350 M M 0 20 340
29 62 21 42 -3 23 0 0.00 M M 8.6 18 240 M M 0 30 190
30 60 35 48 3 17 0 0.36 M M 7.0 18 200 M M 2 1 28 190
================================================================================
SM 1906 1091 451 7 1.74 M 157.6 M 72
================================================================================
AV 63.5 36.4 5.3 FASTST M M 2 MAX(MPH)
MISC ----> 24 200 35 190
================================================================================
NOTES:
# LAST OF SEVERAL OCCURRENCES
COLUMN 17 PEAK WIND IN M.P.H.
PRELIMINARY LOCAL CLIMATOLOGICAL DATA (WS FORM: F-6) , PAGE 2
STATION: JACKSON
MONTH: NOVEMBER
YEAR: 2023
LATITUDE: 35 35 N
LONGITUDE: 88 55 W
[TEMPERATURE DATA] [PRECIPITATION DATA] SYMBOLS USED IN COLUMN 16
AVERAGE MONTHLY: 49.9 TOTAL FOR MONTH: 1.74 1 = FOG OR MIST
DPTR FM NORMAL: 0.6 DPTR FM NORMAL: -2.59 2 = FOG REDUCING VISIBILITY
HIGHEST: 82 ON 8 GRTST 24HR 1.02 ON 20-20 TO 1/4 MILE OR LESS
LOWEST: 21 ON 29,28 3 = THUNDER
SNOW, ICE PELLETS, HAIL 4 = ICE PELLETS
TOTAL MONTH: M 5 = HAIL
GRTST 24HR M ON M 6 = FREEZING RAIN OR DRIZZLE
GRTST DEPTH: M ON M 7 = DUSTSTORM OR SANDSTORM:
VSBY 1/2 MILE OR LESS
8 = SMOKE OR HAZE
[NO. OF DAYS WITH] [WEATHER - DAYS WITH] 9 = BLOWING SNOW
X = TORNADO
MAX 32 OR BELOW: 0 0.01 INCH OR MORE: 5
MAX 90 OR ABOVE: 0 0.10 INCH OR MORE: 4
MIN 32 OR BELOW: 12 0.50 INCH OR MORE: 1
MIN 0 OR BELOW: 0 1.00 INCH OR MORE: 1
[HDD (BASE 65) ]
TOTAL THIS MO. 451 CLEAR (SCALE 0-3) 21
DPTR FM NORMAL -25 PTCLDY (SCALE 4-7) 5
TOTAL FM JUL 1 590 CLOUDY (SCALE 8-10) 4
DPTR FM NORMAL -95
[CDD (BASE 65) ]
TOTAL THIS MO. 7
DPTR FM NORMAL 2 [PRESSURE DATA]
TOTAL FM JAN 1 1705 HIGHEST SLP 30.52 ON 1
DPTR FM NORMAL -10 LOWEST SLP 29.79 ON 8
[REMARKS]
#FINAL-11-23#