000
CXUS54 KFWD 110129
CF6MKN
PRELIMINARY LOCAL CLIMATOLOGICAL DATA (WS FORM: F-6)
STATION: COMANCHE
MONTH: JUNE
YEAR: 2020
LATITUDE: 31 55 N
LONGITUDE: 98 36 W
TEMPERATURE IN F: :PCPN: SNOW: WIND :SUNSHINE: SKY :PK WND
================================================================================
1 2 3 4 5 6A 6B 7 8 9 10 11 12 13 14 15 16 17 18
12Z AVG MX 2MIN
DY MAX MIN AVG DEP HDD CDD WTR SNW DPTH SPD SPD DIR MIN PSBL S-S WX SPD DR
================================================================================
1 84 66 75 M 0 10 0.01 0.0 0 4.7 12 90 M M 6 3 30 90
2 88 64 76 M 0 11 0.01 0.0 0 5.5 10 120 M M 5 12 18 150
3 91 68 80 M 0 15 0.00 0.0 0 6.2 10 190 M M 2 M M
4 97 73 85 M 0 20 0.00 0.0 0 8.9 14 210 M M 1 21 210
5 93 72 83 M 0 18 0.00 0.0 0 8.4 13 150 M M 1 20 210
6 95 68 82 M 0 17 0.00 0.0 0 5.9 10 100 M M 0 17 100
7 93 70 82 M 0 17 0.00 0.0 0 4.9 12 80 M M 2 M M
8 99 70 85 M 0 20 0.00 0.0 0 3.4 9 170 M M 1 M M
9 93 70 82 M 0 17 0.00 0.0 0 10.6 17 240 M M 3 22 240
10 90 57 74 M 0 9 0.00 0.0 0 6.5 13 10 M M 0 18 10
11 93 63 78 M 0 13 0.00 0.0 0 4.7 9 140 M M 0 M M
12 91 63 77 M 0 12 0.00 0.0 0 5.3 12 130 M M 0 16 110
13 93 63 78 M 0 13 0.00 0.0 0 5.6 13 160 M M 0 18 110
14 91 63 77 M 0 12 0.00 0.0 0 6.3 13 90 M M 0 20 100
15 93 66 80 M 0 15 0.00 0.0 0 7.5 16 140 M M 2 22 140
16 95 66 81 M 0 16 0.00 0.0 0 9.3 17 160 M M 3 23 160
17 93 70 82 M 0 17 0.00 0.0 0 11.7 17 140 M M 0 23 150
18 97 73 85 M 0 20 0.00 0.0 0 14.5 20 180 M M 3 27 180
19 97 70 84 M 0 19 0.00 0.0 0 13.3 17 150 M M 5 3 28 160
20 91 64 78 M 0 13 M 0.0 0 7.9 12 190 M M 4 3 21 170
21 88 73 81 M 0 16 0.00 0.0 0 11.7 16 180 M M 1 27 180
22 91 70 81 M 0 16 0.00 0.0 0 11.0 18 190 M M 6 24 190
23 82 68 75 M 0 10 0.02 0.0 0 9.2 18 330 M M 5 3 28 330
24 88 68 78 M 0 13 0.00 0.0 0 5.6 8 40 M M 4 M M
25 90 66 78 M 0 13 0.00 0.0 0 3.7 9 100 M M 2 M M
26 90 72 81 M 0 16 0.00 0.0 0 11.8 21 180 M M 2 27 180
27 91 72 82 M 0 17 0.00 0.0 0 13.2 21 190 M M 3 8 29 190
28 90 73 82 M 0 17 0.03 0.0 0 15.2 21 180 M M 5 28 180
29 93 77 85 M 0 20 0.00 0.0 0 14.5 23 180 M M 5 3 28 200
30 93 75 84 M 0 19 0.00 0.0 0 14.2 21 190 M M 2 30 200
================================================================================
SM 2753 2053 0 461 0.07 0.0 261.2 M 73
================================================================================
AV 91.8 68.4 8.7 FASTST M M 2 MAX(MPH)
MISC ----> # 23 180 # 30 90
================================================================================
NOTES:
# LAST OF SEVERAL OCCURRENCES
COLUMN 17 PEAK WIND IN M.P.H.
PRELIMINARY LOCAL CLIMATOLOGICAL DATA (WS FORM: F-6) , PAGE 2
STATION: COMANCHE
MONTH: JUNE
YEAR: 2020
LATITUDE: 31 55 N
LONGITUDE: 98 36 W
[TEMPERATURE DATA] [PRECIPITATION DATA] SYMBOLS USED IN COLUMN 16
AVERAGE MONTHLY: 80.1 TOTAL FOR MONTH: 0.07 1 = FOG OR MIST
DPTR FM NORMAL: M DPTR FM NORMAL: -4.63 2 = FOG REDUCING VISIBILITY
HIGHEST: 99 ON 8 GRTST 24HR 0.03 ON 28-28 TO 1/4 MILE OR LESS
LOWEST: 57 ON 10 3 = THUNDER
SNOW, ICE PELLETS, HAIL 4 = ICE PELLETS
TOTAL MONTH: 0.0 INCH 5 = HAIL
GRTST 24HR 0.0 6 = FREEZING RAIN OR DRIZZLE
GRTST DEPTH: 0 7 = DUSTSTORM OR SANDSTORM:
VSBY 1/2 MILE OR LESS
8 = SMOKE OR HAZE
[NO. OF DAYS WITH] [WEATHER - DAYS WITH] 9 = BLOWING SNOW
X = TORNADO
MAX 32 OR BELOW: 0 0.01 INCH OR MORE: 4
MAX 90 OR ABOVE: 25 0.10 INCH OR MORE: 0
MIN 32 OR BELOW: 0 0.50 INCH OR MORE: 0
MIN 0 OR BELOW: 0 1.00 INCH OR MORE: 0
[HDD (BASE 65) ]
TOTAL THIS MO. 0 CLEAR (SCALE 0-3) 19
DPTR FM NORMAL M PTCLDY (SCALE 4-7) 11
TOTAL FM JUL 1 1778 CLOUDY (SCALE 8-10) 0
DPTR FM NORMAL M
[CDD (BASE 65) ]
TOTAL THIS MO. 461
DPTR FM NORMAL M [PRESSURE DATA]
TOTAL FM JAN 1 861 HIGHEST SLP M ON M
DPTR FM NORMAL M LOWEST SLP M ON M
[REMARKS]
#FINAL-06-20#