000
CXUS54 KTSA 011434
CF6MKO
PRELIMINARY LOCAL CLIMATOLOGICAL DATA (WS FORM: F-6)
STATION: MUSKOGEE OKLAHOMA
MONTH: SEPTEMBER
YEAR: 2020
LATITUDE: 35 40 N
LONGITUDE: 95 22 W
TEMPERATURE IN F: :PCPN: SNOW: WIND :SUNSHINE: SKY :PK WND
================================================================================
1 2 3 4 5 6A 6B 7 8 9 10 11 12 13 14 15 16 17 18
12Z AVG MX 2MIN
DY MAX MIN AVG DEP HDD CDD WTR SNW DPTH SPD SPD DIR MIN PSBL S-S WX SPD DR
================================================================================
1 77 71 74 -4 0 9 1.08 0.0 0 5.5 15 130 M M 7 13 22 120
2 79 71 75 -3 0 10 0.05 0.0 0 3.5 10 130 M M 6 1 14 130
3 89 70 80 3 0 15 0.00 0.0 0 5.8 14 230 M M 4 12 21 230
4 90 71 81 4 0 16 0.00 0.0 0 3.2 8 130 M M 3 12 12 240
5 89 70 80 3 0 15 0.00 0.0 0 4.8 10 230 M M 0 1 13 150
6 88 69 79 3 0 14 0.00 0.0 0 7.8 18 190 M M 2 1 25 180
7 90 71 81 5 0 16 0.00 0.0 0 9.3 20 200 M M 0 29 200
8 89 71 80 5 0 15 0.00 0.0 0 8.3 16 140 M M 1 25 180
9 86 63 75 0 0 10 0.22 0.0 0 7.3 18 130 M M 5 138 27 130
10 65 60 63 -12 2 0 0.66 0.0 0 7.8 13 310 M M 10 1 17 290
11 71 60 66 -8 0 1 T 0.0 0 5.6 10 360 M M 7 1 13 350
12 79 62 71 -3 0 6 0.00 0.0 0 2.3 7 330 M M 5 12 9 330
13 82 59 71 -2 0 6 0.00 0.0 0 6.0 14 10 M M 8 12 19 10
14 83 60 72 -1 0 7 0.00 0.0 0 5.8 13 10 M M 0 8 17 30
15 86 64 75 2 0 10 T 0.0 0 2.6 9 30 M M 1 1 14 20
16 87 65 76 4 0 11 T 0.0 0 4.0 13 30 M M 2 1 16 10
17 86 62 74 2 0 9 0.00 0.0 0 8.4 17 10 M M 1 21 20
18 81 57 69 -2 0 4 0.00 0.0 0 5.6 12 50 M M 0 18 16 70
19 78 58 68 -3 0 3 0.00 0.0 0 4.5 12 130 M M 0 22 150
20 79 51 65 -6 0 0 0.00 0.0 0 6.2 17 130 M M 0 24 140
21 82 60 71 1 0 6 0.07 0.0 0 6.7 15 130 M M 3 1 21 150
22 68 62 65 -5 0 0 1.62 0.0 0 8.5 20 110 M M 10 1 25 120
23 71 61 66 -3 0 1 0.00 0.0 0 4.2 13 120 M M 9 1 19 130
24 79 59 69 0 0 4 0.00 0.0 0 2.8 8 170 M M 4 1 14 130
25 80 59 70 1 0 5 0.00 0.0 0 8.3 15 180 M M 2 12 23 150
26 83 59 71 3 0 6 0.00 0.0 0 9.0 17 160 M M 0 1 25 180
27 78 56 67 -1 0 2 0.15 0.0 0 11.0 30 20 M M 6 13 51 20
28 74 49 62 -6 3 0 0.00 0.0 0 9.9 25 340 M M 3 32 340
29 77 44 61 -6 4 0 0.00 0.0 0 5.0 17 340 M M 0 8 23 290
30 88 50 69 2 0 4 0.00 0.0 0 6.6 13 350 M M 0 8 17 350
================================================================================
SM 2434 1844 9 205 3.85 0.0 186.3 M 99
================================================================================
AV 81.1 61.5 6.2 FASTST M M 3 MAX(MPH)
MISC ----> 30 20 51 20
================================================================================
NOTES:
# LAST OF SEVERAL OCCURRENCES
COLUMN 17 PEAK WIND IN M.P.H.
PRELIMINARY LOCAL CLIMATOLOGICAL DATA (WS FORM: F-6) , PAGE 2
STATION: MUSKOGEE OKLAHOMA
MONTH: SEPTEMBER
YEAR: 2020
LATITUDE: 35 40 N
LONGITUDE: 95 22 W
[TEMPERATURE DATA] [PRECIPITATION DATA] SYMBOLS USED IN COLUMN 16
AVERAGE MONTHLY: 71.3 TOTAL FOR MONTH: 3.85 1 = FOG OR MIST
DPTR FM NORMAL: -1.1 DPTR FM NORMAL: -1.18 2 = FOG REDUCING VISIBILITY
HIGHEST: 90 ON 7, 4 GRTST 24HR 1.69 ON 21-22 TO 1/4 MILE OR LESS
LOWEST: 44 ON 29 3 = THUNDER
SNOW, ICE PELLETS, HAIL 4 = ICE PELLETS
TOTAL MONTH: 0.0 INCH 5 = HAIL
GRTST 24HR 0.0 6 = FREEZING RAIN OR DRIZZLE
GRTST DEPTH: 0 7 = DUSTSTORM OR SANDSTORM:
VSBY 1/2 MILE OR LESS
8 = SMOKE OR HAZE
[NO. OF DAYS WITH] [WEATHER - DAYS WITH] 9 = BLOWING SNOW
X = TORNADO
MAX 32 OR BELOW: 0 0.01 INCH OR MORE: 7
MAX 90 OR ABOVE: 2 0.10 INCH OR MORE: 5
MIN 32 OR BELOW: 0 0.50 INCH OR MORE: 3
MIN 0 OR BELOW: 0 1.00 INCH OR MORE: 2
[HDD (BASE 65) ]
TOTAL THIS MO. 9 CLEAR (SCALE 0-3) 18
DPTR FM NORMAL -10 PTCLDY (SCALE 4-7) 9
TOTAL FM JUL 1 9 CLOUDY (SCALE 8-10) 3
DPTR FM NORMAL -9
[CDD (BASE 65) ]
TOTAL THIS MO. 205
DPTR FM NORMAL -36 [PRESSURE DATA]
TOTAL FM JAN 1 1752 HIGHEST SLP 30.26 ON 20
DPTR FM NORMAL -26 LOWEST SLP 29.71 ON 27
[REMARKS]
#FINAL-09-20#