000
CXUS53 KMPX 012025
CF6MKT
PRELIMINARY LOCAL CLIMATOLOGICAL DATA (WS FORM: F-6)
STATION: MANKATO MN
MONTH: JANUARY
YEAR: 2023
LATITUDE: 44 13 N
LONGITUDE: 93 55 W
TEMPERATURE IN F: :PCPN: SNOW: WIND :SUNSHINE: SKY :PK WND
================================================================================
1 2 3 4 5 6A 6B 7 8 9 10 11 12 13 14 15 16 17 18
12Z AVG MX 2MIN
DY MAX MIN AVG DEP HDD CDD WTR SNW DPTH SPD SPD DIR MIN PSBL S-S WX SPD DR
================================================================================
1 35 16 26 11 39 0 0.00 M M 5.8 9 320 M M 1 1 M M
2 26 21 24 9 41 0 0.00 M M 4.9 12 30 M M 10 12 M M
3 30 25 28 13 37 0 0.22 M M 15.1 23 40 M M 10 12 29 40
4 33 28 31 17 34 0 1.00 M M 12.0 15 10 M M 10 1 M M
5 27 2 15 1 50 0 0.24 M M 10.4 15 300 M M 7 1 M M
6 21 -3 9 -5 56 0 0.02 M M 2.9 7 260 M M 7 128 M M
7 23 -7 8 -6 57 0 T M M 2.6 7 110 M M 2 128 M M
8 22 -1 11 -3 54 0 0.00 M M 7.6 12 190 M M 0 18 M M
9 36 11 24 10 41 0 0.00 M M 9.6 14 150 M M 0 1 M M
10 25 14 20 6 45 0 0.00 M M 5.7 16 280 M M 10 12 22 280
11 30 22 26 12 39 0 T M M 6.9 15 310 M M 10 128 M M
12 23 10 17 3 48 0 0.00 M M 16.2 21 320 M M 10 1 24 310
13 17 5 11 -3 54 0 T M M 7.0 13 150 M M 8 12 M M
14 34 7 21 7 44 0 T M M 15.6 21 160 M M 0 30 150
15 36 30 33 19 32 0 0.00 M M 13.3 17 150 M M 1 25 170
16 37 32 35 21 30 0 0.01 M M 10.8 14 120 M M 10 1 M M
17 33 21 27 13 38 0 0.67 M M 12.8 16 300 M M 10 1 22 300
18 32 21 27 13 38 0 T M M 8.1 14 80 M M 10 18 M M
19 32 24 28 14 37 0 0.20 M M 14.7 20 330 M M 10 1 22 340
20 24 17 21 7 44 0 0.08 M M 10.7 17 300 M M 10 1 M M
21 26 18 22 8 43 0 0.00 M M 5.4 10 220 M M 10 12 M M
22 20 11 16 2 49 0 0.00 M M 3.0 7 200 M M 10 12 M M
23 33 3 18 4 47 0 0.00 M M 8.5 18 310 M M 6 1 M M
24 31 8 20 6 45 0 0.00 M M 8.5 15 230 M M 6 12 M M
25 26 4 15 0 50 0 T M M 12.1 23 300 M M 9 1 27 310
26 20 -3 9 -6 56 0 0.03 M M 10.5 23 190 M M 3 1 29 190
27 36 7 22 7 43 0 0.31 M M 21.1 36 300 M M 5 18 51 310
28 10 -1 5 -10 60 0 T M M 11.5 16 330 M M 7 M M
29 5 -7 -1 -16 66 0 0.00 M M 9.0 14 330 M M 4 M M
30 3 -11 -4 -19 69 0 0.00 M M 7.0 12 320 M M 0 M M
31 14 -15 0 -16 65 0 0.00 M M 8.7 13 230 M M 0 17 230
================================================================================
SM 800 309 1451 0 2.78 M 298.0 M 196
================================================================================
AV 25.8 10.0 9.6 FASTST M M 6 MAX(MPH)
MISC ----> 36 300 51 310
================================================================================
NOTES:
# LAST OF SEVERAL OCCURRENCES
COLUMN 17 PEAK WIND IN M.P.H.
PRELIMINARY LOCAL CLIMATOLOGICAL DATA (WS FORM: F-6) , PAGE 2
STATION: MANKATO MN
MONTH: JANUARY
YEAR: 2023
LATITUDE: 44 13 N
LONGITUDE: 93 55 W
[TEMPERATURE DATA] [PRECIPITATION DATA] SYMBOLS USED IN COLUMN 16
AVERAGE MONTHLY: 17.9 TOTAL FOR MONTH: 2.78 1 = FOG OR MIST
DPTR FM NORMAL: 3.5 DPTR FM NORMAL: 1.84 2 = FOG REDUCING VISIBILITY
HIGHEST: 37 ON 16 GRTST 24HR 1.07 ON 3- 4 TO 1/4 MILE OR LESS
LOWEST: -15 ON 31 3 = THUNDER
SNOW, ICE PELLETS, HAIL 4 = ICE PELLETS
TOTAL MONTH: M 5 = HAIL
GRTST 24HR M ON M 6 = FREEZING RAIN OR DRIZZLE
GRTST DEPTH: M ON M 7 = DUSTSTORM OR SANDSTORM:
VSBY 1/2 MILE OR LESS
8 = SMOKE OR HAZE
[NO. OF DAYS WITH] [WEATHER - DAYS WITH] 9 = BLOWING SNOW
X = TORNADO
MAX 32 OR BELOW: 22 0.01 INCH OR MORE: 10
MAX 90 OR ABOVE: 0 0.10 INCH OR MORE: 6
MIN 32 OR BELOW: 31 0.50 INCH OR MORE: 2
MIN 0 OR BELOW: 8 1.00 INCH OR MORE: 1
[HDD (BASE 65) ]
TOTAL THIS MO. 1451 CLEAR (SCALE 0-3) 9
DPTR FM NORMAL -118 PTCLDY (SCALE 4-7) 8
TOTAL FM JUL 1 4457 CLOUDY (SCALE 8-10) 14
DPTR FM NORMAL -202
[CDD (BASE 65) ]
TOTAL THIS MO. 0
DPTR FM NORMAL 0 [PRESSURE DATA]
TOTAL FM JAN 1 0 HIGHEST SLP M ON M
DPTR FM NORMAL 0 LOWEST SLP M ON M
[REMARKS]
#FINAL-01-23#
THE PRECIPITATION VALUES DURING THE MONTH ARE FROM
COCORAHS STATION MN-BU-23 WITH AN OBSERVATION TIME
OF 7 AM.