000
CXUS53 KMPX 030235
CF6MKT
PRELIMINARY LOCAL CLIMATOLOGICAL DATA (WS FORM: F-6)
STATION: MANKATO MN
MONTH: FEBRUARY
YEAR: 2024
LATITUDE: 44 13 N
LONGITUDE: 93 55 W
TEMPERATURE IN F: :PCPN: SNOW: WIND :SUNSHINE: SKY :PK WND
================================================================================
1 2 3 4 5 6A 6B 7 8 9 10 11 12 13 14 15 16 17 18
12Z AVG MX 2MIN
DY MAX MIN AVG DEP HDD CDD WTR SNW DPTH SPD SPD DIR MIN PSBL S-S WX SPD DR
================================================================================
1 50 27 39 23 26 0 0.00 M M 7.0 10 70 M M 2 12 M M
2 41 28 35 19 30 0 0.00 M M 13.1 20 140 M M 5 M M
3 35 27 31 15 34 0 0.00 M M 10.9 18 140 M M 7 1 M M
4 46 24 35 19 30 0 0.00 M M 5.3 10 50 M M 0 1 M M
5 43 23 33 16 32 0 0.00 M M 3.9 10 140 M M 0 12 M M
6 53 29 41 24 24 0 0.00 M M 9.7 15 180 M M 0 20 200
7 52 36 44 27 21 0 T M M 17.4 24 160 M M 1 37 160
8 52 36 44 26 21 0 0.16 M M 20.6 29 230 M M 9 1 40 220
9 36 29 33 15 32 0 0.00 M M 16.4 21 290 M M 10 32 290
10 33 25 29 11 36 0 0.00 M M 13.1 21 310 M M 10 35 310
11 40 26 33 15 32 0 0.00 M M 8.8 16 230 M M 3 M M
12 43 25 34 15 31 0 0.00 M M 9.6 15 330 M M 0 20 320
13 38 22 30 11 35 0 0.00 M M 5.1 8 320 M M 5 M M
14 41 27 34 15 31 0 0.22 M M 7.8 18 330 M M 9 1 M M
15 26 12 19 -1 46 0 T M M 10.4 18 330 M M 1 1 M M
16 19 5 12 -8 53 0 T M M 14.0 22 330 M M 4 30 320
17 28 4 16 -4 49 0 0.00 M M 15.9 28 250 M M 1 37 250
18 34 19 27 6 38 0 0.00 M M 10.5 17 270 M M 0 M M
19 47 16 32 11 33 0 0.00 M M 10.1 17 130 M M 0 M M
20 48 28 38 16 27 0 0.00 M M 6.5 13 130 M M 0 M M
21 51 26 39 17 26 0 0.00 M M 3.4 7 30 M M 0 1 M M
22 47 30 39 17 26 0 0.00 M M 10.4 22 300 M M 1 27 300
23 39 23 31 8 34 0 0.00 M M 10.3 20 340 M M 5 23 340
24 49 17 33 10 32 0 0.00 M M 11.6 22 180 M M 0 27 180
25 48 30 39 15 26 0 0.00 M M 8.3 13 300 M M 2 M M
26 67 30 49 25 16 0 0.00 M M 11.0 22 160 M M 0 32 190
27 45 9 27 3 38 0 T M M 17.9 31 310 M M 5 1 41 320
28 20 0 10 -15 55 0 0.00 M M 14.3 25 330 M M 0 35 330
29 60 11 36 11 29 0 0.00 M M 15.1 27 220 M M 0 38 220
================================================================================
SM 1231 644 943 0 0.38 M 318.4 M 80
================================================================================
AV 42.4 22.2 11.0 FASTST M M 3 MAX(MPH)
MISC ----> 31 310 41 320
================================================================================
NOTES:
# LAST OF SEVERAL OCCURRENCES
COLUMN 17 PEAK WIND IN M.P.H.
PRELIMINARY LOCAL CLIMATOLOGICAL DATA (WS FORM: F-6) , PAGE 2
STATION: MANKATO MN
MONTH: FEBRUARY
YEAR: 2024
LATITUDE: 44 13 N
LONGITUDE: 93 55 W
[TEMPERATURE DATA] [PRECIPITATION DATA] SYMBOLS USED IN COLUMN 16
AVERAGE MONTHLY: 32.3 TOTAL FOR MONTH: 0.38 1 = FOG OR MIST
DPTR FM NORMAL: 12.5 DPTR FM NORMAL: -0.36 2 = FOG REDUCING VISIBILITY
HIGHEST: 67 ON 26 GRTST 24HR 0.22 ON 14-14 TO 1/4 MILE OR LESS
LOWEST: 0 ON 28 3 = THUNDER
SNOW, ICE PELLETS, HAIL 4 = ICE PELLETS
TOTAL MONTH: M 5 = HAIL
GRTST 24HR M ON M 6 = FREEZING RAIN OR DRIZZLE
GRTST DEPTH: M ON M 7 = DUSTSTORM OR SANDSTORM:
VSBY 1/2 MILE OR LESS
8 = SMOKE OR HAZE
[NO. OF DAYS WITH] [WEATHER - DAYS WITH] 9 = BLOWING SNOW
X = TORNADO
MAX 32 OR BELOW: 4 0.01 INCH OR MORE: 2
MAX 90 OR ABOVE: 0 0.10 INCH OR MORE: 2
MIN 32 OR BELOW: 27 0.50 INCH OR MORE: 0
MIN 0 OR BELOW: 1 1.00 INCH OR MORE: 0
[HDD (BASE 65) ]
TOTAL THIS MO. 943 CLEAR (SCALE 0-3) 19
DPTR FM NORMAL -321 PTCLDY (SCALE 4-7) 6
TOTAL FM JUL 1 3766 CLOUDY (SCALE 8-10) 4
DPTR FM NORMAL -2237
[CDD (BASE 65) ]
TOTAL THIS MO. 0
DPTR FM NORMAL 0 [PRESSURE DATA]
TOTAL FM JAN 1 0 HIGHEST SLP M ON M
DPTR FM NORMAL 0 LOWEST SLP M ON M
[REMARKS]
#FINAL-02-24#
THE PRECIPITATION VALUES ON FEBRUARY 8TH AND 14TH
ARE FROM COCORAHS STATION MN-BU-23.