000
CXUS53 KMPX 032040
CF6MKT
PRELIMINARY LOCAL CLIMATOLOGICAL DATA (WS FORM: F-6)
STATION: MANKATO MN
MONTH: APRIL
YEAR: 2021
LATITUDE: 44 13 N
LONGITUDE: 93 55 W
TEMPERATURE IN F: :PCPN: SNOW: WIND :SUNSHINE: SKY :PK WND
================================================================================
1 2 3 4 5 6A 6B 7 8 9 10 11 12 13 14 15 16 17 18
12Z AVG MX 2MIN
DY MAX MIN AVG DEP HDD CDD WTR SNW DPTH SPD SPD DIR MIN PSBL S-S WX SPD DR
================================================================================
1 46 16 31 -8 34 0 0.00 M M 6.9 17 150 M M 0 20 99
2 66 34 50 10 15 0 0.00 M M 18.2 30 190 M M 0 40 180
3 70 40 55 15 10 0 0.00 M M 8.6 15 30 M M 0 16 20
4 77 43 60 19 5 0 0.00 M M 10.3 17 200 M M 0 23 200
5 86 49 68 27 0 3 T M M 13.7 25 200 M M 0 47 200
6 80 49 65 23 0 0 0.81 M M 7.8 21 140 M M 4 13 32 20
7 74 53 64 22 1 0 0.44 M M 11.1 20 150 M M 8 1 28 150
8 61 49 55 12 10 0 0.13 M M 10.3 18 130 M M 10 1 23 140
9 50 44 47 4 18 0 0.04 M M 10.2 20 290 M M 9 1 30 280
10 48 42 45 1 20 0 0.00 M M 12.5 18 360 M M 10 M M
11 54 39 47 3 18 0 0.00 M M 11.7 20 300 M M 8 23 300
12 45 36 41 -4 24 0 0.01 M M 15.8 22 280 M M 10 32 300
13 37 29 33 -12 32 0 T M M 15.7 23 280 M M 10 1 33 260
14 43 29 36 -10 29 0 T M M 14.0 18 310 M M 10 1 24 290
15 46 33 40 -6 25 0 T M M 9.9 14 320 M M 10 M M
16 58 38 48 1 17 0 0.00 M M 6.4 9 360 M M 7 17 10
17 57 34 46 -1 19 0 0.00 M M 7.2 15 320 M M 3 21 320
18 64 36 50 2 15 0 0.00 M M 11.3 27 340 M M 5 37 330
19 40 28 34 -14 31 0 T M M 16.3 24 360 M M 9 30 320
20 43 25 34 -14 31 0 0.00 M M 11.4 22 340 M M 5 32 340
21 43 23 33 -16 32 0 T M M 11.2 16 280 M M 7 25 290
22 63 35 49 0 16 0 0.00 M M 11.9 18 260 M M 2 8 27 260
23 54 43 49 -1 16 0 T M M 9.9 17 190 M M 10 1 22 190
24 50 35 43 -7 22 0 T M M 11.2 18 340 M M 6 1 23 340
25 45 33 39 -12 26 0 T M M 14.6 25 120 M M 6 33 120
26 60 44 52 1 13 0 T M M 14.6 22 130 M M 4 21 160
27 57 42 50 -2 15 0 0.36 M M 13.3 25 70 M M 7 13 37 70
28 61 40 51 -1 14 0 0.00 M M 6.1 14 10 M M 6 12 M M
29 67 42 55 3 10 0 0.00 M M 11.5 24 320 M M 2 33 330
30 64 43 54 1 11 0 0.00 M M 9.8 16 150 M M 2 M M
================================================================================
SM 1709 1126 529 3 1.79 M 343.3 M 170
================================================================================
AV 57.0 37.5 11.4 FASTST M M 6 MAX(MPH)
MISC ----> 30 190 47 200
================================================================================
NOTES:
# LAST OF SEVERAL OCCURRENCES
COLUMN 17 PEAK WIND IN M.P.H.
PRELIMINARY LOCAL CLIMATOLOGICAL DATA (WS FORM: F-6) , PAGE 2
STATION: MANKATO MN
MONTH: APRIL
YEAR: 2021
LATITUDE: 44 13 N
LONGITUDE: 93 55 W
[TEMPERATURE DATA] [PRECIPITATION DATA] SYMBOLS USED IN COLUMN 16
AVERAGE MONTHLY: 47.3 TOTAL FOR MONTH: 1.79 1 = FOG OR MIST
DPTR FM NORMAL: 1.0 DPTR FM NORMAL: -1.27 2 = FOG REDUCING VISIBILITY
HIGHEST: 86 ON 5 GRTST 24HR 0.81 ON 6- 6 TO 1/4 MILE OR LESS
LOWEST: 16 ON 1 3 = THUNDER
SNOW, ICE PELLETS, HAIL 4 = ICE PELLETS
TOTAL MONTH: M 5 = HAIL
GRTST 24HR M ON M 6 = FREEZING RAIN OR DRIZZLE
GRTST DEPTH: M ON M 7 = DUSTSTORM OR SANDSTORM:
VSBY 1/2 MILE OR LESS
8 = SMOKE OR HAZE
[NO. OF DAYS WITH] [WEATHER - DAYS WITH] 9 = BLOWING SNOW
X = TORNADO
MAX 32 OR BELOW: 0 0.01 INCH OR MORE: 6
MAX 90 OR ABOVE: 0 0.10 INCH OR MORE: 4
MIN 32 OR BELOW: 6 0.50 INCH OR MORE: 1
MIN 0 OR BELOW: 0 1.00 INCH OR MORE: 0
[HDD (BASE 65) ]
TOTAL THIS MO. 529 CLEAR (SCALE 0-3) 8
DPTR FM NORMAL -38 PTCLDY (SCALE 4-7) 12
TOTAL FM JUL 1 6946 CLOUDY (SCALE 8-10) 10
DPTR FM NORMAL -575
[CDD (BASE 65) ]
TOTAL THIS MO. 3
DPTR FM NORMAL -2 [PRESSURE DATA]
TOTAL FM JAN 1 3 HIGHEST SLP M ON M
DPTR FM NORMAL -2 LOWEST SLP M ON M
[REMARKS]
#FINAL-04-21#