000
CXUS52 KMLB 010725
CF6MLB
PRELIMINARY LOCAL CLIMATOLOGICAL DATA (WS FORM: F-6)
STATION: MELBOURNE
MONTH: FEBRUARY
YEAR: 2021
LATITUDE: 28 6 N
LONGITUDE: 80 39 W
TEMPERATURE IN F: :PCPN: SNOW: WIND :SUNSHINE: SKY :PK WND
================================================================================
1 2 3 4 5 6A 6B 7 8 9 10 11 12 13 14 15 16 17 18
12Z AVG MX 2MIN
DY MAX MIN AVG DEP HDD CDD WTR SNW DPTH SPD SPD DIR MIN PSBL S-S WX SPD DR
================================================================================
1 71 46 59 -2 6 0 0.07 0.0 0 19.3 33 280 M M 6 1 39 270
2 58 41 50 -11 15 0 0.00 0.0 0 16.5 26 290 M M 4 34 300
3 61 35 48 -13 17 0 0.00 0.0 0 8.8 22 290 M M 0 26 300
4 66 31 49 -13 16 0 0.00 0.0 0 5.0 13 110 M M 0 14 110
5 81 44 63 1 2 0 0.00 0.0 0 8.2 21 240 M M 0 28 180
6 75 53 64 2 1 0 0.03 0.0 0 5.2 14 190 M M 6 13 18 180
7 82 63 73 11 0 8 0.57 0.0 0 11.5 21 300 M M 7 13 25 300
8 73 63 68 6 0 3 0.01 0.0 0 7.4 15 10 M M 9 1 17 20
9 83 66 75 13 0 10 0.00 0.0 0 4.6 15 30 M M 6 12 19 20
10 84 65 75 13 0 10 0.00 0.0 0 6.8 17 120 M M 4 12 22 130
11 81 63 72 10 0 7 0.00 0.0 0 7.3 18 120 M M 4 12 23 130
12 81 67 74 12 0 9 0.01 0.0 0 7.4 16 120 M M 4 20 130
13 88 69 79 17 0 14 0.22 0.0 0 9.9 26 190 M M 6 13 33 200
14 89 70 80 17 0 15 0.55 0.0 0 8.0 23 200 M M 5 138 31 170
15 89 69 79 16 0 14 0.10 0.0 0 8.0 22 170 M M 5 123 27 200
16 78 66 72 9 0 7 0.21 0.0 0 10.2 22 220 M M 8 13 29 220
17 72 63 68 5 0 3 0.40 0.0 0 7.1 23 250 M M 10 13 27 240
18 87 69 78 15 0 13 0.00 0.0 0 8.4 20 200 M M 3 25 190
19 88 57 73 10 0 8 0.36 0.0 0 13.2 25 210 M M 7 1 33 200
20 67 51 59 -4 6 0 0.00 0.0 0 14.8 24 360 M M 3 30 10
21 73 59 66 3 0 1 0.00 0.0 0 15.4 24 70 M M 5 30 70
22 78 64 71 8 0 6 0.08 0.0 0 9.8 21 140 M M 5 1 25 130
23 75 61 68 4 0 3 T 0.0 0 8.8 18 40 M M 3 22 40
24 77 55 66 2 0 1 0.00 0.0 0 5.8 17 120 M M 3 21 140
25 78 57 68 4 0 3 0.00 0.0 0 6.4 14 30 M M 1 1 17 40
26 79 54 67 3 0 2 0.00 0.0 0 5.1 12 90 M M 0 16 80
27 82 64 73 9 0 8 0.00 0.0 0 9.0 20 120 M M 0 12 26 130
28 82 71 77 13 0 12 0.00 0.0 0 12.7 23 140 M M 0 30 140
================================================================================
SM 2178 1636 63 157 2.61 0.0 260.6 M 114
================================================================================
AV 77.8 58.4 9.3 FASTST M M 4 MAX(MPH)
MISC ----> 33 280 39 270
================================================================================
NOTES:
# LAST OF SEVERAL OCCURRENCES
COLUMN 17 PEAK WIND IN M.P.H.
PRELIMINARY LOCAL CLIMATOLOGICAL DATA (WS FORM: F-6) , PAGE 2
STATION: MELBOURNE
MONTH: FEBRUARY
YEAR: 2021
LATITUDE: 28 6 N
LONGITUDE: 80 39 W
[TEMPERATURE DATA] [PRECIPITATION DATA] SYMBOLS USED IN COLUMN 16
AVERAGE MONTHLY: 68.1 TOTAL FOR MONTH: 2.61 1 = FOG OR MIST
DPTR FM NORMAL: 5.4 DPTR FM NORMAL: 0.08 2 = FOG REDUCING VISIBILITY
HIGHEST: 89 ON 15,14 GRTST 24HR 0.76 ON 13-14 TO 1/4 MILE OR LESS
LOWEST: 31 ON 4 3 = THUNDER
SNOW, ICE PELLETS, HAIL 4 = ICE PELLETS
TOTAL MONTH: 0.0 INCH 5 = HAIL
GRTST 24HR 0.0 6 = FREEZING RAIN OR DRIZZLE
GRTST DEPTH: 0 7 = DUSTSTORM OR SANDSTORM:
VSBY 1/2 MILE OR LESS
8 = SMOKE OR HAZE
[NO. OF DAYS WITH] [WEATHER - DAYS WITH] 9 = BLOWING SNOW
X = TORNADO
MAX 32 OR BELOW: 0 0.01 INCH OR MORE: 12
MAX 90 OR ABOVE: 0 0.10 INCH OR MORE: 7
MIN 32 OR BELOW: 1 0.50 INCH OR MORE: 2
MIN 0 OR BELOW: 0 1.00 INCH OR MORE: 0
[HDD (BASE 65) ]
TOTAL THIS MO. 63 CLEAR (SCALE 0-3) 9
DPTR FM NORMAL -57 PTCLDY (SCALE 4-7) 16
TOTAL FM JUL 1 386 CLOUDY (SCALE 8-10) 3
DPTR FM NORMAL -103
[CDD (BASE 65) ]
TOTAL THIS MO. 157
DPTR FM NORMAL 103 [PRESSURE DATA]
TOTAL FM JAN 1 214 HIGHEST SLP M ON M
DPTR FM NORMAL 114 LOWEST SLP 29.73 ON 1
[REMARKS]
#FINAL-02-21#