000
CXUS54 KTSA 010850
CF6MLC
PRELIMINARY LOCAL CLIMATOLOGICAL DATA (WS FORM: F-6)
STATION: MCALESTER OKLAHOMA
MONTH: JUNE
YEAR: 2023
LATITUDE: 34 52 N
LONGITUDE: 95 47 W
TEMPERATURE IN F: :PCPN: SNOW: WIND :SUNSHINE: SKY :PK WND
================================================================================
1 2 3 4 5 6A 6B 7 8 9 10 11 12 13 14 15 16 17 18
12Z AVG MX 2MIN
DY MAX MIN AVG DEP HDD CDD WTR SNW DPTH SPD SPD DIR MIN PSBL S-S WX SPD DR
================================================================================
1 88 62 75 0 0 10 0.00 0.0 M 3.5 9 130 M M 2 16 140
2 89 68 79 4 0 14 0.00 0.0 M 4.2 8 160 M M 2 14 150
3 85 61 73 -2 0 8 0.75 0.0 M 4.8 15 210 M M 6 13 24 210
4 85 61 73 -3 0 8 0.17 0.0 M 2.7 10 10 M M 3 1 14 10
5 89 62 76 0 0 11 0.07 0.0 M 2.8 16 110 M M 2 13 32 110
6 90 64 77 1 0 12 T 0.0 M 1.9 12 150 M M 1 13 21 160
7 90 63 77 1 0 12 0.00 0.0 M 2.0 9 340 M M 2 13 15 20
8 91 62 77 0 0 12 0.00 0.0 M 1.5 8 240 M M 2 1 10 250
9 93 66 80 3 0 15 0.00 0.0 M 2.3 12 100 M M 2 20 110
10 81 66 74 -3 0 9 1.53 0.0 M 4.8 36 350 M M 2 13 52 360
11 92 69 81 4 0 16 T 0.0 M 8.4 16 360 M M 4 12 23 350
12 70 62 66 -12 0 1 0.72 0.0 M 4.9 15 290 M M 6 13 26 130
13 83 63 73 -5 0 8 0.02 0.0 M 3.5 9 190 M M 7 13 17 220
14 89 67 78 0 0 13 0.00 0.0 M 2.1 8 300 M M 7 1 12 330
15 92 63 78 0 0 13 0.20 0.0 M 3.6 26 180 M M 3 13 57 170
16 86 64 75 -3 0 10 0.00 0.0 M 2.8 10 340 M M 5 3 14 350
17 87 64 76 -3 0 11 0.15 0.0 M 4.3 15 130 M M 2 3 46 170
18 85 64 75 -4 0 10 0.61 0.0 M 6.8 29 330 M M 4 13 41 320
19 92 62 77 -2 0 12 0.00 0.0 M 2.5 8 100 M M 1 14 110
20 91 76 84 5 0 19 0.00 0.0 M 5.0 12 90 M M 5 20 130
21 87 72 80 0 0 15 T 0.0 M 3.9 18 330 M M 2 3 36 110
22 92 71 82 2 0 17 0.00 0.0 M 2.0 8 70 M M 3 13 40
23 89 68 79 -1 0 14 0.12 0.0 M 3.5 31 280 M M 3 13 46 260
24 93 69 81 1 0 16 0.00 0.0 M 5.8 14 190 M M 2 24 180
25 95 78 87 7 0 22 0.00 0.0 M 4.0 12 220 M M 3 15 10
26 93 75 84 4 0 19 0.01 0.0 M 2.9 10 90 M M 6 3 16 80
27 91 73 82 2 0 17 T 0.0 M 6.0 28 350 M M 3 3 40 30
28 95 75 85 4 0 20 0.00 0.0 M 6.7 14 200 M M 0 22 180
29 97 78 88 7 0 23 0.00 0.0 M 7.5 16 230 M M 0 23 230
30 96 78 87 6 0 22 0.00 0.0 M 7.2 18 220 M M 0 26 210
================================================================================
SM 2676 2026 0 409 4.35 0.0 123.9 M 90
================================================================================
AV 89.2 67.5 4.1 FASTST M M 3 MAX(MPH)
MISC ----> 36 350 57 170
================================================================================
NOTES:
# LAST OF SEVERAL OCCURRENCES
COLUMN 17 PEAK WIND IN M.P.H.
PRELIMINARY LOCAL CLIMATOLOGICAL DATA (WS FORM: F-6) , PAGE 2
STATION: MCALESTER OKLAHOMA
MONTH: JUNE
YEAR: 2023
LATITUDE: 34 52 N
LONGITUDE: 95 47 W
[TEMPERATURE DATA] [PRECIPITATION DATA] SYMBOLS USED IN COLUMN 16
AVERAGE MONTHLY: 78.4 TOTAL FOR MONTH: 4.35 1 = FOG OR MIST
DPTR FM NORMAL: 0.2 DPTR FM NORMAL: -0.11 2 = FOG REDUCING VISIBILITY
HIGHEST: 97 ON 29 GRTST 24HR 1.53 ON 10-10 TO 1/4 MILE OR LESS
LOWEST: 61 ON 4, 3 3 = THUNDER
SNOW, ICE PELLETS, HAIL 4 = ICE PELLETS
TOTAL MONTH: 0.0 INCH 5 = HAIL
GRTST 24HR 0.0 6 = FREEZING RAIN OR DRIZZLE
GRTST DEPTH: M ON M 7 = DUSTSTORM OR SANDSTORM:
VSBY 1/2 MILE OR LESS
8 = SMOKE OR HAZE
[NO. OF DAYS WITH] [WEATHER - DAYS WITH] 9 = BLOWING SNOW
X = TORNADO
MAX 32 OR BELOW: 0 0.01 INCH OR MORE: 11
MAX 90 OR ABOVE: 16 0.10 INCH OR MORE: 8
MIN 32 OR BELOW: 0 0.50 INCH OR MORE: 4
MIN 0 OR BELOW: 0 1.00 INCH OR MORE: 1
[HDD (BASE 65) ]
TOTAL THIS MO. 0 CLEAR (SCALE 0-3) 19
DPTR FM NORMAL 0 PTCLDY (SCALE 4-7) 11
TOTAL FM JUL 1 2931 CLOUDY (SCALE 8-10) 0
DPTR FM NORMAL -147
[CDD (BASE 65) ]
TOTAL THIS MO. 409
DPTR FM NORMAL 13 [PRESSURE DATA]
TOTAL FM JAN 1 657 HIGHEST SLP 30.08 ON 12
DPTR FM NORMAL -7 LOWEST SLP 29.58 ON 15
[REMARKS]
#FINAL-06-23#