000
CXUS51 KCAR 010700
CF6MLT
PRELIMINARY LOCAL CLIMATOLOGICAL DATA (WS FORM: F-6)
STATION: MILLINOCKET ME
MONTH: JUNE
YEAR: 2022
LATITUDE: 45 39 N
LONGITUDE: 68 41 W
TEMPERATURE IN F: :PCPN: SNOW: WIND :SUNSHINE: SKY :PK WND
================================================================================
1 2 3 4 5 6A 6B 7 8 9 10 11 12 13 14 15 16 17 18
12Z AVG MX 2MIN
DY MAX MIN AVG DEP HDD CDD WTR SNW DPTH SPD SPD DIR MIN PSBL S-S WX SPD DR
================================================================================
1 71 39 55 -3 10 0 0.00 M M 3.4 12 320 M M 0 17 350
2 75 48 62 3 3 0 0.00 M M 2.4 12 80 M M 0 16 60
3 69 47 58 -1 7 0 T M M 2.0 10 250 M M 6 16 240
4 69 53 61 2 4 0 0.16 M M 3.6 10 250 M M 9 1 16 230
5 67 48 58 -2 7 0 0.07 M M 4.8 26 310 M M 5 1 33 310
6 70 42 56 -4 9 0 0.00 M M 2.5 10 310 M M 6 12 15 40
7 79 43 61 1 4 0 0.00 M M 3.7 13 170 M M 0 20 160
8 64 55 60 0 5 0 0.40 M M 4.5 17 180 M M 7 1 29 180
9 63 51 57 -4 8 0 0.24 M M 4.8 15 290 M M 7 1 22 290
10 72 53 63 2 2 0 0.03 M M 6.9 18 290 M M 5 26 290
11 78 50 64 3 1 0 0.00 M M 3.9 14 290 M M 2 22 310
12 80 50 65 3 0 0 0.00 M M 3.0 10 160 M M 1 8 17 190
13 69 56 63 1 2 0 T M M 3.5 8 140 M M 8 1 14 140
14 75 53 64 2 1 0 0.16 M M 6.9 18 360 M M 6 1 29 350
15 80 54 67 4 0 2 0.00 M M 3.7 13 90 M M 0 16 60
16 75 50 63 0 2 0 0.05 M M 4.6 15 160 M M 3 1 26 160
17 72 56 64 1 1 0 0.19 M M 3.3 10 290 M M 8 13 18 200
18 63 49 56 -8 9 0 0.44 M M 9.6 18 310 M M 10 1 28 290
19 49 47 48 -16 17 0 0.29 M M 10.7 17 350 M M 10 1 24 340
20 67 45 56 -8 9 0 0.01 M M 8.4 16 20 M M 6 26 330
21 75 40 58 -6 7 0 0.00 M M 3.0 9 130 M M 0 14 170
22 72 48 60 -5 5 0 0.00 M M 5.4 14 170 M M 1 26 180
23 74 52 63 -2 2 0 0.00 M M 4.3 13 170 M M 6 1 20 240
24 79 57 68 3 0 3 0.00 M M 2.9 10 110 M M 5 14 90
25 89 55 72 7 0 7 0.00 M M 3.1 12 330 M M 2 15 330
26 90 55 73 7 0 8 0.00 M M 2.8 12 160 M M 1 18 150
27 75 62 69 3 0 4 0.06 M M 3.7 9 210 M M 6 1 17 270
28 77 52 65 -1 0 0 0.00 M M 6.4 17 310 M M 1 24 310
29 79 47 63 -3 2 0 0.00 M M 3.4 21 300 M M 1 30 300
30 76 54 65 -2 0 0 T M M 3.9 13 330 M M 6 18 310
================================================================================
SM 2193 1511 117 24 2.10 M 135.1 M 128
================================================================================
AV 73.1 50.4 4.5 FASTST M M 4 MAX(MPH)
MISC ----> 26 310 33 310
================================================================================
NOTES:
# LAST OF SEVERAL OCCURRENCES
COLUMN 17 PEAK WIND IN M.P.H.
PRELIMINARY LOCAL CLIMATOLOGICAL DATA (WS FORM: F-6) , PAGE 2
STATION: MILLINOCKET ME
MONTH: JUNE
YEAR: 2022
LATITUDE: 45 39 N
LONGITUDE: 68 41 W
[TEMPERATURE DATA] [PRECIPITATION DATA] SYMBOLS USED IN COLUMN 16
AVERAGE MONTHLY: 61.7 TOTAL FOR MONTH: 2.10 1 = FOG OR MIST
DPTR FM NORMAL: -0.9 DPTR FM NORMAL: -2.10 2 = FOG REDUCING VISIBILITY
HIGHEST: 90 ON 26 GRTST 24HR 0.70 ON 18-19 TO 1/4 MILE OR LESS
LOWEST: 39 ON 1 3 = THUNDER
SNOW, ICE PELLETS, HAIL 4 = ICE PELLETS
TOTAL MONTH: M 5 = HAIL
GRTST 24HR M ON M 6 = FREEZING RAIN OR DRIZZLE
GRTST DEPTH: M ON M 7 = DUSTSTORM OR SANDSTORM:
VSBY 1/2 MILE OR LESS
8 = SMOKE OR HAZE
[NO. OF DAYS WITH] [WEATHER - DAYS WITH] 9 = BLOWING SNOW
X = TORNADO
MAX 32 OR BELOW: 0 0.01 INCH OR MORE: 12
MAX 90 OR ABOVE: 1 0.10 INCH OR MORE: 7
MIN 32 OR BELOW: 0 0.50 INCH OR MORE: 0
MIN 0 OR BELOW: 0 1.00 INCH OR MORE: 0
[HDD (BASE 65) ]
TOTAL THIS MO. 117 CLEAR (SCALE 0-3) 13
DPTR FM NORMAL -1 PTCLDY (SCALE 4-7) 14
TOTAL FM JUL 1 7872 CLOUDY (SCALE 8-10) 3
DPTR FM NORMAL -481
[CDD (BASE 65) ]
TOTAL THIS MO. 24
DPTR FM NORMAL -24 [PRESSURE DATA]
TOTAL FM JAN 1 44 HIGHEST SLP 30.24 ON 29
DPTR FM NORMAL -11 LOWEST SLP 29.41 ON 18
[REMARKS]
#FINAL-06-22#