000
CXUS56 KPQR 011536
CLMMMV
CLIMATE REPORT
NATIONAL WEATHER SERVICE PORTLAND OREGON
836 AM PDT SUN OCT 01 2023
...................................
...THE MCMINNVILLE OR CLIMATE SUMMARY FOR THE MONTH OF SEPTEMBER 2023...
CLIMATE NORMAL PERIOD 1991 TO 2020
CLIMATE RECORD PERIOD 1894 TO 2023
WEATHER OBSERVED NORMAL DEPART LAST YEAR`S
VALUE DATE(S) VALUE FROM VALUE DATE(S)
NORMAL
................................................................
TEMPERATURE (F)
HIGHEST 94 93 09/01
LOWEST 40 38 09/08
AVG. MAXIMUM 75.3 77.0 -1.7 80.1
AVG. MINIMUM 49.4 48.2 1.2 50.6
MEAN 62.4 62.6 -0.2 65.3
DAYS MAX >= 90 2 2.8 -0.8 2
DAYS MAX <= 32 0 0.0 0.0 0
DAYS MIN <= 32 0 0.0 0.0 0
DAYS MIN <= 0 0 0.0 0.0 0
PRECIPITATION (INCHES)
RECORD
MAXIMUM 7.58 1996
MINIMUM 0.00 1991
TOTALS 2.30 1.30 1.00 0.38
DAYS >= .01 9 7.2 1.8 3
DAYS >= .10 6 3.3 2.7 1
DAYS >= .50 1 0.8 0.2 0
DAYS >= 1.00 1 0.2 0.8 0
GREATEST
24 HR. TOTAL 1.10 09/24 TO 09/25
DEGREE DAYS
HEATING TOTAL 107 112 -5 40
SINCE 7/1 118 171 -53 MM
COOLING TOTAL 33 40 -7 59
SINCE 1/1 473 282 191 MM
................................................................
WIND (MPH)
AVERAGE WIND SPEED 4.7
RESULTANT WIND SPEED/DIRECTION 1/260
HIGHEST WIND SPEED/DIRECTION 25/180 DATE 09/26
HIGHEST GUST SPEED/DIRECTION 34/170 DATE 09/26
SKY COVER
POSSIBLE SUNSHINE (PERCENT) MM
AVERAGE SKY COVER 0.39
AVERAGE RH (PERCENT) 67
WEATHER CONDITIONS. NUMBER OF DAYS WITH
THUNDERSTORM 1 MIXED PRECIP 0
HEAVY RAIN 2 RAIN 3
LIGHT RAIN 10 FREEZING RAIN 0
LT FREEZING RAIN 0 HAIL 0
HEAVY SNOW 0 SNOW 0
LIGHT SNOW 0 SLEET 0
FOG 14 FOG W/VIS <= 1/4 MILE 2
HAZE 6
- INDICATES NEGATIVE NUMBERS.
R INDICATES RECORD WAS SET OR TIED.
MM INDICATES DATA IS MISSING.
T INDICATES TRACE AMOUNT.
$$