000
CXUS56 KMTR 010900
CF6MRY
PRELIMINARY LOCAL CLIMATOLOGICAL DATA (WS FORM: F-6)
STATION: MONTEREY AIRPORT
MONTH: JULY
YEAR: 2021
LATITUDE: 36 34 N
LONGITUDE: 121 51 W
TEMPERATURE IN F: :PCPN: SNOW: WIND :SUNSHINE: SKY :PK WND
================================================================================
1 2 3 4 5 6A 6B 7 8 9 10 11 12 13 14 15 16 17 18
12Z AVG MX 2MIN
DY MAX MIN AVG DEP HDD CDD WTR SNW DPTH SPD SPD DIR MIN PSBL S-S WX SPD DR
================================================================================
1 71 58 65 4 0 0 T M M 6.6 15 270 M M 9 18 19 260
2 69 58 64 3 1 0 0.00 M M 7.2 15 270 M M 9 18 20 280
3 70 58 64 3 1 0 0.00 M M 5.1 14 240 M M 9 18 18 260
4 70 58 64 3 1 0 0.01 M M 6.0 18 270 M M 8 18 22 260
5 70 58 64 3 1 0 0.00 M M 6.1 17 260 M M 8 1 21 260
6 67 57 62 1 3 0 0.00 M M 7.6 15 300 M M 8 18 19 320
7 66 58 62 1 3 0 0.00 M M 8.3 15 280 M M 9 18 20 270
8 72 56 64 3 1 0 0.00 M M 5.5 13 320 M M 5 18 15 270
9 72 58 65 4 0 0 0.00 M M 5.2 13 350 M M 1 18 15 330
10 69 57 63 2 2 0 0.00 M M 5.4 10 330 M M 4 1 M M
11 67 57 62 1 3 0 0.00 M M 8.9 15 310 M M 10 18 20 300
12 65 56 61 0 4 0 0.00 M M 9.1 15 260 M M 9 18 19 290
13 65 56 61 -1 4 0 0.00 M M 7.6 14 270 M M 10 18 18 280
14 66 57 62 0 3 0 0.00 M M 7.1 17 260 M M 8 18 22 250
15 65 56 61 -1 4 0 0.00 M M 7.3 15 310 M M 9 18 20 300
16 66 55 61 -1 4 0 0.00 M M 6.7 15 330 M M 9 18 20 320
17 69 55 62 0 3 0 0.00 M M 6.0 17 260 M M 8 1 21 250
18 73 55 64 2 1 0 0.00 M M 4.3 12 340 M M 6 18 15 270
19 73 57 65 3 0 0 0.00 M M 5.9 15 270 M M 5 18 18 270
20 67 56 62 0 3 0 0.00 M M 7.6 15 280 M M 6 18 19 320
21 68 57 63 1 2 0 0.00 M M 8.5 14 300 M M 6 18 19 300
22 67 57 62 0 3 0 0.00 M M 7.6 15 310 M M 8 18 19 320
23 68 57 63 1 2 0 0.00 M M 8.4 20 250 M M 7 18 24 250
24 70 56 63 1 2 0 0.00 M M 5.1 15 250 M M 6 18 18 250
25 72 57 65 3 0 0 0.00 M M 5.7 17 260 M M 7 18 21 260
26 73 59 66 4 0 1 0.00 M M 3.6 14 270 M M 7 8 18 260
27 80 60 70 8 0 5 0.00 M M 4.9 16 260 M M 3 20 270
28 72 58 65 3 0 0 0.00 M M 4.8 14 270 M M 6 1 19 270
29 79 59 69 7 0 4 0.00 M M 4.7 12 290 M M 6 1 14 280
30 75 60 68 6 0 3 0.00 M M 6.1 18 250 M M 7 18 23 250
31 73 59 66 4 0 1 0.00 M M 6.2 18 250 M M 5 18 22 270
================================================================================
SM 2169 1775 51 14 0.01 M 199.1 M 218
================================================================================
AV 70.0 57.3 6.4 FASTST M M 7 MAX(MPH)
MISC ----> 20 250 24 250
================================================================================
NOTES:
# LAST OF SEVERAL OCCURRENCES
COLUMN 17 PEAK WIND IN M.P.H.
PRELIMINARY LOCAL CLIMATOLOGICAL DATA (WS FORM: F-6) , PAGE 2
STATION: MONTEREY AIRPORT
MONTH: JULY
YEAR: 2021
LATITUDE: 36 34 N
LONGITUDE: 121 51 W
[TEMPERATURE DATA] [PRECIPITATION DATA] SYMBOLS USED IN COLUMN 16
AVERAGE MONTHLY: 63.6 TOTAL FOR MONTH: 0.01 1 = FOG OR MIST
DPTR FM NORMAL: 2.0 DPTR FM NORMAL: -0.01 2 = FOG REDUCING VISIBILITY
HIGHEST: 80 ON 27 GRTST 24HR 0.01 ON 4- 4 TO 1/4 MILE OR LESS
LOWEST: 55 ON 18,17 3 = THUNDER
SNOW, ICE PELLETS, HAIL 4 = ICE PELLETS
TOTAL MONTH: M 5 = HAIL
GRTST 24HR M ON M 6 = FREEZING RAIN OR DRIZZLE
GRTST DEPTH: M ON M 7 = DUSTSTORM OR SANDSTORM:
VSBY 1/2 MILE OR LESS
8 = SMOKE OR HAZE
[NO. OF DAYS WITH] [WEATHER - DAYS WITH] 9 = BLOWING SNOW
X = TORNADO
MAX 32 OR BELOW: 0 0.01 INCH OR MORE: 1
MAX 90 OR ABOVE: 0 0.10 INCH OR MORE: 0
MIN 32 OR BELOW: 0 0.50 INCH OR MORE: 0
MIN 0 OR BELOW: 0 1.00 INCH OR MORE: 0
[HDD (BASE 65) ]
TOTAL THIS MO. 51 CLEAR (SCALE 0-3) 2
DPTR FM NORMAL -63 PTCLDY (SCALE 4-7) 17
TOTAL FM JUL 1 51 CLOUDY (SCALE 8-10) 12
DPTR FM NORMAL -66
[CDD (BASE 65) ]
TOTAL THIS MO. 14
DPTR FM NORMAL 7 [PRESSURE DATA]
TOTAL FM JAN 1 35 HIGHEST SLP M ON M
DPTR FM NORMAL 17 LOWEST SLP 29.88 ON 8
[REMARKS]
#FINAL-07-21#