000
CXUS54 KHUN 011927
CF6MSL
PRELIMINARY LOCAL CLIMATOLOGICAL DATA (WS FORM: F-6)
STATION: MUSCLE SHOALS
MONTH: SEPTEMBER
YEAR: 2020
LATITUDE: 34 45 N
LONGITUDE: 87 37 W
TEMPERATURE IN F: :PCPN: SNOW: WIND :SUNSHINE: SKY :PK WND
================================================================================
1 2 3 4 5 6A 6B 7 8 9 10 11 12 13 14 15 16 17 18
12Z AVG MX 2MIN
DY MAX MIN AVG DEP HDD CDD WTR SNW DPTH SPD SPD DIR MIN PSBL S-S WX SPD DR
================================================================================
1 89 74 82 4 0 17 0.10 0.0 0 4.4 20 190 M M 4 138 25 180
2 92 77 85 7 0 20 0.00 0.0 0 6.9 16 210 M M 3 19 220
3 91 75 83 6 0 18 0.00 0.0 0 7.5 20 260 M M 2 25 250
4 92 68 80 3 0 15 0.02 0.0 0 4.5 17 340 M M 2 3 24 340
5 88 63 76 -1 0 11 0.00 0.0 0 3.8 10 80 M M 0 14 80
6 90 62 76 0 0 11 0.00 0.0 0 2.0 9 80 M M 0 12 14 70
7 90 62 76 0 0 11 0.00 0.0 0 3.0 12 140 M M 0 15 160
8 90 64 77 1 0 12 0.00 0.0 0 3.4 10 150 M M 1 14 210
9 89 65 77 1 0 12 0.00 0.0 0 3.3 13 100 M M 0 1 18 110
10 92 67 80 5 0 15 0.00 0.0 0 2.8 10 30 M M 1 1 13 40
11 94 69 82 7 0 17 0.00 0.0 0 2.5 10 100 M M 1 1 14 70
12 92 74 83 8 0 18 T 0.0 0 5.1 20 140 M M 3 13 24 150
13 86 73 80 6 0 15 2.37 0.0 0 4.3 20 310 M M 5 13 25 310
14 88 72 80 6 0 15 0.00 0.0 0 7.1 15 20 M M 1 20 40
15 84 70 77 3 0 12 0.00 0.0 0 6.8 14 110 M M 4 18 110
16 76 69 73 0 0 8 0.05 0.0 0 7.1 14 110 M M 8 1 19 100
17 88 70 79 6 0 14 0.00 0.0 0 8.0 15 340 M M 4 23 350
18 80 65 73 1 0 8 0.00 0.0 0 7.7 15 50 M M 0 23 50
19 78 59 69 -3 0 4 0.00 0.0 0 6.8 14 40 M M 5 18 40
20 82 61 72 0 0 7 0.00 0.0 0 6.9 15 100 M M 2 21 60
21 77 55 66 -5 0 1 0.00 0.0 0 7.5 18 120 M M 0 29 110
22 76 52 64 -7 1 0 0.00 0.0 0 3.3 12 140 M M 3 8 16 150
23 68 57 63 -7 2 0 0.82 0.0 0 4.5 13 80 M M 9 1 16 70
24 70 57 64 -6 1 0 1.37 0.0 0 7.9 20 120 M M 10 16 30 140
25 73 67 70 0 0 5 0.00 0.0 0 2.2 7 300 M M 10 1 9 320
26 77 64 71 2 0 6 T 0.0 0 2.5 9 210 M M 9 11 200
27 84 63 74 5 0 9 0.00 0.0 0 3.9 15 250 M M 3 1 19 250
28 78 56 67 -1 0 2 0.06 0.0 0 5.8 18 300 M M 5 1 24 310
29 73 51 62 -6 3 0 0.00 0.0 0 5.2 17 290 M M 1 25 290
30 79 49 64 -4 1 0 0.00 0.0 0 6.2 18 240 M M 0 24 220
================================================================================
SM 2506 1930 8 283 4.79 0.0 152.9 M 96
================================================================================
AV 83.5 64.3 5.1 FASTST M M 3 MAX(MPH)
MISC ----> # 20 190 30 140
================================================================================
NOTES:
# LAST OF SEVERAL OCCURRENCES
COLUMN 17 PEAK WIND IN M.P.H.
PRELIMINARY LOCAL CLIMATOLOGICAL DATA (WS FORM: F-6) , PAGE 2
STATION: MUSCLE SHOALS
MONTH: SEPTEMBER
YEAR: 2020
LATITUDE: 34 45 N
LONGITUDE: 87 37 W
[TEMPERATURE DATA] [PRECIPITATION DATA] SYMBOLS USED IN COLUMN 16
AVERAGE MONTHLY: 73.9 TOTAL FOR MONTH: 4.79 1 = FOG OR MIST
DPTR FM NORMAL: 0.7 DPTR FM NORMAL: 1.07 2 = FOG REDUCING VISIBILITY
HIGHEST: 94 ON 11 GRTST 24HR 2.37 ON 13-14 TO 1/4 MILE OR LESS
LOWEST: 49 ON 30 3 = THUNDER
SNOW, ICE PELLETS, HAIL 4 = ICE PELLETS
TOTAL MONTH: 0.0 INCH 5 = HAIL
GRTST 24HR 0.0 6 = FREEZING RAIN OR DRIZZLE
GRTST DEPTH: 0 7 = DUSTSTORM OR SANDSTORM:
VSBY 1/2 MILE OR LESS
8 = SMOKE OR HAZE
[NO. OF DAYS WITH] [WEATHER - DAYS WITH] 9 = BLOWING SNOW
X = TORNADO
MAX 32 OR BELOW: 0 0.01 INCH OR MORE: 7
MAX 90 OR ABOVE: 9 0.10 INCH OR MORE: 4
MIN 32 OR BELOW: 0 0.50 INCH OR MORE: 3
MIN 0 OR BELOW: 0 1.00 INCH OR MORE: 2
[HDD (BASE 65) ]
TOTAL THIS MO. 8 CLEAR (SCALE 0-3) 18
DPTR FM NORMAL -7 PTCLDY (SCALE 4-7) 8
TOTAL FM JUL 1 8 CLOUDY (SCALE 8-10) 4
DPTR FM NORMAL -6
[CDD (BASE 65) ]
TOTAL THIS MO. 283
DPTR FM NORMAL 24 [PRESSURE DATA]
TOTAL FM JAN 1 2042 HIGHEST SLP 30.34 ON 21
DPTR FM NORMAL 240 LOWEST SLP 29.77 ON 28
[REMARKS]
PRECIPITATION DATA FOR SEPTEMBER 16TH, 23RD AND 24TH WERE TAKEN FROM
THE MUSCLE SHOALS REGIONAL CLIMATE REFERENCE NETWORK SITE (MSXA1,
STATION ID=1366) AT TVA, WHICH IS LOCATED APPROXIMATELY 3.4 MILES
NORTHWEST OF THE MUSCLE SHOALS ASOS (KMSL).
#FINAL-09-20#