000
CXUS51 KBTV 010700
CF6MSS
PRELIMINARY LOCAL CLIMATOLOGICAL DATA (WS FORM: F-6)
STATION: MASSENA NY
MONTH: AUGUST
YEAR: 2023
LATITUDE: 44 55 N
LONGITUDE: 74 51 W
TEMPERATURE IN F: :PCPN: SNOW: WIND :SUNSHINE: SKY :PK WND
================================================================================
1 2 3 4 5 6A 6B 7 8 9 10 11 12 13 14 15 16 17 18
12Z AVG MX 2MIN
DY MAX MIN AVG DEP HDD CDD WTR SNW DPTH SPD SPD DIR MIN PSBL S-S WX SPD DR
================================================================================
1 72 45 59 -10 6 0 0.00 M M 3.5 14 310 M M 3 12 21 310
2 77 46 62 -7 3 0 0.00 M M 2.8 15 200 M M 1 1 19 210
3 79 57 68 -1 0 3 0.07 M M 10.2 23 210 M M 5 13 30 210
4 79 59 69 0 0 4 0.02 M M 5.5 12 310 M M 5 13 15 220
5 76 53 65 -4 0 0 0.00 M M 3.5 13 290 M M 2 12 16 290
6 81 53 67 -2 0 2 0.00 M M 3.0 12 270 M M 0 1 14 270
7 73 59 66 -3 0 1 0.26 M M 7.3 15 60 M M 6 13 20 10
8 78 65 72 3 0 7 0.26 M M 7.4 16 220 M M 10 1 19 220
9 82 58 70 1 0 5 0.00 M M 7.8 23 250 M M 0 13 29 240
10 79 59 69 1 0 4 0.44 M M 4.9 26 220 M M 3 138 33 220
11 74 56 65 -3 0 0 0.00 M M 7.9 17 260 M M 5 1 22 260
12 80 55 68 0 0 3 0.75 M M 3.0 13 50 M M 5 123 16 40
13 76 59 68 0 0 3 0.00 M M 8.7 20 240 M M 8 1 26 240
14 75 56 66 -2 0 1 0.00 M M 4.2 13 250 M M 1 1 15 250
15 78 55 67 -1 0 2 0.00 M M 4.4 14 60 M M 1 18 20 50
16 81 62 72 4 0 7 0.08 M M 1.7 8 40 M M 4 1 10 40
17 82 59 71 3 0 6 0.00 M M 4.5 12 150 M M 5 1 17 150
18 74 59 67 -1 0 2 0.91 M M 11.4 22 220 M M 8 1 30 240
19 71 57 64 -3 1 0 0.12 M M 8.1 18 270 M M 7 1 24 260
20 78 58 68 1 0 3 T M M 9.6 20 220 M M 4 138 27 210
21 73 53 63 -4 2 0 0.00 M M 6.3 14 320 M M 3 20 330
22 76 48 62 -5 3 0 0.00 M M 2.7 9 360 M M 0 1 13 30
23 79 50 65 -2 0 0 0.00 M M 1.7 9 190 M M 0 1 11 180
24 78 52 65 -1 0 0 0.10 M M 5.4 17 180 M M 6 1 23 180
25 71 61 66 0 0 1 0.03 M M 2.8 7 10 M M 10 1 9 70
26 74 60 67 1 0 2 0.11 M M 6.7 17 310 M M 9 18 22 320
27 74 53 64 -2 1 0 0.00 M M 1.7 7 100 M M 6 1 12 90
28 78 48 63 -3 2 0 T M M 1.9 10 240 M M 3 1 14 190
29 79 55 67 2 0 2 0.03 M M 1.3 15 170 M M 5 1 19 180
30 72 54 63 -2 2 0 0.48 M M 6.4 18 320 M M 7 13 28 330
31 69 50 60 -5 5 0 0.00 M M 4.4 12 260 M M 1 8 16 320
================================================================================
SM 2368 1714 25 58 3.66 M 160.7 M 133
================================================================================
AV 76.4 55.3 5.2 FASTST M M 4 MAX(MPH)
MISC ----> 26 220 33 220
================================================================================
NOTES:
# LAST OF SEVERAL OCCURRENCES
COLUMN 17 PEAK WIND IN M.P.H.
PRELIMINARY LOCAL CLIMATOLOGICAL DATA (WS FORM: F-6) , PAGE 2
STATION: MASSENA NY
MONTH: AUGUST
YEAR: 2023
LATITUDE: 44 55 N
LONGITUDE: 74 51 W
[TEMPERATURE DATA] [PRECIPITATION DATA] SYMBOLS USED IN COLUMN 16
AVERAGE MONTHLY: 65.8 TOTAL FOR MONTH: 3.66 1 = FOG OR MIST
DPTR FM NORMAL: -1.7 DPTR FM NORMAL: 0.30 2 = FOG REDUCING VISIBILITY
HIGHEST: 82 ON 17, 9 GRTST 24HR 0.97 ON 18-19 TO 1/4 MILE OR LESS
LOWEST: 45 ON 1 3 = THUNDER
SNOW, ICE PELLETS, HAIL 4 = ICE PELLETS
TOTAL MONTH: M 5 = HAIL
GRTST 24HR M ON M 6 = FREEZING RAIN OR DRIZZLE
GRTST DEPTH: M ON M 7 = DUSTSTORM OR SANDSTORM:
VSBY 1/2 MILE OR LESS
8 = SMOKE OR HAZE
[NO. OF DAYS WITH] [WEATHER - DAYS WITH] 9 = BLOWING SNOW
X = TORNADO
MAX 32 OR BELOW: 0 0.01 INCH OR MORE: 14
MAX 90 OR ABOVE: 0 0.10 INCH OR MORE: 9
MIN 32 OR BELOW: 0 0.50 INCH OR MORE: 2
MIN 0 OR BELOW: 0 1.00 INCH OR MORE: 0
[HDD (BASE 65) ]
TOTAL THIS MO. 25 CLEAR (SCALE 0-3) 12
DPTR FM NORMAL -13 PTCLDY (SCALE 4-7) 15
TOTAL FM JUL 1 37 CLOUDY (SCALE 8-10) 4
DPTR FM NORMAL -18
[CDD (BASE 65) ]
TOTAL THIS MO. 58
DPTR FM NORMAL -59 [PRESSURE DATA]
TOTAL FM JAN 1 341 HIGHEST SLP M ON M
DPTR FM NORMAL -29 LOWEST SLP 29.53 ON 8
[REMARKS]
#FINAL-08-23#