000
CXUS53 KGJT 011433
CLAMTJ
CLIMATE REPORT
NATIONAL WEATHER SERVICE GRAND JUNCTION CO
642 AM MST WED JAN 1 2020
...................................
...THE MONTROSE CO CLIMATE SUMMARY FOR THE YEAR OF 2019...
CLIMATE NORMAL PERIOD 1981 TO 2010
CLIMATE RECORD PERIOD 9999 TO 9999
WEATHER OBSERVED NORMAL DEPART LAST YEAR`S
VALUE DATE(S) VALUE FROM VALUE DATE(S)
NORMAL
................................................................
TEMPERATURE (F)
RECORD
HIGH MM MM
LOW MM MM
HIGHEST 96 07/19 MM MM 99 06/27
LOWEST -12 01/02 MM MM 4 02/21
AVG. MAXIMUM 62.8 63.7 -0.9 65.4
AVG. MINIMUM 36.0 35.8 0.2 37.5
MEAN 49.4 49.8 -0.4 51.4
DAYS MAX >= 90 47 33.1 13.9 62
DAYS MAX <= 32 24 18.4 5.6 12
DAYS MIN <= 32 160 156.5 3.5 154
DAYS MIN <= 0 4 3.5 0.5 0
PRECIPITATION (INCHES)
RECORD
MAXIMUM MM MM
MINIMUM MM MM
TOTALS 8.37 11.32 -2.95 5.83
DAILY AVG. 0.02 0.03 -0.01 0.02
DAYS >= .01 81 MM MM 68
DAYS >= .10 24 MM MM 23
DAYS >= .50 2 MM MM 0
DAYS >= 1.00 0 MM MM 0
GREATEST
24 HR. TOTAL 0.53 MM
SNOWFALL (INCHES)
RECORDS
TOTAL MM MM
24 HR TOTAL MM
SNOW DEPTH MM MM
TOTALS MM MM MM MM
LIQUID EQUIV MM MM MM MM
SINCE 7/1 MM MM MM MM
LIQUID 7/1 MM MM MM MM
SNOWDEPTH AVG. MM MM MM MM
DAYS >= TRACE MM MM MM MM
DAYS >= 1.0 MM MM MM MM
GREATEST
SNOW DEPTH MM MM MM
24 HR TOTAL MM MM
STORM TOTAL MM MM
DEGREE_DAYS
HEATING TOTAL 6343 6202 141 5782
SINCE 7/1 2555 2608 -53 2616
COOLING TOTAL 797 644 153 961
SINCE 1/1 797 643 154 961
FREEZE DATES
RECORD
EARLIEST MM
LATEST MM
EARLIEST MM
LATEST MM
.................................................................
WIND (MPH)
AVERAGE WIND SPEED 7.2
RESULTANT WIND SPEED/DIRECTION 2/159
HIGHEST WIND SPEED/DIRECTION 51/250 DATE 07/01
HIGHEST GUST SPEED/DIRECTION 66/210 DATE 03/06
SKY COVER
POSSIBLE SUNSHINE (PERCENT) MM
AVERAGE SKY COVER 0.20
NUMBER OF DAYS FAIR 256
NUMBER OF DAYS PC 76
NUMBER OF DAYS CLOUDY 32
AVERAGE RH (PERCENT) 49
WEATHER CONDITIONS. NUMBER OF DAYS WITH
THUNDERSTORM 41 MIXED PRECIP 0
HEAVY RAIN 11 RAIN 27
LIGHT RAIN 105 FREEZING RAIN 0
LT FREEZING RAIN 0 HAIL 0
HEAVY SNOW 3 SNOW 11
LIGHT SNOW 46 SLEET 0
FOG 61 FOG W/VIS <= 1/4 MILE 7
HAZE 69
- INDICATES NEGATIVE NUMBERS.
R INDICATES RECORD WAS SET OR TIED.
MM INDICATES DATA IS MISSING.
T INDICATES TRACE AMOUNT.
$$