000
CXUS55 KGJT 011711
CLMMTJ
CLIMATE REPORT
NATIONAL WEATHER SERVICE GRAND JUNCTION CO
1011 AM MST MON JAN 01 2024
...................................
...THE MONTROSE CO CLIMATE SUMMARY FOR THE MONTH OF DECEMBER 2023...
CLIMATE NORMAL PERIOD 1991 TO 2020
CLIMATE RECORD PERIOD 9999 TO 9999
WEATHER OBSERVED NORMAL DEPART LAST YEAR`S
VALUE DATE(S) VALUE FROM VALUE DATE(S)
NORMAL
................................................................
TEMPERATURE (F)
HIGHEST 55 12/07 MM MM 55 12/01
12/11
LOWEST 9 12/27 MM MM 5 12/17
AVG. MAXIMUM 42.5 38.6 3.9 39.8
AVG. MINIMUM 20.6 16.1 4.5 20.5
MEAN 31.6 27.3 4.3 30.1
DAYS MAX >= 90 0 0.0 0.0 0
DAYS MAX <= 32 4 8.3 -4.3 7
DAYS MIN <= 32 31 30.2 0.8 30
DAYS MIN <= 0 0 1.6 -1.6 0
PRECIPITATION (INCHES)
TOTALS 0.41 0.46 -0.05 0.65
DAILY AVG. 0.01 0.01 -0.00 0.02
DAYS >= .01 5 5.6 -0.6 8
DAYS >= .10 1 1.7 -0.7 3
DAYS >= .50 0 0.1 -0.1 0
DAYS >= 1.00 0 0.0 0.0 0
GREATEST
24 HR. TOTAL 0.26 12/01 TO 12/02 0.33
SNOWFALL (INCHES)
TOTALS MM MM MM MM
SINCE 7/1 MM MM MM MM
SNOWDEPTH AVG. MM MM
DAYS >= 1.0 MM MM MM MM
GREATEST
SNOW DEPTH MM MM MM
24 HR TOTAL MM MM
DEGREE DAYS
HEATING TOTAL 1029 1167 -138 1077
SINCE 7/1 2246 2526 -280 2492
COOLING TOTAL 0 0 0 0
SINCE 1/1 788 699 89 871
................................................................
WIND (MPH)
AVERAGE WIND SPEED 5.1
HIGHEST WIND SPEED/DIRECTION 22/250 DATE 12/07
22/270 12/08
HIGHEST GUST SPEED/DIRECTION 30/340 DATE 12/08
SKY COVER
POSSIBLE SUNSHINE (PERCENT) MM
AVERAGE SKY COVER 0.34
NUMBER OF DAYS FAIR 18
NUMBER OF DAYS PC 8
NUMBER OF DAYS CLOUDY 5
AVERAGE RH (PERCENT) 66
WEATHER CONDITIONS. NUMBER OF DAYS WITH
THUNDERSTORM 0 MIXED PRECIP 0
HEAVY RAIN 0 RAIN 0
LIGHT RAIN 3 FREEZING RAIN 0
LT FREEZING RAIN 0 HAIL 0
HEAVY SNOW 2 SNOW 2
LIGHT SNOW 4 SLEET 0
FOG 6 FOG W/VIS <= 1/4 MILE 2
HAZE 0
- INDICATES NEGATIVE NUMBERS.
R INDICATES RECORD WAS SET OR TIED.
MM INDICATES DATA IS MISSING.
T INDICATES TRACE AMOUNT.
$$