000
CXUS55 KBOI 011002
CF6MUO
PRELIMINARY LOCAL CLIMATOLOGICAL DATA (WS FORM: F-6)
STATION: MOUNTAIN HOME AFB
MONTH: JANUARY
YEAR: 2022
LATITUDE: 43 2 N
LONGITUDE: 115 52 W
TEMPERATURE IN F: :PCPN: SNOW: WIND :SUNSHINE: SKY :PK WND
================================================================================
1 2 3 4 5 6A 6B 7 8 9 10 11 12 13 14 15 16 17 18
12Z AVG MX 2MIN
DY MAX MIN AVG DEP HDD CDD WTR SNW DPTH SPD SPD DIR MIN PSBL S-S WX SPD DR
================================================================================
1 19 2 11 -18 54 0 0.00 M M 8.0 18 320 M M 0 M M
2 23 5 14 -15 51 0 0.00 M M 20.3 29 130 M M 3 8 36 130
3 42 15 29 0 36 0 0.02 M M 21.9 33 220 M M 1 41 210
4 33 29 31 2 34 0 0.58 M M 7.1 13 280 M M 9 16 M M
5 36 31 34 5 31 0 0.32 M M 9.0 16 330 M M 9 1 M M
6 36 31 34 5 31 0 0.01 M M 6.4 15 100 M M 4 1 M M
7 49 32 41 13 24 0 T M M 11.0 18 100 M M 5 M M
8 37 22 30 1 35 0 0.00 M M 5.9 12 320 M M 3 M M
9 33 18 26 -3 39 0 0.00 M M 13.9 22 130 M M 0 27 120
10 34 20 27 -3 38 0 0.00 M M 14.6 27 120 M M 1 33 120
11 32 17 25 -5 40 0 0.00 M M 10.5 20 120 M M 5 21 110
12 38 20 29 -1 36 0 0.00 M M 9.6 17 120 M M 2 M M
13 39 27 33 3 32 0 0.00 M M 12.2 23 130 M M 4 1 M M
14 36 22 29 -1 36 0 0.00 M M 8.9 18 310 M M 0 1 M M
15 32 22 27 -3 38 0 0.00 M M 11.1 22 120 M M 4 1 M M
16 32 21 27 -4 38 0 0.00 M M 3.8 9 120 M M 3 1 M M
17 29 18 24 -7 41 0 0.00 M M 3.0 8 100 M M 7 126 M M
18 30 26 28 -3 37 0 T M M 2.7 7 220 M M 10 1 M M
19 32 28 30 -1 35 0 T M M 2.4 6 130 M M 9 1 M M
20 32 24 28 -3 37 0 0.07 M M 10.4 21 110 M M 10 126 25 110
21 35 23 29 -2 36 0 0.05 M M 11.4 27 340 M M 6 126 31 320
22 32 23 28 -3 37 0 0.00 M M 7.6 14 100 M M 8 M M
23 30 28 29 -2 36 0 0.00 M M 3.7 8 120 M M 10 M M
24 29 25 27 -4 38 0 T M M 6.7 16 310 M M 10 15 M M
25 30 26 28 -3 37 0 T M M 7.0 15 350 M M 10 1 M M
26 27 21 24 -8 41 0 0.00 M M 6.5 14 110 M M 10 1 M M
27 27 15 21 -11 44 0 0.00 M M 9.8 18 110 M M 6 1 M M
28 26 9 18 -14 47 0 T M M 9.4 16 100 M M 1 16 M M
29 28 8 18 -14 47 0 0.00 M M 4.7 9 110 M M 0 M M
30 26 6 16 -16 49 0 0.00 M M 7.7 22 110 M M 1 M M
31 37 15 26 -6 39 0 T M M 9.7 22 120 M M 5 31 120
================================================================================
SM 1001 629 1194 0 1.05 M 276.8 M 156
================================================================================
AV 32.3 20.3 8.9 FASTST M M 5 MAX(MPH)
MISC ----> 33 220 41 210
================================================================================
NOTES:
# LAST OF SEVERAL OCCURRENCES
COLUMN 17 PEAK WIND IN M.P.H.
PRELIMINARY LOCAL CLIMATOLOGICAL DATA (WS FORM: F-6) , PAGE 2
STATION: MOUNTAIN HOME AFB
MONTH: JANUARY
YEAR: 2022
LATITUDE: 43 2 N
LONGITUDE: 115 52 W
[TEMPERATURE DATA] [PRECIPITATION DATA] SYMBOLS USED IN COLUMN 16
AVERAGE MONTHLY: 26.3 TOTAL FOR MONTH: 1.05 1 = FOG OR MIST
DPTR FM NORMAL: -4.2 DPTR FM NORMAL: -0.09 2 = FOG REDUCING VISIBILITY
HIGHEST: 49 ON 7 GRTST 24HR 0.58 ON 4- 4 TO 1/4 MILE OR LESS
LOWEST: 2 ON 1 3 = THUNDER
SNOW, ICE PELLETS, HAIL 4 = ICE PELLETS
TOTAL MONTH: M 5 = HAIL
GRTST 24HR M ON M 6 = FREEZING RAIN OR DRIZZLE
GRTST DEPTH: M ON M 7 = DUSTSTORM OR SANDSTORM:
VSBY 1/2 MILE OR LESS
8 = SMOKE OR HAZE
[NO. OF DAYS WITH] [WEATHER - DAYS WITH] 9 = BLOWING SNOW
X = TORNADO
MAX 32 OR BELOW: 18 0.01 INCH OR MORE: 6
MAX 90 OR ABOVE: 0 0.10 INCH OR MORE: 2
MIN 32 OR BELOW: 31 0.50 INCH OR MORE: 1
MIN 0 OR BELOW: 0 1.00 INCH OR MORE: 0
[HDD (BASE 65) ]
TOTAL THIS MO. 1194 CLEAR (SCALE 0-3) 11
DPTR FM NORMAL 124 PTCLDY (SCALE 4-7) 10
TOTAL FM JUL 1 3377 CLOUDY (SCALE 8-10) 10
DPTR FM NORMAL -117
[CDD (BASE 65) ]
TOTAL THIS MO. 0
DPTR FM NORMAL 0 [PRESSURE DATA]
TOTAL FM JAN 1 0 HIGHEST SLP M ON M
DPTR FM NORMAL 0 LOWEST SLP M ON M
[REMARKS]
#FINAL-01-22#