000
CXUS54 KFWD 010731
CF6MWL
PRELIMINARY LOCAL CLIMATOLOGICAL DATA (WS FORM: F-6)
STATION: MINERAL WELLS
MONTH: JUNE
YEAR: 2023
LATITUDE: 32 46 N
LONGITUDE: 98 4 W
TEMPERATURE IN F: :PCPN: SNOW: WIND :SUNSHINE: SKY :PK WND
================================================================================
1 2 3 4 5 6A 6B 7 8 9 10 11 12 13 14 15 16 17 18
12Z AVG MX 2MIN
DY MAX MIN AVG DEP HDD CDD WTR SNW DPTH SPD SPD DIR MIN PSBL S-S WX SPD DR
================================================================================
1 88 67 78 1 0 13 0.00 M M 7.2 17 130 M M 2 24 140
2 90 64 77 -1 0 12 0.47 M M 10.3 31 300 M M 3 13 44 300
3 88 63 76 -2 0 11 T M M 4.6 20 60 M M 0 3 28 70
4 88 65 77 -1 0 12 0.08 M M 5.5 17 150 M M 4 138 24 150
5 83 65 74 -4 0 9 0.74 M M 5.9 16 90 M M 6 13 21 50
6 89 65 77 -1 0 12 T M M 3.5 13 120 M M 2 13 17 130
7 90 65 78 -1 0 13 0.05 M M 3.3 17 260 M M 0 13 23 230
8 92 67 80 1 0 15 0.00 M M 4.1 20 140 M M 0 23 150
9 96 66 81 2 0 16 0.00 M M 4.2 10 150 M M 0 16 170
10 99 72 86 7 0 21 0.00 M M 9.1 18 220 M M 0 3 25 210
11 98 69 84 5 0 19 0.92 M M 5.9 30 110 M M 2 13 44 130
12 85 70 78 -2 0 13 T M M 9.6 25 40 M M 7 3 36 30
13 83 71 77 -3 0 12 T M M 6.1 16 40 M M 7 138 23 40
14 92 73 83 3 0 18 0.00 M M 5.8 14 340 M M 6 18 18 340
15 95 72 84 4 0 19 0.00 M M 8.0 17 130 M M 0 18 25 160
16 93 72 83 3 0 18 0.00 M M 8.8 21 70 M M 2 8 27 150
17 94 70 82 2 0 17 T M M 8.7 21 200 M M 1 3 28 200
18 96 74 85 5 0 20 0.00 M M 6.6 15 20 M M 1 22 180
19 103 72 88 7 0 23 0.00 M M 10.3 20 130 M M 1 26 130
20 102 78 90 9 0 25 0.00 M M 10.5 15 90 M M 0 1 22 80
21 96 79 88 7 0 23 0.04 M M 12.5 24 90 M M 1 13 33 80
22 92 76 84 3 0 19 0.01 M M 10.5 24 160 M M 1 32 160
23 94 76 85 4 0 20 T M M 10.1 24 160 M M 2 3 35 170
24 105 74 90 9 0 25 T M M 11.2 28 130 M M 0 3 33 140
25 106 80 93 12 0 28 T M M 10.8 21 210 M M 0 3 31 200
26 106 80 93 11 0 28 0.00 M M 9.4 17 170 M M 0 25 160
27 107 76 92 10 0 27 0.00 M M 9.8 18 170 M M 0 26 150
28 107 76 92 10 0 27 0.00 M M 9.9 20 150 M M 0 29 150
29 104 72 88 6 0 23 T M M 10.7 20 140 M M 0 26 170
30 100 72 86 4 0 21 T M M 10.9 20 130 M M 0 30 150
================================================================================
SM 2861 2141 0 559 2.31 M 243.8 M 48
================================================================================
AV 95.4 71.4 8.1 FASTST M M 2 MAX(MPH)
MISC ----> 31 300 # 44 300
================================================================================
NOTES:
# LAST OF SEVERAL OCCURRENCES
COLUMN 17 PEAK WIND IN M.P.H.
PRELIMINARY LOCAL CLIMATOLOGICAL DATA (WS FORM: F-6) , PAGE 2
STATION: MINERAL WELLS
MONTH: JUNE
YEAR: 2023
LATITUDE: 32 46 N
LONGITUDE: 98 4 W
[TEMPERATURE DATA] [PRECIPITATION DATA] SYMBOLS USED IN COLUMN 16
AVERAGE MONTHLY: 83.4 TOTAL FOR MONTH: 2.31 1 = FOG OR MIST
DPTR FM NORMAL: 3.5 DPTR FM NORMAL: -1.24 2 = FOG REDUCING VISIBILITY
HIGHEST: 107 ON 28,27 GRTST 24HR 0.92 ON 11-11 TO 1/4 MILE OR LESS
LOWEST: 63 ON 3 3 = THUNDER
SNOW, ICE PELLETS, HAIL 4 = ICE PELLETS
TOTAL MONTH: M 5 = HAIL
GRTST 24HR M ON M 6 = FREEZING RAIN OR DRIZZLE
GRTST DEPTH: M ON M 7 = DUSTSTORM OR SANDSTORM:
VSBY 1/2 MILE OR LESS
8 = SMOKE OR HAZE
[NO. OF DAYS WITH] [WEATHER - DAYS WITH] 9 = BLOWING SNOW
X = TORNADO
MAX 32 OR BELOW: 0 0.01 INCH OR MORE: 7
MAX 90 OR ABOVE: 23 0.10 INCH OR MORE: 3
MIN 32 OR BELOW: 0 0.50 INCH OR MORE: 2
MIN 0 OR BELOW: 0 1.00 INCH OR MORE: 0
[HDD (BASE 65) ]
TOTAL THIS MO. 0 CLEAR (SCALE 0-3) 25
DPTR FM NORMAL 0 PTCLDY (SCALE 4-7) 5
TOTAL FM JUL 1 2105 CLOUDY (SCALE 8-10) 0
DPTR FM NORMAL -304
[CDD (BASE 65) ]
TOTAL THIS MO. 559
DPTR FM NORMAL 110 [PRESSURE DATA]
TOTAL FM JAN 1 979 HIGHEST SLP M ON M
DPTR FM NORMAL 136 LOWEST SLP 29.56 ON 15
[REMARKS]
#FINAL-06-23#