000
CXUS54 KLZK 011410
CF6MWT
PRELIMINARY LOCAL CLIMATOLOGICAL DATA (WS FORM: F-6)
STATION: MOUNT IDA
MONTH: AUGUST
YEAR: 2022
LATITUDE: 34 32 N
LONGITUDE: 93 35 W
TEMPERATURE IN F: :PCPN: SNOW: WIND :SUNSHINE: SKY :PK WND
================================================================================
1 2 3 4 5 6A 6B 7 8 9 10 11 12 13 14 15 16 17 18
12Z AVG MX 2MIN
DY MAX MIN AVG DEP HDD CDD WTR SNW DPTH SPD SPD DIR MIN PSBL S-S WX SPD DR
================================================================================
1 94 77 86 4 0 21 0.00 0.0 M 1.7 10 310 M M 1 15 310
2 97 72 85 3 0 20 0.00 0.0 M 2.1 13 180 M M 0 19 120
3 101 76 89 7 0 24 0.00 0.0 M 3.9 12 150 M M 0 19 120
4 82 76 79 -3 0 14 M 0.0 M 0.9 3 99 M M 0 M M
5 97 73 85 3 0 20 0.33 0.0 M 1.7 14 140 M M 1 1 24 140
6 94 76 85 4 0 20 0.00 0.0 M 4.8 14 140 M M 2 22 130
7 98 75 87 6 0 22 0.00 0.0 M 3.4 12 200 M M 2 17 180
8 98 70 84 3 0 19 0.11 0.0 M 2.0 9 220 M M 2 18 15 200
9 90 69 80 -1 0 15 0.22 0.0 M 1.3 9 310 M M 5 1 13 300
10 96 73 85 4 0 20 0.01 0.0 M 1.3 9 140 M M 4 1 17 40
11 93 71 82 1 0 17 0.00 0.0 M 1.5 9 70 M M 4 1 15 140
12 95 67 81 0 0 16 0.00 0.0 M 2.0 12 150 M M 0 1 17 140
13 96 65 81 0 0 16 0.00 0.0 M 2.2 9 140 M M 0 1 14 140
14 98 60 79 -2 0 14 M 0.0 M 1.6 7 160 M M 0 M M
15 101 69 85 4 0 20 0.00 0.0 M 1.2 8 320 M M 1 12 320
16 101 73 87 6 0 22 0.00 0.0 M 2.9 13 130 M M 2 18 80
17 77 70 74 -7 0 9 0.40 0.0 M 1.5 10 140 M M 8 1 15 130
18 87 68 78 -2 0 13 0.02 0.0 M 1.3 9 140 M M 6 1 13 160
19 91 64 78 -2 0 13 0.00 0.0 M 1.7 10 130 M M 2 1 14 140
20 93 65 79 -1 0 14 0.00 0.0 M 2.4 8 170 M M 1 1 13 250
21 80 74 77 -3 0 12 0.18 0.0 0 0.3 6 260 M M 6 1 9 280
22 77 71 74 -6 0 9 0.15 0.0 0 1.6 8 140 M M 10 1 11 140
23 85 73 79 -1 0 14 0.08 0.0 M 2.0 7 100 M M 10 M M
24 89 71 80 0 0 15 0.00 0.0 M 2.0 10 100 M M 8 18 130
25 91 68 80 0 0 15 T 0.0 M 1.9 10 140 M M 2 1 16 110
26 94 67 81 2 0 16 0.00 0.0 0 1.7 9 110 M M 1 14 90
27 95 68 82 3 0 17 0.00 0.0 0 2.5 12 150 M M 1 18 140
28 94 75 85 6 0 20 0.00 0.0 M 4.1 13 140 M M 3 18 200
29 93 75 84 5 0 19 T 0.0 M 2.7 10 150 M M 1 17 150
30 96 73 85 7 0 20 0.00 0.0 M 0.6 7 120 M M 2 9 150
31 94 72 83 5 0 18 0.00 0.0 M 1.4 14 140 M M 2 19 140
================================================================================
SM 2867 2196 0 524 1.50 0.0 62.2 M 87
================================================================================
AV 92.5 70.8 2.0 FASTST M M 3 MAX(MPH)
MISC ----> # 14 140 24 140
================================================================================
NOTES:
# LAST OF SEVERAL OCCURRENCES
COLUMN 17 PEAK WIND IN M.P.H.
PRELIMINARY LOCAL CLIMATOLOGICAL DATA (WS FORM: F-6) , PAGE 2
STATION: MOUNT IDA
MONTH: AUGUST
YEAR: 2022
LATITUDE: 34 32 N
LONGITUDE: 93 35 W
[TEMPERATURE DATA] [PRECIPITATION DATA] SYMBOLS USED IN COLUMN 16
AVERAGE MONTHLY: 81.7 TOTAL FOR MONTH: 1.50 1 = FOG OR MIST
DPTR FM NORMAL: 1.3 DPTR FM NORMAL: -2.16 2 = FOG REDUCING VISIBILITY
HIGHEST: 101 ON 16,15 GRTST 24HR 0.42 ON 17-18 TO 1/4 MILE OR LESS
LOWEST: 60 ON 14 3 = THUNDER
SNOW, ICE PELLETS, HAIL 4 = ICE PELLETS
TOTAL MONTH: 0.0 INCH 5 = HAIL
GRTST 24HR 0.0 6 = FREEZING RAIN OR DRIZZLE
GRTST DEPTH: 0 7 = DUSTSTORM OR SANDSTORM:
VSBY 1/2 MILE OR LESS
8 = SMOKE OR HAZE
[NO. OF DAYS WITH] [WEATHER - DAYS WITH] 9 = BLOWING SNOW
X = TORNADO
MAX 32 OR BELOW: 0 0.01 INCH OR MORE: 9
MAX 90 OR ABOVE: 24 0.10 INCH OR MORE: 6
MIN 32 OR BELOW: 0 0.50 INCH OR MORE: 0
MIN 0 OR BELOW: 0 1.00 INCH OR MORE: 0
[HDD (BASE 65) ]
TOTAL THIS MO. 0 CLEAR (SCALE 0-3) 22
DPTR FM NORMAL 0 PTCLDY (SCALE 4-7) 6
TOTAL FM JUL 1 0 CLOUDY (SCALE 8-10) 3
DPTR FM NORMAL 0
[CDD (BASE 65) ]
TOTAL THIS MO. 524
DPTR FM NORMAL 45 [PRESSURE DATA]
TOTAL FM JAN 1 1895 HIGHEST SLP 30.09 ON 9
DPTR FM NORMAL 310 LOWEST SLP 29.77 ON 28
[REMARKS]
#FINAL-08-22#