000
CXUS55 KBOI 011002
CF6MYL
PRELIMINARY LOCAL CLIMATOLOGICAL DATA (WS FORM: F-6)
STATION: MCCALL ID
MONTH: JULY
YEAR: 2023
LATITUDE: 44 52 N
LONGITUDE: 116 6 W
TEMPERATURE IN F: :PCPN: SNOW: WIND :SUNSHINE: SKY :PK WND
================================================================================
1 2 3 4 5 6A 6B 7 8 9 10 11 12 13 14 15 16 17 18
12Z AVG MX 2MIN
DY MAX MIN AVG DEP HDD CDD WTR SNW DPTH SPD SPD DIR MIN PSBL S-S WX SPD DR
================================================================================
1 82 50 66 6 0 1 0.00 M M 4.9 15 240 M M 1 21 290
2 80 42 61 0 4 0 0.00 M M 4.0 16 150 M M 0 22 140
3 77 45 61 0 4 0 0.00 M M 6.3 17 10 M M 0 30 10
4 75 42 59 -2 6 0 0.00 M M 5.8 16 310 M M 0 22 310
5 76 44 60 -2 5 0 0.00 M M 4.2 13 200 M M 0 18 200
6 80 45 63 1 2 0 0.00 M M 4.7 14 340 M M 1 19 280
7 82 46 64 2 1 0 0.00 M M 4.3 16 310 M M 0 23 300
8 80 48 64 1 1 0 0.00 M M 5.3 17 70 M M 1 24 60
9 87 50 69 6 0 4 0.00 M M 3.5 18 190 M M 0 27 210
10 83 57 70 7 0 5 T M M 6.4 18 230 M M 2 29 170
11 M 49 M M M M 0.00 M M M M M M M 0 M M
12 83 M M M M M 0.00 M M 6.9 17 240 M M 1 26 230
13 80 52 66 2 0 1 0.00 M M 4.7 14 270 M M 2 21 260
14 82 48 65 1 0 0 0.00 M M 4.5 12 330 M M 0 18 310
15 85 46 66 2 0 1 0.00 M M 2.7 14 180 M M 0 17 170
16 90 50 70 5 0 5 0.00 M M 4.2 17 200 M M 0 30 200
17 82 53 68 3 0 3 0.01 M M 5.5 16 240 M M 1 3 23 270
18 82 42 62 -3 3 0 0.00 M M 3.7 13 330 M M 0 18 330
19 87 46 67 2 0 2 0.00 M M 3.5 14 350 M M 0 21 330
20 90 48 69 4 0 4 0.00 M M 4.0 17 200 M M 0 26 180
21 91 51 71 5 0 6 0.00 M M 3.7 15 210 M M 0 23 180
22 91 51 71 5 0 6 0.00 M M 3.8 16 240 M M 0 23 250
23 89 54 72 6 0 7 0.00 M M 3.9 16 190 M M 0 20 190
24 85 53 69 3 0 4 0.00 M M 6.8 24 200 M M 0 33 190
25 79 51 65 -1 0 0 0.00 M M 5.9 21 190 M M 1 31 190
26 81 49 65 -1 0 0 0.00 M M 4.1 18 240 M M 4 28 260
27 82 49 66 0 0 1 0.00 M M 3.6 16 260 M M 2 23 240
28 85 48 67 1 0 2 0.00 M M 4.7 21 190 M M 0 27 160
29 84 48 66 0 0 1 0.00 M M 3.8 15 190 M M 0 20 200
30 85 48 67 1 0 2 0.00 M M 6.8 22 190 M M 0 29 190
31 84 45 65 -1 0 0 0.00 M M 6.4 18 200 M M 0 8 23 190
================================================================================
SM 2499 1450 26 55 0.01 M 142.6 M 16
================================================================================
AV 83.3 48.3 4.8 FASTST M M 1 MAX(MPH)
MISC ----> 24 200 33 190
================================================================================
NOTES:
# LAST OF SEVERAL OCCURRENCES
COLUMN 17 PEAK WIND IN M.P.H.
PRELIMINARY LOCAL CLIMATOLOGICAL DATA (WS FORM: F-6) , PAGE 2
STATION: MCCALL ID
MONTH: JULY
YEAR: 2023
LATITUDE: 44 52 N
LONGITUDE: 116 6 W
[TEMPERATURE DATA] [PRECIPITATION DATA] SYMBOLS USED IN COLUMN 16
AVERAGE MONTHLY: 65.8 TOTAL FOR MONTH: 0.01 1 = FOG OR MIST
DPTR FM NORMAL: 1.7 DPTR FM NORMAL: -0.57 2 = FOG REDUCING VISIBILITY
HIGHEST: 91 ON 22,21 GRTST 24HR 0.01 ON 17-17 TO 1/4 MILE OR LESS
LOWEST: 42 ON 18, 4 3 = THUNDER
SNOW, ICE PELLETS, HAIL 4 = ICE PELLETS
TOTAL MONTH: M 5 = HAIL
GRTST 24HR M ON M 6 = FREEZING RAIN OR DRIZZLE
GRTST DEPTH: M ON M 7 = DUSTSTORM OR SANDSTORM:
VSBY 1/2 MILE OR LESS
8 = SMOKE OR HAZE
[NO. OF DAYS WITH] [WEATHER - DAYS WITH] 9 = BLOWING SNOW
X = TORNADO
MAX 32 OR BELOW: 0 0.01 INCH OR MORE: 1
MAX 90 OR ABOVE: 4 0.10 INCH OR MORE: 0
MIN 32 OR BELOW: 0 0.50 INCH OR MORE: 0
MIN 0 OR BELOW: 0 1.00 INCH OR MORE: 0
[HDD (BASE 65) ]
TOTAL THIS MO. 26 CLEAR (SCALE 0-3) 30
DPTR FM NORMAL -57 PTCLDY (SCALE 4-7) 1
TOTAL FM JUL 1 26 CLOUDY (SCALE 8-10) 0
DPTR FM NORMAL -61
[CDD (BASE 65) ]
TOTAL THIS MO. 55
DPTR FM NORMAL 0 [PRESSURE DATA]
TOTAL FM JAN 1 55 HIGHEST SLP 30.13 ON 15
DPTR FM NORMAL -8 LOWEST SLP 29.73 ON 10
[REMARKS]
#FINAL-07-23#