000
CXUS56 KSTO 041730
CF6MYV
PRELIMINARY LOCAL CLIMATOLOGICAL DATA (WS FORM: F-6)
STATION: MARYSVILLE
MONTH: JUNE
YEAR: 2022
LATITUDE: 39 6 N
LONGITUDE: 121-34 E
TEMPERATURE IN F: :PCPN: SNOW: WIND :SUNSHINE: SKY :PK WND
================================================================================
1 2 3 4 5 6A 6B 7 8 9 10 11 12 13 14 15 16 17 18
12Z AVG MX 2MIN
DY MAX MIN AVG DEP HDD CDD WTR SNW DPTH SPD SPD DIR MIN PSBL S-S WX SPD DR
================================================================================
1 95 52 74 3 0 9 0.00 M M 4.5 10 150 M M 0 14 220
2 94 67 81 10 0 16 0.00 0.0 M 10.3 21 160 M M 0 25 160
3 89 60 75 4 0 10 0.00 0.0 M 10.8 18 160 M M 0 25 180
4 82 59 71 0 0 6 0.07 0.0 M 8.5 17 190 M M 10 22 190
5 83 60 72 0 0 7 0.21 0.0 M 10.1 18 140 M M 7 18 22 140
6 89 58 74 2 0 9 0.00 0.0 M 3.1 10 320 M M 1 18 14 300
7 96 55 76 4 0 11 0.00 M M 4.4 12 150 M M 0 18 140
8 94 60 77 5 0 12 0.00 M M 6.7 14 160 M M 0 19 150
9 102 63 83 11 0 18 0.00 M M 4.2 15 350 M M 0 21 330
10 104 64 84 11 0 19 0.00 0.0 M 4.4 15 320 M M 0 20 330
11 102 65 84 11 0 19 0.00 0.0 M 7.6 18 200 M M 0 23 190
12 91 65 78 5 0 13 T 0.0 M 15.0 26 160 M M 2 33 190
13 84 60 72 -1 0 7 0.00 0.0 M 13.2 24 330 M M 0 31 320
14 91 61 76 2 0 11 0.00 M M 10.3 21 330 M M 0 26 340
15 98 58 78 4 0 13 0.00 M M 8.1 21 180 M M 0 23 180
16 91 60 76 2 0 11 0.00 0.0 M 11.7 22 170 M M 0 28 140
17 79 55 67 -7 0 2 0.00 M M 14.0 25 150 M M 1 3 32 150
18 80 51 66 -9 0 1 0.00 0.0 M 5.2 12 80 M M 1 16 70
19 88 50 69 -6 0 4 0.00 M M 4.0 15 330 M M 0 20 320
20 94 56 75 0 0 10 0.00 0.0 M 7.3 18 320 M M 0 22 330
21 105 68 87 12 0 22 0.00 0.0 M 9.0 18 330 M M 0 24 310
22 103 66 85 9 0 20 0.00 M M 10.1 26 180 M M 0 35 170
23 102 74 88 12 0 23 0.00 M M 8.5 16 140 M M 0 22 230
24 102 63 83 7 0 18 0.00 M M 6.2 13 130 M M 0 16 210
25 104 61 83 7 0 18 0.00 M M 5.3 14 190 M M 0 17 200
26 103 60 82 6 0 17 0.00 M M 5.3 12 220 M M 0 15 230
27 104 60 82 5 0 17 0.00 M M 7.1 12 160 M M 0 19 220
28 104 65 85 8 0 20 0.00 M M 11.3 20 180 M M 0 24 190
29 97 58 78 1 0 13 0.00 M M 8.4 16 180 M M 0 8 20 190
30 92 55 74 -3 0 9 0.00 M M 10.4 15 180 M M 0 21 140
================================================================================
SM 2842 1809 0 385 0.28 0.0 245.0 M 22
================================================================================
AV 94.7 60.3 8.2 FASTST M M 1 MAX(MPH)
MISC ----> # 26 160 35 170
================================================================================
NOTES:
# LAST OF SEVERAL OCCURRENCES
COLUMN 17 PEAK WIND IN M.P.H.
PRELIMINARY LOCAL CLIMATOLOGICAL DATA (WS FORM: F-6) , PAGE 2
STATION: MARYSVILLE
MONTH: JUNE
YEAR: 2022
LATITUDE: 39 6 N
LONGITUDE: 121-34 E
[TEMPERATURE DATA] [PRECIPITATION DATA] SYMBOLS USED IN COLUMN 16
AVERAGE MONTHLY: 77.5 TOTAL FOR MONTH: 0.28 1 = FOG OR MIST
DPTR FM NORMAL: 3.5 DPTR FM NORMAL: 0.00 2 = FOG REDUCING VISIBILITY
HIGHEST: 105 ON 21 GRTST 24HR 0.28 ON 4- 5 TO 1/4 MILE OR LESS
LOWEST: 50 ON 19 3 = THUNDER
SNOW, ICE PELLETS, HAIL 4 = ICE PELLETS
TOTAL MONTH: 0.0 INCH 5 = HAIL
GRTST 24HR 0.0 6 = FREEZING RAIN OR DRIZZLE
GRTST DEPTH: M ON M 7 = DUSTSTORM OR SANDSTORM:
VSBY 1/2 MILE OR LESS
8 = SMOKE OR HAZE
[NO. OF DAYS WITH] [WEATHER - DAYS WITH] 9 = BLOWING SNOW
X = TORNADO
MAX 32 OR BELOW: 0 0.01 INCH OR MORE: 2
MAX 90 OR ABOVE: 22 0.10 INCH OR MORE: 1
MIN 32 OR BELOW: 0 0.50 INCH OR MORE: 0
MIN 0 OR BELOW: 0 1.00 INCH OR MORE: 0
[HDD (BASE 65) ]
TOTAL THIS MO. 0 CLEAR (SCALE 0-3) 28
DPTR FM NORMAL -6 PTCLDY (SCALE 4-7) 1
TOTAL FM JUL 1 2285 CLOUDY (SCALE 8-10) 1
DPTR FM NORMAL -262
[CDD (BASE 65) ]
TOTAL THIS MO. 385
DPTR FM NORMAL 109 [PRESSURE DATA]
TOTAL FM JAN 1 573 HIGHEST SLP 30.09 ON 19
DPTR FM NORMAL 161 LOWEST SLP 29.66 ON 16
[REMARKS]
#FINAL-06-22#