000
CXUS56 KSTO 030502
CF6MYV
PRELIMINARY LOCAL CLIMATOLOGICAL DATA (WS FORM: F-6)
STATION: MARYSVILLE
MONTH: OCTOBER
YEAR: 2023
LATITUDE: 39 6 N
LONGITUDE: 121-34 E
TEMPERATURE IN F: :PCPN: SNOW: WIND :SUNSHINE: SKY :PK WND
================================================================================
1 2 3 4 5 6A 6B 7 8 9 10 11 12 13 14 15 16 17 18
12Z AVG MX 2MIN
DY MAX MIN AVG DEP HDD CDD WTR SNW DPTH SPD SPD DIR MIN PSBL S-S WX SPD DR
================================================================================
1 77 54 66 -3 0 1 0.00 M M 4.5 12 340 M M 3 15 340
2 82 48 65 -4 0 0 0.00 M M 3.3 10 270 M M 0 13 330
3 85 53 69 1 0 4 0.00 M M 3.0 12 350 M M 0 16 320
4 92 53 73 5 0 8 0.00 M M 6.1 15 320 M M 0 19 310
5 93 56 75 7 0 10 0.00 M M 2.1 9 340 M M 0 13 290
6 94 56 75 7 0 10 0.00 M M 2.0 8 280 M M 0 11 290
7 96 55 76 9 0 11 0.00 M M 2.9 8 310 M M 0 14 290
8 94 56 75 8 0 10 0.00 M M 4.2 13 160 M M 0 17 160
9 75 58 67 0 0 2 0.00 M M 11.0 22 160 M M 3 29 140
10 75 58 67 1 0 2 0.03 M M 10.9 18 160 M M 8 23 170
11 76 53 65 -1 0 0 0.00 M M 7.9 20 320 M M 3 12 29 310
12 82 54 68 2 0 3 0.00 M M 7.2 18 340 M M 0 24 340
13 77 47 62 -3 3 0 T M M 1.7 9 170 M M 1 15 140
14 79 56 68 3 0 3 T M M 3.2 10 150 M M 4 13 160
15 86 51 69 4 0 4 0.00 M M 3.1 9 210 M M 0 12 220
16 82 51 67 3 0 2 0.00 0.0 M 3.6 10 260 M M 0 12 270
17 87 57 72 8 0 7 0.00 M M 3.8 15 320 M M 0 19 330
18 88 51 70 6 0 5 0.00 M M 0.6 7 270 M M 0 11 290
19 94 51 73 10 0 8 0.00 M M 2.6 8 250 M M 0 12 320
20 89 53 71 8 0 6 0.00 M M 5.4 12 180 M M 0 16 200
21 80 56 68 5 0 3 0.00 M M 8.8 14 170 M M 0 18 160
22 68 58 63 1 2 0 0.34 M M 6.7 14 150 M M 8 1 17 140
23 80 53 67 5 0 2 0.01 M M 4.4 12 330 M M 2 18 16 310
24 76 51 64 3 1 0 0.00 M M 4.7 14 140 M M 0 18 16 140
25 61 48 55 -6 10 0 0.13 M M 9.3 21 150 M M 5 8 27 140
26 71 43 57 -4 8 0 0.00 M M 6.2 16 320 M M 0 1 20 320
27 70 37 54 -6 11 0 0.00 M M 2.2 8 280 M M 0 10 280
28 71 37 54 -6 11 0 0.00 0.0 M 11.1 26 320 M M 0 18 34 320
29 77 42 60 0 5 0 0.00 M M 10.5 21 330 M M 0 27 320
30 73 36 55 -4 10 0 0.00 M M 1.1 8 280 M M 0 10 330
31 76 39 58 -1 7 0 0.00 M M 2.8 10 310 M M 0 13 310
================================================================================
SM 2506 1571 68 101 0.51 0.0 156.9 M 37
================================================================================
AV 80.8 50.7 5.1 FASTST M M 1 MAX(MPH)
MISC ----> 26 320 34 320
================================================================================
NOTES:
# LAST OF SEVERAL OCCURRENCES
COLUMN 17 PEAK WIND IN M.P.H.
PRELIMINARY LOCAL CLIMATOLOGICAL DATA (WS FORM: F-6) , PAGE 2
STATION: MARYSVILLE
MONTH: OCTOBER
YEAR: 2023
LATITUDE: 39 6 N
LONGITUDE: 121-34 E
[TEMPERATURE DATA] [PRECIPITATION DATA] SYMBOLS USED IN COLUMN 16
AVERAGE MONTHLY: 65.8 TOTAL FOR MONTH: 0.51 1 = FOG OR MIST
DPTR FM NORMAL: 1.6 DPTR FM NORMAL: -0.52 2 = FOG REDUCING VISIBILITY
HIGHEST: 96 ON 7 GRTST 24HR 0.35 ON 22-23 TO 1/4 MILE OR LESS
LOWEST: 36 ON 30 3 = THUNDER
SNOW, ICE PELLETS, HAIL 4 = ICE PELLETS
TOTAL MONTH: 0.0 INCH 5 = HAIL
GRTST 24HR 0.0 6 = FREEZING RAIN OR DRIZZLE
GRTST DEPTH: M ON M 7 = DUSTSTORM OR SANDSTORM:
VSBY 1/2 MILE OR LESS
8 = SMOKE OR HAZE
[NO. OF DAYS WITH] [WEATHER - DAYS WITH] 9 = BLOWING SNOW
X = TORNADO
MAX 32 OR BELOW: 0 0.01 INCH OR MORE: 4
MAX 90 OR ABOVE: 6 0.10 INCH OR MORE: 2
MIN 32 OR BELOW: 0 0.50 INCH OR MORE: 0
MIN 0 OR BELOW: 0 1.00 INCH OR MORE: 0
[HDD (BASE 65) ]
TOTAL THIS MO. 68 CLEAR (SCALE 0-3) 27
DPTR FM NORMAL -18 PTCLDY (SCALE 4-7) 2
TOTAL FM JUL 1 68 CLOUDY (SCALE 8-10) 2
DPTR FM NORMAL -25
[CDD (BASE 65) ]
TOTAL THIS MO. 101
DPTR FM NORMAL 39 [PRESSURE DATA]
TOTAL FM JAN 1 1594 HIGHEST SLP 30.25 ON 30
DPTR FM NORMAL 96 LOWEST SLP 29.75 ON 22
[REMARKS]
#FINAL-10-23#