000
CXUS55 KPSR 011005
CF6NYL
PRELIMINARY LOCAL CLIMATOLOGICAL DATA (WS FORM: F-6)
STATION: YUMA AZ
MONTH: JUNE
YEAR: 2021
LATITUDE: 32 39 N
LONGITUDE: 114 37 W
TEMPERATURE IN F: :PCPN: SNOW: WIND :SUNSHINE: SKY :PK WND
================================================================================
1 2 3 4 5 6A 6B 7 8 9 10 11 12 13 14 15 16 17 18
12Z AVG MX 2MIN
DY MAX MIN AVG DEP HDD CDD WTR SNW DPTH SPD SPD DIR MIN PSBL S-S WX SPD DR
================================================================================
1 102 70 86 1 0 21 0.00 M M 6.5 15 200 M M 0 19 210
2 106 75 91 6 0 26 0.00 M M 10.6 18 200 M M 1 23 190
3 105 80 93 7 0 28 0.00 M M 14.6 22 170 M M 0 27 190
4 106 75 91 5 0 26 0.00 M M 9.6 17 190 M M 0 21 190
5 106 77 92 6 0 27 0.00 M M 8.4 20 150 M M 0 25 150
6 101 78 90 3 0 25 0.00 M M 13.0 21 150 M M 0 26 150
7 98 73 86 -1 0 21 0.00 M M 10.4 21 160 M M 3 27 150
8 97 69 83 -4 0 18 0.00 M M 5.5 14 160 M M 1 19 160
9 100 71 86 -1 0 21 0.00 M M 7.9 21 300 M M 4 28 300
10 96 74 85 -3 0 20 0.00 M M 10.2 20 330 M M 2 26 320
11 102 67 85 -3 0 20 0.00 M M 3.7 12 260 M M 0 15 240
12 109 70 90 2 0 25 0.00 M M 3.9 13 300 M M 0 16 300
13 111 74 93 5 0 28 0.00 M M 4.7 14 190 M M 0 18 180
14 108 74 91 2 0 26 0.00 M M 5.8 15 190 M M 2 21 190
15 116 82 99 10 0 34 0.00 M M 5.9 15 150 M M 2 19 150
16 108 84 96 7 0 31 0.00 M M 9.5 24 150 M M 3 29 150
17 116 82 99 9 0 34 0.00 M M 4.5 12 250 M M 1 16 290
18 114 86 100 10 0 35 0.00 M M 9.0 16 170 M M 2 19 170
19 114 83 99 9 0 34 0.00 M M 10.1 22 160 M M 0 25 160
20 108 80 94 4 0 29 0.00 M M 13.3 25 150 M M 0 30 180
21 110 79 95 4 0 30 0.00 M M 13.2 25 150 M M 1 33 150
22 107 81 94 3 0 29 0.00 M M 8.7 24 160 M M 4 29 160
23 103 83 93 2 0 28 0.00 M M 9.6 21 190 M M 3 26 140
24 105 82 94 2 0 29 0.00 M M 6.5 18 230 M M 1 23 230
25 108 80 94 2 0 29 0.00 M M 6.9 15 270 M M 0 21 280
26 110 77 94 2 0 29 0.00 M M 4.8 13 200 M M 0 16 270
27 114 82 98 6 0 33 0.00 M M 5.7 15 230 M M 0 19 240
28 110 85 98 6 0 33 0.00 M M 8.4 18 140 M M 1 8 22 150
29 105 85 95 2 0 30 0.00 M M 13.7 24 140 M M 3 32 130
30 103 85 94 1 0 29 0.00 M M 12.2 23 160 M M 1 3 27 160
================================================================================
SM 3198 2343 0 828 0.00 M 256.8 M 35
================================================================================
AV106.6 78.1 8.6 FASTST M M 1 MAX(MPH)
MISC ----> # 25 150 33 150
================================================================================
NOTES:
# LAST OF SEVERAL OCCURRENCES
COLUMN 17 PEAK WIND IN M.P.H.
PRELIMINARY LOCAL CLIMATOLOGICAL DATA (WS FORM: F-6) , PAGE 2
STATION: YUMA AZ
MONTH: JUNE
YEAR: 2021
LATITUDE: 32 39 N
LONGITUDE: 114 37 W
[TEMPERATURE DATA] [PRECIPITATION DATA] SYMBOLS USED IN COLUMN 16
AVERAGE MONTHLY: 92.4 TOTAL FOR MONTH: 0.00 1 = FOG OR MIST
DPTR FM NORMAL: 3.3 DPTR FM NORMAL: -0.01 2 = FOG REDUCING VISIBILITY
HIGHEST: 116 ON 17,15 GRTST 24HR 0.00 ON 1- 1 TO 1/4 MILE OR LESS
LOWEST: 67 ON 11 3 = THUNDER
SNOW, ICE PELLETS, HAIL 4 = ICE PELLETS
TOTAL MONTH: M 5 = HAIL
GRTST 24HR M ON M 6 = FREEZING RAIN OR DRIZZLE
GRTST DEPTH: M ON M 7 = DUSTSTORM OR SANDSTORM:
VSBY 1/2 MILE OR LESS
8 = SMOKE OR HAZE
[NO. OF DAYS WITH] [WEATHER - DAYS WITH] 9 = BLOWING SNOW
X = TORNADO
MAX 32 OR BELOW: 0 0.01 INCH OR MORE: 0
MAX 90 OR ABOVE: 30 0.10 INCH OR MORE: 0
MIN 32 OR BELOW: 0 0.50 INCH OR MORE: 0
MIN 0 OR BELOW: 0 1.00 INCH OR MORE: 0
[HDD (BASE 65) ]
TOTAL THIS MO. 0 CLEAR (SCALE 0-3) 27
DPTR FM NORMAL 0 PTCLDY (SCALE 4-7) 3
TOTAL FM JUL 1 677 CLOUDY (SCALE 8-10) 0
DPTR FM NORMAL -1
[CDD (BASE 65) ]
TOTAL THIS MO. 828
DPTR FM NORMAL 104 [PRESSURE DATA]
TOTAL FM JAN 1 1692 HIGHEST SLP 29.94 ON 10
DPTR FM NORMAL 67 LOWEST SLP 29.46 ON 27
[REMARKS]
#FINAL-06-21#