000
CXUS54 KMAF 011933
CF6ODO
PRELIMINARY LOCAL CLIMATOLOGICAL DATA (WS FORM: F-6)
STATION: ODESSA SCHLEYMEYER
MONTH: SEPTEMBER
YEAR: 2021
LATITUDE: 31 55 N
LONGITUDE: 102 23 W
TEMPERATURE IN F: :PCPN: SNOW: WIND :SUNSHINE: SKY :PK WND
================================================================================
1 2 3 4 5 6A 6B 7 8 9 10 11 12 13 14 15 16 17 18
12Z AVG MX 2MIN
DY MAX MIN AVG DEP HDD CDD WTR SNW DPTH SPD SPD DIR MIN PSBL S-S WX SPD DR
================================================================================
1 98 75 87 8 0 22 0.00 M M 11.5 20 160 M M 0 32 150
2 96 72 84 5 0 19 T M M 9.5 22 170 M M 2 27 170
3 96 74 85 6 0 20 0.00 M M 10.2 20 140 M M 2 28 160
4 97 73 85 7 0 20 0.00 M M 9.4 23 330 M M 1 29 330
5 94 70 82 4 0 17 T M M 7.6 23 10 M M 1 3 30 10
6 95 68 82 4 0 17 0.00 M M 6.3 17 140 M M 1 22 140
7 98 70 84 7 0 19 0.00 M M 6.3 14 130 M M 0 19 200
8 95 70 83 6 0 18 0.00 M M 7.4 25 140 M M 1 32 140
9 95 68 82 5 0 17 0.00 M M 7.2 16 160 M M 0 24 130
10 98 69 84 8 0 19 0.00 M M 10.0 20 200 M M 0 25 200
11 96 69 83 7 0 18 0.00 M M 9.4 18 140 M M 0 24 150
12 91 63 77 1 0 12 0.00 M M 9.1 17 140 M M 0 23 180
13 91 67 79 3 0 14 0.00 M M 10.2 18 160 M M 1 31 140
14 92 67 80 5 0 15 0.00 M M 10.4 18 140 M M 0 24 130
15 89 67 78 3 0 13 0.00 M M 9.9 17 130 M M 0 22 90
16 92 67 80 5 0 15 0.00 M M 11.0 20 160 M M 0 24 160
17 98 69 84 10 0 19 T M M 8.4 24 70 M M 0 3 28 70
18 94 67 81 7 0 16 0.00 M M 9.0 16 280 M M 1 26 80
19 97 65 81 7 0 16 0.00 M M 7.9 18 180 M M 0 26 270
20 102 75 89 15 0 24 0.00 M M 10.3 20 190 M M 0 24 190
21 81 60 71 -2 0 6 0.00 M M 17.4 31 50 M M 0 8 39 50
22 81 55 68 -5 0 3 0.00 M M 8.5 16 140 M M 0 20 140
23 86 56 71 -2 0 6 0.00 M M 11.2 20 160 M M 0 24 170
24 88 63 76 4 0 11 0.00 M M 10.2 18 140 M M 0 25 150
25 86 62 74 2 0 9 0.00 M M 8.8 18 150 M M 0 24 150
26 88 60 74 2 0 9 0.00 M M 9.9 21 180 M M 0 26 160
27 90 69 80 8 0 15 T M M 11.0 25 190 M M 2 3 31 200
28 88 66 77 6 0 12 0.00 M M 8.6 25 180 M M 0 30 220
29 91 62 77 6 0 12 0.00 M M 7.1 17 270 M M 0 24 260
30 82 63 73 2 0 8 0.09 M M 10.8 22 310 M M 2 138 27 310
================================================================================
SM 2765 2001 0 441 0.09 M 284.5 M 14
================================================================================
AV 92.2 66.7 9.5 FASTST M M 0 MAX(MPH)
MISC ----> 31 50 39 50
================================================================================
NOTES:
# LAST OF SEVERAL OCCURRENCES
COLUMN 17 PEAK WIND IN M.P.H.
PRELIMINARY LOCAL CLIMATOLOGICAL DATA (WS FORM: F-6) , PAGE 2
STATION: ODESSA SCHLEYMEYER
MONTH: SEPTEMBER
YEAR: 2021
LATITUDE: 31 55 N
LONGITUDE: 102 23 W
[TEMPERATURE DATA] [PRECIPITATION DATA] SYMBOLS USED IN COLUMN 16
AVERAGE MONTHLY: 79.4 TOTAL FOR MONTH: 0.09 1 = FOG OR MIST
DPTR FM NORMAL: 4.4 DPTR FM NORMAL: -1.85 2 = FOG REDUCING VISIBILITY
HIGHEST: 102 ON 20 GRTST 24HR 0.09 ON 30-30 TO 1/4 MILE OR LESS
LOWEST: 55 ON 22 3 = THUNDER
SNOW, ICE PELLETS, HAIL 4 = ICE PELLETS
TOTAL MONTH: M 5 = HAIL
GRTST 24HR M ON M 6 = FREEZING RAIN OR DRIZZLE
GRTST DEPTH: M ON M 7 = DUSTSTORM OR SANDSTORM:
VSBY 1/2 MILE OR LESS
8 = SMOKE OR HAZE
[NO. OF DAYS WITH] [WEATHER - DAYS WITH] 9 = BLOWING SNOW
X = TORNADO
MAX 32 OR BELOW: 0 0.01 INCH OR MORE: 1
MAX 90 OR ABOVE: 21 0.10 INCH OR MORE: 0
MIN 32 OR BELOW: 0 0.50 INCH OR MORE: 0
MIN 0 OR BELOW: 0 1.00 INCH OR MORE: 0
[HDD (BASE 65) ]
TOTAL THIS MO. 0 CLEAR (SCALE 0-3) 30
DPTR FM NORMAL -8 PTCLDY (SCALE 4-7) 0
TOTAL FM JUL 1 0 CLOUDY (SCALE 8-10) 0
DPTR FM NORMAL -2
[CDD (BASE 65) ]
TOTAL THIS MO. 441
DPTR FM NORMAL 134 [PRESSURE DATA]
TOTAL FM JAN 1 2296 HIGHEST SLP 30.38 ON 22
DPTR FM NORMAL -61 LOWEST SLP 29.66 ON 1
[REMARKS]
#FINAL-09-21#