763
CXUS53 KGID 011758 RRA
CF6ODX
PRELIMINARY LOCAL CLIMATOLOGICAL DATA (WS FORM: F-6)
STATION: ORD NE
MONTH: NOVEMBER
YEAR: 2020
LATITUDE: 41 37 N
LONGITUDE: 98 57 W
TEMPERATURE IN F: :PCPN: SNOW: WIND :SUNSHINE: SKY :PK WND
================================================================================
1 2 3 4 5 6A 6B 7 8 9 10 11 12 13 14 15 16 17 18
12Z AVG MX 2MIN
DY MAX MIN AVG DEP HDD CDD WTR SNW DPTH SPD SPD DIR MIN PSBL S-S WX SPD DR
================================================================================
1 53 22 38 -5 27 0 0.00 M M 5.6 14 340 M M 0 19 350
2 73 23 48 5 17 0 0.00 M M 2.2 10 260 M M 0 14 280
3 83 27 55 13 10 0 0.00 M M 2.0 12 210 M M 0 15 200
4 81 31 56 14 9 0 0.00 M M 4.9 12 330 M M 0 8 14 320
5 76 37 57 16 8 0 0.00 M M 5.7 12 230 M M 0 15 220
6 80 32 56 15 9 0 0.00 M M 10.5 26 190 M M 0 35 200
7 75 55 65 25 0 0 0.00 M M 20.2 31 170 M M 0 44 170
8 72 55 64 24 1 0 0.04 M M 18.6 38 180 M M 4 13 55 200
9 61 29 45 5 20 0 0.21 M M 15.9 26 340 M M 10 136 35 350
10 35 16 26 -13 39 0 0.19 M M 6.9 18 10 M M 7 126 25 20
11 51 15 33 -6 32 0 0.00 M M 4.9 21 260 M M 1 18 28 270
12 37 16 27 -11 38 0 0.00 M M 9.4 21 360 M M 2 27 340
13 52 18 35 -3 30 0 0.00 M M 12.8 33 200 M M 0 46 210
14 63 28 46 9 19 0 0.06 M M 12.7 40 310 M M 3 58 300
15 50 20 35 -2 30 0 0.00 M M 13.6 26 300 M M 0 38 310
16 59 19 39 3 26 0 0.00 M M 7.4 24 320 M M 0 34 330
17 63 20 42 6 23 0 0.00 M M 6.6 24 190 M M 0 32 180
18 67 29 48 13 17 0 0.00 M M 6.3 14 190 M M 0 20 180
19 71 30 51 16 14 0 0.00 M M 7.6 22 340 M M 0 32 330
20 57 34 46 12 19 0 0.00 M M 3.9 12 350 M M 6 17 350
21 47 23 35 1 30 0 0.00 M M 5.2 16 180 M M 5 1 21 160
22 50 15 33 0 32 0 0.00 M M 8.1 24 320 M M 0 1 34 330
23 41 13 27 -6 38 0 0.00 M M 11.3 25 160 M M 8 18 42 170
24 39 28 34 2 31 0 0.27 M M 9.2 22 330 M M 9 1 28 330
25 50 19 35 3 30 0 0.00 M M 5.9 14 170 M M 0 19 200
26 49 27 38 7 27 0 0.00 M M 7.7 21 330 M M 1 29 330
27 51 18 35 4 30 0 0.00 M M 5.1 17 260 M M 0 24 280
28 60 23 42 12 23 0 0.00 M M 4.7 10 330 M M 0 15 200
29 43 14 29 -1 36 0 0.00 M M 17.8 32 340 M M 0 44 350
30 52 3 28 -1 37 0 0.00 M M 5.5 18 200 M M 0 24 190
================================================================================
SM 1741 739 702 0 0.77 M 258.2 M 56
================================================================================
AV 58.0 24.6 8.6 FASTST M M 2 MAX(MPH)
MISC ----> 40 310 58 300
================================================================================
NOTES:
# LAST OF SEVERAL OCCURRENCES
COLUMN 17 PEAK WIND IN M.P.H.
PRELIMINARY LOCAL CLIMATOLOGICAL DATA (WS FORM: F-6) , PAGE 2
STATION: ORD NE
MONTH: NOVEMBER
YEAR: 2020
LATITUDE: 41 37 N
LONGITUDE: 98 57 W
[TEMPERATURE DATA] [PRECIPITATION DATA] SYMBOLS USED IN COLUMN 16
AVERAGE MONTHLY: 41.3 TOTAL FOR MONTH: 0.77 1 = FOG OR MIST
DPTR FM NORMAL: 5.0 DPTR FM NORMAL: -0.30 2 = FOG REDUCING VISIBILITY
HIGHEST: 83 ON 3 GRTST 24HR 0.27 ON 24-24 TO 1/4 MILE OR LESS
LOWEST: 3 ON 30 3 = THUNDER
SNOW, ICE PELLETS, HAIL 4 = ICE PELLETS
TOTAL MONTH: M 5 = HAIL
GRTST 24HR M ON M 6 = FREEZING RAIN OR DRIZZLE
GRTST DEPTH: M ON M 7 = DUSTSTORM OR SANDSTORM:
VSBY 1/2 MILE OR LESS
8 = SMOKE OR HAZE
[NO. OF DAYS WITH] [WEATHER - DAYS WITH] 9 = BLOWING SNOW
X = TORNADO
MAX 32 OR BELOW: 0 0.01 INCH OR MORE: 5
MAX 90 OR ABOVE: 0 0.10 INCH OR MORE: 3
MIN 32 OR BELOW: 26 0.50 INCH OR MORE: 0
MIN 0 OR BELOW: 0 1.00 INCH OR MORE: 0
[HDD (BASE 65) ]
TOTAL THIS MO. 702 CLEAR (SCALE 0-3) 23
DPTR FM NORMAL -159 PTCLDY (SCALE 4-7) 4
TOTAL FM JUL 1 1416 CLOUDY (SCALE 8-10) 3
DPTR FM NORMAL -63
[CDD (BASE 65) ]
TOTAL THIS MO. 0
DPTR FM NORMAL 0 [PRESSURE DATA]
TOTAL FM JAN 1 949 HIGHEST SLP 30.58 ON 1
DPTR FM NORMAL 104 LOWEST SLP 29.41 ON 14
[REMARKS]
#FINAL-11-20#