000
CXUS52 KCAE 261400
CF6OGB
PRELIMINARY LOCAL CLIMATOLOGICAL DATA (WS FORM: F-6)
STATION: ORANGEBURG AIRPORT SC
MONTH: APRIL
YEAR: 2024
LATITUDE: 33 27 N
LONGITUDE: 80 51 W
TEMPERATURE IN F: :PCPN: SNOW: WIND :SUNSHINE: SKY :PK WND
================================================================================
1 2 3 4 5 6A 6B 7 8 9 10 11 12 13 14 15 16 17 18
12Z AVG MX 2MIN
DY MAX MIN AVG DEP HDD CDD WTR SNW DPTH SPD SPD DIR MIN PSBL S-S WX SPD DR
================================================================================
1 83 60 72 11 0 7 0.00 M M 9.0 18 230 M M 2 8 25 230
2 85 65 75 14 0 10 0.00 M M 9.9 23 240 M M 1 35 260
3 78 54 66 4 0 1 0.88 M M 13.9 26 200 M M 4 13 36 190
4 69 49 59 -3 6 0 0.00 M M 11.1 26 250 M M 2 38 260
5 69 45 57 -5 8 0 0.00 M M 6.8 18 260 M M 2 25 240
6 68 44 56 -6 9 0 0.00 M M 5.4 15 20 M M 0 22 10
7 73 44 59 -3 6 0 0.00 M M 3.6 10 50 M M 0 17 40
8 77 50 64 1 1 0 0.00 M M 5.1 16 210 M M 1 21 170
9 72 54 63 0 2 0 T M M 2.1 8 20 M M 2 15 20
10 81 61 71 8 0 6 0.05 M M 6.1 20 170 M M 4 1 26 170
11 82 66 74 11 0 9 1.06 M M 14.8 30 230 M M 8 1 42 160
12 76 57 67 3 0 2 0.00 M M 15.7 32 270 M M 1 47 270
13 78 51 65 1 0 0 0.00 M M 6.6 18 300 M M 0 27 260
14 86 49 68 4 0 3 0.00 M M 4.7 15 220 M M 0 20 200
15 89 58 74 10 0 9 0.00 M M 8.3 20 240 M M 0 26 240
16 87 58 73 8 0 8 0.00 M M 3.6 15 240 M M 0 19 230
17 84 60 72 7 0 7 0.00 M M 7.0 16 190 M M 0 25 180
18 92 63 78 13 0 13 0.00 M M 3.5 12 270 M M 1 12 18 310
19 90 63 77 12 0 12 0.03 M M 4.2 18 310 M M 1 1 27 310
20 92 68 80 14 0 15 0.01 M M 5.1 16 240 M M 2 13 22 260
21 75 53 64 -2 1 0 0.03 M M 8.8 18 20 M M 8 26 360
22 68 47 58 -8 7 0 0.00 M M 6.6 15 330 M M 4 28 20
23 75 42 59 -7 6 0 0.00 M M 3.8 13 200 M M 0 1 18 230
24 83 49 66 0 0 1 0.00 M M 8.6 22 250 M M 3 29 240
25 84 57 71 4 0 6 0.00 M M 2.6 14 340 M M 1 12 26 20
================================================================================
SM 1996 1367 46 109 2.06 M 176.9 M 47
================================================================================
AV 79.8 54.7 7.1 FASTST M M 2 MAX(MPH)
MISC ----> 32 270 47 270
================================================================================
NOTES:
# LAST OF SEVERAL OCCURRENCES
COLUMN 17 PEAK WIND IN M.P.H.
PRELIMINARY LOCAL CLIMATOLOGICAL DATA (WS FORM: F-6) , PAGE 2
STATION: ORANGEBURG AIRPORT SC
MONTH: APRIL
YEAR: 2024
LATITUDE: 33 27 N
LONGITUDE: 80 51 W
[TEMPERATURE DATA] [PRECIPITATION DATA] SYMBOLS USED IN COLUMN 16
AVERAGE MONTHLY: 67.3 TOTAL FOR MONTH: 2.06 1 = FOG OR MIST
DPTR FM NORMAL: 3.4 DPTR FM NORMAL: -0.33 2 = FOG REDUCING VISIBILITY
HIGHEST: 92 ON 20,18 GRTST 24HR 1.11 ON 10-11 TO 1/4 MILE OR LESS
LOWEST: 42 ON 23 3 = THUNDER
SNOW, ICE PELLETS, HAIL 4 = ICE PELLETS
TOTAL MONTH: M 5 = HAIL
GRTST 24HR M ON M 6 = FREEZING RAIN OR DRIZZLE
GRTST DEPTH: M ON M 7 = DUSTSTORM OR SANDSTORM:
VSBY 1/2 MILE OR LESS
8 = SMOKE OR HAZE
[NO. OF DAYS WITH] [WEATHER - DAYS WITH] 9 = BLOWING SNOW
X = TORNADO
MAX 32 OR BELOW: 0 0.01 INCH OR MORE: 6
MAX 90 OR ABOVE: 3 0.10 INCH OR MORE: 2
MIN 32 OR BELOW: 0 0.50 INCH OR MORE: 2
MIN 0 OR BELOW: 0 1.00 INCH OR MORE: 1
[HDD (BASE 65) ]
TOTAL THIS MO. 46 CLEAR (SCALE 0-3) 20
DPTR FM NORMAL -41 PTCLDY (SCALE 4-7) 4
TOTAL FM JUL 1 1567 CLOUDY (SCALE 8-10) 1
DPTR FM NORMAL -608
[CDD (BASE 65) ]
TOTAL THIS MO. 109
DPTR FM NORMAL 49 [PRESSURE DATA]
TOTAL FM JAN 1 163 HIGHEST SLP M ON M
DPTR FM NORMAL 70 LOWEST SLP 29.41 ON 3
[REMARKS]