000
CXHW52 PHFO 011250
CF6OGG
PRELIMINARY LOCAL CLIMATOLOGICAL DATA (WS FORM: F-6)
STATION: KAHULUI HI
MONTH: SEPTEMBER
YEAR: 2021
LATITUDE: 20 53 N
LONGITUDE: 156 26 W
TEMPERATURE IN F: :PCPN: SNOW: WIND :SUNSHINE: SKY :PK WND
================================================================================
1 2 3 4 5 6A 6B 7 8 9 10 11 12 13 14 15 16 17 18
12Z AVG MX 2MIN
DY MAX MIN AVG DEP HDD CDD WTR SNW DPTH SPD SPD DIR MIN PSBL S-S WX SPD DR
================================================================================
1 92 67 80 -1 0 15 0.00 M M 10.5 23 40 M M 2 27 30
2 90 73 82 1 0 17 T M M 16.1 30 50 M M 3 37 40
3 89 73 81 0 0 16 T M M 15.5 29 70 M M 3 1 37 70
4 87 71 79 -2 0 14 0.02 M M 15.3 29 40 M M 3 1 36 30
5 90 70 80 -1 0 15 0.00 M M 14.4 26 40 M M 2 32 40
6 88 71 80 -1 0 15 0.00 M M 12.3 25 30 M M 5 29 30
7 88 67 78 -3 0 13 0.00 M M 14.9 29 40 M M 1 34 30
8 90 70 80 -1 0 15 0.00 M M 15.7 30 30 M M 2 36 40
9 88 74 81 0 0 16 0.00 M M 13.6 25 30 M M 2 31 30
10 87 68 78 -3 0 13 0.00 M M 10.7 20 30 M M 2 25 30
11 88 73 81 0 0 16 0.00 M M 14.0 28 30 M M 3 31 30
12 88 74 81 0 0 16 0.00 M M 15.1 25 30 M M 5 30 40
13 87 73 80 -1 0 15 0.01 M M 15.2 29 40 M M 3 34 40
14 87 72 80 -1 0 15 T M M 11.3 18 30 M M 5 18 24 10
15 88 67 78 -3 0 13 0.00 M M 10.9 25 30 M M 2 30 20
16 91 73 82 1 0 17 0.00 M M 13.8 29 80 M M 2 39 70
17 89 73 81 0 0 16 0.03 M M 17.3 29 60 M M 4 1 37 70
18 88 73 81 0 0 16 0.07 M M 17.6 30 60 M M 4 1 40 60
19 89 69 79 -1 0 14 0.00 M M 14.8 29 70 M M 3 38 70
20 89 69 79 -1 0 14 0.00 M M 14.6 29 70 M M 2 40 70
21 88 73 81 1 0 16 T M M 16.9 29 60 M M 5 37 60
22 89 75 82 2 0 17 0.00 M M 17.9 31 40 M M 2 38 40
23 88 68 78 -2 0 13 0.00 M M 15.6 30 40 M M 3 37 40
24 89 68 79 -1 0 14 T M M 15.5 30 40 M M 3 35 30
25 89 73 81 1 0 16 0.00 M M 13.6 26 40 M M 2 33 60
26 89 71 80 0 0 15 T M M 16.9 30 40 M M 3 37 40
27 89 73 81 1 0 16 T M M 16.3 32 40 M M 2 18 38 40
28 89 73 81 1 0 16 0.00 M M 16.1 28 70 M M 3 38 70
29 89 66 78 -2 0 13 0.00 M M 13.3 26 30 M M 3 32 50
30 87 70 79 -1 0 14 T M M 12.6 24 40 M M 4 18 29 80
================================================================================
SM 2659 2130 0 451 0.13 M 438.3 M 88
================================================================================
AV 88.6 71.0 14.6 FASTST M M 3 MAX(MPH)
MISC ----> 32 40 # 40 60
================================================================================
NOTES:
# LAST OF SEVERAL OCCURRENCES
COLUMN 17 PEAK WIND IN M.P.H.
PRELIMINARY LOCAL CLIMATOLOGICAL DATA (WS FORM: F-6) , PAGE 2
STATION: KAHULUI HI
MONTH: SEPTEMBER
YEAR: 2021
LATITUDE: 20 53 N
LONGITUDE: 156 26 W
[TEMPERATURE DATA] [PRECIPITATION DATA] SYMBOLS USED IN COLUMN 16
AVERAGE MONTHLY: 79.8 TOTAL FOR MONTH: 0.13 1 = FOG OR MIST
DPTR FM NORMAL: -0.8 DPTR FM NORMAL: -0.32 2 = FOG REDUCING VISIBILITY
HIGHEST: 92 ON 1 GRTST 24HR 0.10 ON 17-18 TO 1/4 MILE OR LESS
LOWEST: 66 ON 29 3 = THUNDER
SNOW, ICE PELLETS, HAIL 4 = ICE PELLETS
TOTAL MONTH: M 5 = HAIL
GRTST 24HR M ON M 6 = FREEZING RAIN OR DRIZZLE
GRTST DEPTH: M ON M 7 = DUSTSTORM OR SANDSTORM:
VSBY 1/2 MILE OR LESS
8 = SMOKE OR HAZE
[NO. OF DAYS WITH] [WEATHER - DAYS WITH] 9 = BLOWING SNOW
X = TORNADO
MAX 32 OR BELOW: 0 0.01 INCH OR MORE: 4
MAX 90 OR ABOVE: 5 0.10 INCH OR MORE: 0
MIN 32 OR BELOW: 0 0.50 INCH OR MORE: 0
MIN 0 OR BELOW: 0 1.00 INCH OR MORE: 0
[HDD (BASE 65) ]
TOTAL THIS MO. 0 CLEAR (SCALE 0-3) 16
DPTR FM NORMAL 0 PTCLDY (SCALE 4-7) 14
TOTAL FM JUL 1 0 CLOUDY (SCALE 8-10) 0
DPTR FM NORMAL 0
[CDD (BASE 65) ]
TOTAL THIS MO. 451
DPTR FM NORMAL -17 [PRESSURE DATA]
TOTAL FM JAN 1 3202 HIGHEST SLP 30.13 ON 27
DPTR FM NORMAL -113 LOWEST SLP 29.90 ON 24
[REMARKS]
#FINAL-09-21#