000
CXUS53 KEAX 010836
CF6OJC
PRELIMINARY LOCAL CLIMATOLOGICAL DATA (WS FORM: F-6)
STATION: JOHNSON COUNTY EXECUTIVE KS
MONTH: JANUARY
YEAR: 2023
LATITUDE: 38 50 N
LONGITUDE: 94 44 W
TEMPERATURE IN F: :PCPN: SNOW: WIND :SUNSHINE: SKY :PK WND
================================================================================
1 2 3 4 5 6A 6B 7 8 9 10 11 12 13 14 15 16 17 18
12Z AVG MX 2MIN
DY MAX MIN AVG DEP HDD CDD WTR SNW DPTH SPD SPD DIR MIN PSBL S-S WX SPD DR
================================================================================
1 61 33 47 17 18 0 0.00 M M 5.4 13 50 M M 0 12 19 40
2 59 41 50 20 15 0 0.89 M M 8.0 16 70 M M 8 123 20 70
3 57 33 45 15 20 0 0.00 M M 13.0 22 270 M M 9 12 36 260
4 46 31 39 9 26 0 0.00 M M 11.3 20 270 M M 4 29 260
5 44 27 36 6 29 0 0.00 M M 8.0 17 300 M M 3 26 280
6 48 21 35 5 30 0 0.00 M M 6.1 15 70 M M 1 23 70
7 38 31 35 5 30 0 T M M 10.7 20 50 M M 10 27 60
8 48 22 35 5 30 0 0.00 M M 4.4 10 210 M M 2 18 14 200
9 59 30 45 15 20 0 0.00 M M 8.8 20 210 M M 0 27 190
10 55 31 43 13 22 0 0.00 M M 4.6 12 90 M M 0 15 90
11 57 32 45 15 20 0 0.00 M M 6.9 23 10 M M 1 32 30
12 40 26 33 3 32 0 0.01 M M 14.9 25 350 M M 10 18 38 360
13 35 22 29 -1 36 0 0.00 M M 5.7 16 360 M M 5 21 350
14 46 21 34 4 31 0 0.00 M M 11.1 18 180 M M 0 26 200
15 57 37 47 17 18 0 0.00 M M 17.4 26 180 M M 2 39 180
16 59 40 50 20 15 0 0.00 M M 12.7 24 220 M M 2 37 180
17 47 32 40 10 25 0 0.00 M M 6.6 13 40 M M 2 1 18 50
18 40 37 39 9 26 0 0.45 M M 10.5 24 70 M M 9 12 31 60
19 40 27 34 4 31 0 T M M 11.9 21 300 M M 9 1 37 290
20 46 27 37 7 28 0 0.00 M M 3.5 13 330 M M 3 18 320
21 39 26 33 3 32 0 0.10 M M 4.0 9 70 M M 7 1 14 60
22 34 27 31 1 34 0 0.03 M M 6.7 13 330 M M 10 18 17 340
23 41 22 32 2 33 0 0.00 M M 5.6 15 270 M M 4 12 20 270
24 43 25 34 4 31 0 0.10 M M 2.3 8 200 M M 5 1 14 310
25 35 24 30 0 35 0 0.15 M M 10.6 18 310 M M 10 1 29 350
26 29 15 22 -8 43 0 0.00 M M 7.9 16 310 M M 4 24 280
27 50 26 38 8 27 0 0.00 M M 8.9 18 230 M M 4 27 240
28 53 22 38 8 27 0 0.00 M M 11.3 25 10 M M 4 33 350
29 23 13 18 -12 47 0 0.00 M M 15.0 21 360 M M 10 28 10
30 20 13 17 -14 48 0 0.00 M M 10.4 20 10 M M 7 26 10
31 25 9 17 -14 48 0 0.00 M M 3.2 9 360 M M 0 12 350
================================================================================
SM 1374 823 907 0 1.73 M 267.4 M 145
================================================================================
AV 44.3 26.5 8.6 FASTST M M 5 MAX(MPH)
MISC ----> 26 180 39 180
================================================================================
NOTES:
# LAST OF SEVERAL OCCURRENCES
COLUMN 17 PEAK WIND IN M.P.H.
PRELIMINARY LOCAL CLIMATOLOGICAL DATA (WS FORM: F-6) , PAGE 2
STATION: JOHNSON COUNTY EXECUTIVE KS
MONTH: JANUARY
YEAR: 2023
LATITUDE: 38 50 N
LONGITUDE: 94 44 W
[TEMPERATURE DATA] [PRECIPITATION DATA] SYMBOLS USED IN COLUMN 16
AVERAGE MONTHLY: 35.4 TOTAL FOR MONTH: 1.73 1 = FOG OR MIST
DPTR FM NORMAL: 5.4 DPTR FM NORMAL: 0.67 2 = FOG REDUCING VISIBILITY
HIGHEST: 61 ON 1 GRTST 24HR 0.89 ON 2- 2 TO 1/4 MILE OR LESS
LOWEST: 9 ON 31 3 = THUNDER
SNOW, ICE PELLETS, HAIL 4 = ICE PELLETS
TOTAL MONTH: M 5 = HAIL
GRTST 24HR M ON M 6 = FREEZING RAIN OR DRIZZLE
GRTST DEPTH: M ON M 7 = DUSTSTORM OR SANDSTORM:
VSBY 1/2 MILE OR LESS
8 = SMOKE OR HAZE
[NO. OF DAYS WITH] [WEATHER - DAYS WITH] 9 = BLOWING SNOW
X = TORNADO
MAX 32 OR BELOW: 4 0.01 INCH OR MORE: 7
MAX 90 OR ABOVE: 0 0.10 INCH OR MORE: 5
MIN 32 OR BELOW: 25 0.50 INCH OR MORE: 1
MIN 0 OR BELOW: 0 1.00 INCH OR MORE: 0
[HDD (BASE 65) ]
TOTAL THIS MO. 907 CLEAR (SCALE 0-3) 13
DPTR FM NORMAL -179 PTCLDY (SCALE 4-7) 9
TOTAL FM JUL 1 2820 CLOUDY (SCALE 8-10) 9
DPTR FM NORMAL -197
[CDD (BASE 65) ]
TOTAL THIS MO. 0
DPTR FM NORMAL 0 [PRESSURE DATA]
TOTAL FM JAN 1 0 HIGHEST SLP 30.53 ON 31
DPTR FM NORMAL 0 LOWEST SLP 29.38 ON 16
[REMARKS]
#FINAL-01-23#