000
CXUS53 KEAX 011038
CLSOJC
CLIMATE REPORT
NATIONAL WEATHER SERVICE
527 AM CDT TUE JUN 01 2021
...................................
...THE JOHNSON COUNTY EXECUTIVE KS CLIMATE SUMMARY FOR THE SEASON, FROM
3/1/2021 TO 5/31/2021...
CLIMATE NORMAL PERIOD: 1991 TO 2020
CLIMATE RECORD PERIOD: 9999 TO 9999
WEATHER OBSERVED NORMAL DEPART LAST YEAR`S
VALUE DATE(S) VALUE FROM VALUE DATE(S)
NORMAL
................................................................
TEMPERATURE (F)
HIGHEST 86 05/26 87 -1 87 04/08
LOWEST 23 03/01 16 7 24 03/21
AVG. MAXIMUM 64.8 64.6 0.2 63.6
AVG. MINIMUM 46.0 45.0 1.0 45.1
MEAN 55.4 54.8 0.6 54.4
DAYS MAX >= 90 0 0.7 -0.7 0
DAYS MAX <= 32 0 1.1 -1.1 0
DAYS MIN <= 32 7 14.9 -7.9 12
DAYS MIN <= 0 0 0.1 -0.1 0
PRECIPITATION (INCHES)
TOTALS 13.64R 11.52 2.12 14.16
DAILY AVG. 0.15 0.13 0.02 0.15
DAYS >= .01 35 32.0 3.0 34
DAYS >= .10 26 19.6 6.4 22
DAYS >= .50 10 7.6 2.4 9
DAYS >= 1.00 3 2.9 0.1 5
GREATEST
24 HR. TOTAL 2.02 05/16 TO 05/16
DEGREE DAYS
HEATING TOTAL 939 1045 -106 1016
COOLING TOTAL 78 111 -33 66
................................................................
WIND (MPH)
AVERAGE WIND SPEED 9.4
HIGHEST WIND SPEED/DIRECTION 36/200 DATE 03/10
HIGHEST GUST SPEED/DIRECTION 51/200 DATE 03/10
SKY COVER
POSSIBLE SUNSHINE (PERCENT) MM
AVERAGE SKY COVER 0.44
NUMBER OF DAYS FAIR 42
NUMBER OF DAYS PC 24
NUMBER OF DAYS CLOUDY 26
AVERAGE RH (PERCENT) 65
WEATHER CONDITIONS. NUMBER OF DAYS WITH
THUNDERSTORM 10
MIXED PRECIP 0
HEAVY RAIN 13
RAIN 19
LIGHT RAIN 40
LT FREEZING RAIN 0
HAIL 0
HEAVY SNOW 0
SNOW 1
LIGHT SNOW 2
SLEET 0
FOG 39
FOG W/VIS <= 1/4 MILE 4
HAZE 9
- INDICATES NEGATIVE NUMBERS.
R INDICATES RECORD WAS SET OR TIED.
MM INDICATES DATA IS MISSING.
T INDICATES TRACE AMOUNT.
>= INDICATES GREATER THAN OR EQUAL TO.
<= INDICATES LESS THAN OR EQUAL TO.
$$