000
CXUS54 KOUN 010810
CF6OKC
PRELIMINARY LOCAL CLIMATOLOGICAL DATA (WS FORM: F-6)
STATION: OKLAHOMA CITY
MONTH: OCTOBER
YEAR: 2022
LATITUDE: 35 24 N
LONGITUDE: 97 36 W
TEMPERATURE IN F: :PCPN: SNOW: WIND :SUNSHINE: SKY :PK WND
================================================================================
1 2 3 4 5 6A 6B 7 8 9 10 11 12 13 14 15 16 17 18
12Z AVG MX 2MIN
DY MAX MIN AVG DEP HDD CDD WTR SNW DPTH SPD SPD DIR MIN PSBL S-S WX SPD DR
================================================================================
1 83 51 67 0 0 2 0.00 0.0 0 4.9 12 90 M M 2 16 130
2 85 53 69 2 0 4 0.00 0.0 0 4.9 12 130 M M 0 15 100
3 83 51 67 1 0 2 0.00 0.0 0 5.4 15 150 M M 1 22 170
4 83 52 68 2 0 3 0.00 0.0 0 5.9 17 200 M M 3 8 21 200
5 84 56 70 4 0 5 T 0.0 0 3.8 10 40 M M 7 15 200
6 85 59 72 7 0 7 0.00 0.0 0 3.5 15 20 M M 7 18 20
7 70 54 62 -3 3 0 T 0.0 0 10.5 18 40 M M 9 22 30
8 67 48 58 -6 7 0 T 0.0 0 6.0 17 30 M M 8 21 30
9 73 53 63 -1 2 0 0.02 0.0 0 7.2 16 220 M M 7 1 21 220
10 77 58 68 4 0 3 0.09 0.0 0 6.7 21 200 M M 9 13 26 220
11 79 60 70 7 0 5 0.02 0.0 0 14.1 29 190 M M 6 1 37 200
12 80 56 68 5 0 3 0.00 0.0 0 10.1 22 340 M M 1 8 26 340
13 75 48 62 0 3 0 0.00 0.0 0 9.2 22 300 M M 1 27 300
14 85 43 64 2 1 0 0.00 0.0 0 9.9 24 220 M M 1 31 240
15 90 52 71 9 0 6 0.38 0.0 0 9.9 47 350 M M 3 13 54 350
16 69 58 64 3 1 0 T 0.0 0 10.7 20 10 M M 9 3 25 20
17 61 46 54 -7 11 0 0.00 0.0 0 11.8 21 10 M M 1 29 340
18 56 39 48 -12 17 0 0.00 0.0 0 9.7 18 10 M M 2 24 350
19 66 28 47 -13 18 0 0.00 0.0 0 7.1 15 200 M M 1 21 200
20 78 40 59 -1 6 0 0.00 0.0 0 6.2 15 360 M M 1 18 10
21 89 44 67 8 0 2 0.00 0.0 0 12.7 25 200 M M 1 33 220
22 91 64 78 19 0 13 0.00 0.0 0 20.8 31 180 M M 2 40 210
23 82 66 74 16 0 9 0.00 0.0 0 22.4 32 180 M M 5 39 180
24 73 49 61 3 4 0 1.34 0.0 0 16.2 35 30 M M 9 13 47 50
25 65 44 55 -3 10 0 0.01 0.0 0 14.1 32 20 M M 4 42 20
26 68 41 55 -2 10 0 0.00 0.0 0 9.5 16 160 M M 0 20 120
27 69 46 58 1 7 0 T M M 15.6 28 160 M M 4 3 34 150
28 58 50 54 -2 11 0 0.34 0.0 M 8.7 16 360 M M 10 1 20 360
29 63 51 57 1 8 0 0.01 0.0 M 8.9 17 340 M M 9 1 20 360
30 67 43 55 -1 10 0 0.00 0.0 M 7.6 14 320 M M 5 17 340
31 74 40 57 2 8 0 T M M 4.9 12 220 M M 2 16 220
================================================================================
SM 2328 1543 137 64 2.21 0.0 298.9 M 130
================================================================================
AV 75.1 49.8 9.6 FASTST M M 4 MAX(MPH)
MISC ----> 47 350 54 350
================================================================================
NOTES:
# LAST OF SEVERAL OCCURRENCES
COLUMN 17 PEAK WIND IN M.P.H.
PRELIMINARY LOCAL CLIMATOLOGICAL DATA (WS FORM: F-6) , PAGE 2
STATION: OKLAHOMA CITY
MONTH: OCTOBER
YEAR: 2022
LATITUDE: 35 24 N
LONGITUDE: 97 36 W
[TEMPERATURE DATA] [PRECIPITATION DATA] SYMBOLS USED IN COLUMN 16
AVERAGE MONTHLY: 62.4 TOTAL FOR MONTH: 2.21 1 = FOG OR MIST
DPTR FM NORMAL: 1.3 DPTR FM NORMAL: -1.11 2 = FOG REDUCING VISIBILITY
HIGHEST: 91 ON 22 GRTST 24HR 1.34 ON 24-24 TO 1/4 MILE OR LESS
LOWEST: 28 ON 19 3 = THUNDER
SNOW, ICE PELLETS, HAIL 4 = ICE PELLETS
TOTAL MONTH: 0.0 INCH 5 = HAIL
GRTST 24HR 0.0 6 = FREEZING RAIN OR DRIZZLE
GRTST DEPTH: 0 7 = DUSTSTORM OR SANDSTORM:
VSBY 1/2 MILE OR LESS
8 = SMOKE OR HAZE
[NO. OF DAYS WITH] [WEATHER - DAYS WITH] 9 = BLOWING SNOW
X = TORNADO
MAX 32 OR BELOW: 0 0.01 INCH OR MORE: 8
MAX 90 OR ABOVE: 2 0.10 INCH OR MORE: 3
MIN 32 OR BELOW: 1 0.50 INCH OR MORE: 1
MIN 0 OR BELOW: 0 1.00 INCH OR MORE: 1
[HDD (BASE 65) ]
TOTAL THIS MO. 137 CLEAR (SCALE 0-3) 15
DPTR FM NORMAL -40 PTCLDY (SCALE 4-7) 10
TOTAL FM JUL 1 137 CLOUDY (SCALE 8-10) 6
DPTR FM NORMAL -59
[CDD (BASE 65) ]
TOTAL THIS MO. 64
DPTR FM NORMAL 8 [PRESSURE DATA]
TOTAL FM JAN 1 2350 HIGHEST SLP M ON M
DPTR FM NORMAL 488 LOWEST SLP 29.49 ON 22
[REMARKS]
#FINAL-10-22#