000
CXUS54 KOUN 010910
CF6OKC
PRELIMINARY LOCAL CLIMATOLOGICAL DATA (WS FORM: F-6)
STATION: OKLAHOMA CITY
MONTH: JANUARY
YEAR: 2021
LATITUDE: 35 24 N
LONGITUDE: 97 36 W
TEMPERATURE IN F: :PCPN: SNOW: WIND :SUNSHINE: SKY :PK WND
================================================================================
1 2 3 4 5 6A 6B 7 8 9 10 11 12 13 14 15 16 17 18
12Z AVG MX 2MIN
DY MAX MIN AVG DEP HDD CDD WTR SNW DPTH SPD SPD DIR MIN PSBL S-S WX SPD DR
================================================================================
1 34 30 32 -7 33 0 0.60 5.1 5 16.5 30 350 M M 9 146 36 350
2 42 31 37 -2 28 0 0.01 T 3 5.8 10 280 M M 6 1 12 280
3 41 28 35 -4 30 0 0.00 0.0 1 4.8 12 290 M M 2 1 15 160
4 56 28 42 3 23 0 0.00 0.0 T 6.4 21 350 M M 2 1 25 340
5 58 27 43 4 22 0 0.00 0.0 0 10.0 22 180 M M 5 26 160
6 49 39 44 5 21 0 0.10 0.0 0 14.1 26 350 M M 10 1 32 350
7 40 37 39 0 26 0 T 0.0 0 14.4 24 350 M M 10 1 30 350
8 40 29 35 -4 30 0 0.00 0.0 0 8.5 17 350 M M 7 20 340
9 43 23 33 -6 32 0 0.00 0.0 0 3.9 9 30 M M 5 1 11 30
10 37 29 33 -6 32 0 0.00 0.0 0 8.2 15 360 M M 10 1 19 40
11 46 25 36 -3 29 0 0.00 0.0 0 3.5 10 310 M M 4 15 280
12 51 23 37 -2 28 0 0.00 0.0 0 6.6 12 210 M M 0 14 250
13 59 21 40 1 25 0 0.00 0.0 0 10.0 22 220 M M 4 1 28 220
14 54 33 44 5 21 0 0.00 0.0 0 18.4 36 330 M M 5 44 340
15 45 31 38 -1 27 0 0.00 0.0 0 19.2 37 320 M M 4 47 320
16 50 25 38 -1 27 0 0.00 0.0 0 6.6 14 300 M M 4 19 270
17 54 28 41 2 24 0 0.00 0.0 0 11.1 28 320 M M 4 34 310
18 61 27 44 5 21 0 0.00 0.0 0 10.5 23 180 M M 5 28 180
19 48 31 40 1 25 0 0.00 0.0 0 11.5 21 350 M M 7 25 360
20 45 26 36 -3 29 0 T 0.0 0 10.7 24 200 M M 9 30 200
21 51 37 44 5 21 0 0.00 0.0 0 5.5 15 190 M M 10 1 19 200
22 54 36 45 5 20 0 0.00 0.0 0 11.5 18 40 M M 4 1 24 40
23 48 38 43 3 22 0 T 0.0 0 12.6 20 150 M M 10 1 24 150
24 50 41 46 6 19 0 0.31 0.0 0 11.2 20 190 M M 10 123 24 190
25 56 32 44 4 21 0 0.50 0.0 0 13.5 28 350 M M 7 123 32 310
26 38 26 32 -8 33 0 0.00 0.0 0 10.5 24 350 M M 5 1 31 360
27 36 23 30 -10 35 0 0.00 0.0 0 12.7 22 350 M M 6 26 360
28 47 19 33 -7 32 0 0.00 0.0 0 7.8 15 180 M M 5 18 160
29 57 29 43 3 22 0 T 0.0 0 16.7 26 180 M M 7 33 180
30 67 38 53 13 12 0 0.10 0.0 0 20.7 35 240 M M 6 13 48 230
31 48 32 40 0 25 0 0.00 0.0 0 18.6 31 340 M M 3 39 350
================================================================================
SM 1505 922 795 0 1.62 5.1 342.0 M 185
================================================================================
AV 48.5 29.7 11.0 FASTST M M 6 MAX(MPH)
MISC ----> 37 320 48 230
================================================================================
NOTES:
# LAST OF SEVERAL OCCURRENCES
COLUMN 17 PEAK WIND IN M.P.H.
PRELIMINARY LOCAL CLIMATOLOGICAL DATA (WS FORM: F-6) , PAGE 2
STATION: OKLAHOMA CITY
MONTH: JANUARY
YEAR: 2021
LATITUDE: 35 24 N
LONGITUDE: 97 36 W
[TEMPERATURE DATA] [PRECIPITATION DATA] SYMBOLS USED IN COLUMN 16
AVERAGE MONTHLY: 39.1 TOTAL FOR MONTH: 1.62 1 = FOG OR MIST
DPTR FM NORMAL: -0.1 DPTR FM NORMAL: 0.23 2 = FOG REDUCING VISIBILITY
HIGHEST: 67 ON 30 GRTST 24HR 1.28 ON 31- 1 TO 1/4 MILE OR LESS
LOWEST: 19 ON 28 3 = THUNDER
SNOW, ICE PELLETS, HAIL 4 = ICE PELLETS
TOTAL MONTH: 5.1 INCHES 5 = HAIL
GRTST 24HR 5.1 ON 1- 1 6 = FREEZING RAIN OR DRIZZLE
GRTST DEPTH: 5 ON 1 7 = DUSTSTORM OR SANDSTORM:
VSBY 1/2 MILE OR LESS
8 = SMOKE OR HAZE
[NO. OF DAYS WITH] [WEATHER - DAYS WITH] 9 = BLOWING SNOW
X = TORNADO
MAX 32 OR BELOW: 0 0.01 INCH OR MORE: 6
MAX 90 OR ABOVE: 0 0.10 INCH OR MORE: 5
MIN 32 OR BELOW: 23 0.50 INCH OR MORE: 2
MIN 0 OR BELOW: 0 1.00 INCH OR MORE: 0
[HDD (BASE 65) ]
TOTAL THIS MO. 795 CLEAR (SCALE 0-3) 3
DPTR FM NORMAL -3 PTCLDY (SCALE 4-7) 20
TOTAL FM JUL 1 2165 CLOUDY (SCALE 8-10) 8
DPTR FM NORMAL 13
[CDD (BASE 65) ]
TOTAL THIS MO. 0
DPTR FM NORMAL 0 [PRESSURE DATA]
TOTAL FM JAN 1 0 HIGHEST SLP 30.61 ON 28
DPTR FM NORMAL 0 LOWEST SLP 29.49 ON 30
[REMARKS]
#FINAL-01-21#