000
CXUS55 KTWC 010855
CF6OLS
PRELIMINARY LOCAL CLIMATOLOGICAL DATA (WS FORM: F-6)
STATION: NOGALES AZ AIRPORT
MONTH: DECEMBER
YEAR: 2021
LATITUDE: 31 25 N
LONGITUDE: 110 51 W
TEMPERATURE IN F: :PCPN: SNOW: WIND :SUNSHINE: SKY :PK WND
================================================================================
1 2 3 4 5 6A 6B 7 8 9 10 11 12 13 14 15 16 17 18
12Z AVG MX 2MIN
DY MAX MIN AVG DEP HDD CDD WTR SNW DPTH SPD SPD DIR MIN PSBL S-S WX SPD DR
================================================================================
1 80 44 62 10 3 0 0.00 M M 3.2 10 30 M M M 16 190
2 78 45 62 11 3 0 0.00 M M 3.2 14 160 M M M 21 170
3 75 39 57 6 8 0 0.00 M M 3.6 10 230 M M M 17 190
4 71 38 55 4 10 0 0.00 M M 3.3 9 90 M M M 11 230
5 74 34 54 3 11 0 0.00 M M 3.5 14 280 M M M 21 280
6 76 35 56 6 9 0 0.00 M M 3.6 14 230 M M 0 19 230
7 72 39 56 6 9 0 0.00 M M 5.8 17 220 M M 0 24 210
8 72 39 56 6 9 0 0.00 M M 4.6 17 220 M M 0 24 220
9 67 39 53 3 12 0 0.00 M M 9.1 23 180 M M M 31 180
10 60 41 51 1 14 0 0.09 M M 7.3 17 210 M M 8 1 24 200
11 66 32 49 -1 16 0 0.00 M M 2.8 9 170 M M 1 13 180
12 73 31 52 3 13 0 0.00 M M 3.4 16 220 M M 0 22 220
13 73 39 56 7 9 0 T M M 5.7 17 180 M M 0 22 180
14 71 52 62 13 3 0 T M M 11.0 22 210 M M 8 32 190
15 58 37 48 -1 17 0 0.00 M M 6.3 25 230 M M 3 37 240
16 70 32 51 2 14 0 0.00 M M 3.6 14 210 M M 3 12 20 210
17 62 31 47 -2 18 0 0.00 M M 2.8 12 290 M M 0 17 280
18 64 26 45 -4 20 0 0.00 M M 3.0 14 40 M M 1 25 30
19 65 33 49 0 16 0 0.00 M M 4.6 12 50 M M 0 18 30
20 69 30 50 1 15 0 0.00 M M 2.3 10 80 M M 0 11 90
21 71 35 53 4 12 0 0.00 M M 2.6 8 180 M M 2 10 180
22 77 40 59 10 6 0 0.00 M M 2.9 9 80 M M 0 12 220
23 75 47 61 12 4 0 0.00 M M 6.2 20 210 M M 0 28 240
24 62 55 59 10 6 0 0.01 M M 10.5 25 200 M M 7 35 200
25 65 50 58 9 7 0 0.00 M M 9.2 20 190 M M 3 27 190
26 63 35 49 0 16 0 0.02 M M 7.2 22 130 M M 2 28 150
27 58 31 45 -4 20 0 T M M 7.2 22 160 M M 3 30 170
28 59 27 43 -6 22 0 0.00 M M 7.6 18 180 M M 2 26 190
29 57 42 50 1 15 0 0.01 M M 9.0 18 220 M M 8 1 26 220
30 53 34 44 -5 21 0 0.05 M M 5.5 17 150 M M 6 1 24 150
31 61 43 52 3 13 0 0.69 M M 11.8 33 180 M M 9 1 45 180
================================================================================
SM 2097 1175 371 0 0.87 M 172.4 M 66
================================================================================
AV 67.6 37.9 5.6 FASTST M M 3 MAX(MPH)
MISC ----> 33 180 45 180
================================================================================
NOTES:
# LAST OF SEVERAL OCCURRENCES
COLUMN 17 PEAK WIND IN M.P.H.
PRELIMINARY LOCAL CLIMATOLOGICAL DATA (WS FORM: F-6) , PAGE 2
STATION: NOGALES AZ AIRPORT
MONTH: DECEMBER
YEAR: 2021
LATITUDE: 31 25 N
LONGITUDE: 110 51 W
[TEMPERATURE DATA] [PRECIPITATION DATA] SYMBOLS USED IN COLUMN 16
AVERAGE MONTHLY: 52.8 TOTAL FOR MONTH: 0.87 1 = FOG OR MIST
DPTR FM NORMAL: 3.4 DPTR FM NORMAL: -0.14 2 = FOG REDUCING VISIBILITY
HIGHEST: 80 ON 1 GRTST 24HR 0.69 ON 31-31 TO 1/4 MILE OR LESS
LOWEST: 26 ON 18 3 = THUNDER
SNOW, ICE PELLETS, HAIL 4 = ICE PELLETS
TOTAL MONTH: M 5 = HAIL
GRTST 24HR M ON M 6 = FREEZING RAIN OR DRIZZLE
GRTST DEPTH: M ON M 7 = DUSTSTORM OR SANDSTORM:
VSBY 1/2 MILE OR LESS
8 = SMOKE OR HAZE
[NO. OF DAYS WITH] [WEATHER - DAYS WITH] 9 = BLOWING SNOW
X = TORNADO
MAX 32 OR BELOW: 0 0.01 INCH OR MORE: 6
MAX 90 OR ABOVE: 0 0.10 INCH OR MORE: 1
MIN 32 OR BELOW: 8 0.50 INCH OR MORE: 1
MIN 0 OR BELOW: 0 1.00 INCH OR MORE: 0
[HDD (BASE 65) ]
TOTAL THIS MO. 371 CLEAR (SCALE 0-3) 15
DPTR FM NORMAL -113 PTCLDY (SCALE 4-7) 9
TOTAL FM JUL 1 562 CLOUDY (SCALE 8-10) 7
DPTR FM NORMAL -231
[CDD (BASE 65) ]
TOTAL THIS MO. 0
DPTR FM NORMAL 0 [PRESSURE DATA]
TOTAL FM JAN 1 2047 HIGHEST SLP M ON M
DPTR FM NORMAL 71 LOWEST SLP 29.47 ON 31
[REMARKS]
#FINAL-12-21#