000
CXUS53 KARX 041457
CF6OLZ
PRELIMINARY LOCAL CLIMATOLOGICAL DATA (WS FORM: F-6)
STATION: OELWEIN IA
MONTH: DECEMBER
YEAR: 2021
LATITUDE: 42 40 N
LONGITUDE: 91 58 W
TEMPERATURE IN F: :PCPN: SNOW: WIND :SUNSHINE: SKY :PK WND
================================================================================
1 2 3 4 5 6A 6B 7 8 9 10 11 12 13 14 15 16 17 18
12Z AVG MX 2MIN
DY MAX MIN AVG DEP HDD CDD WTR SNW DPTH SPD SPD DIR MIN PSBL S-S WX SPD DR
================================================================================
1 52 39 46 M 19 0 0.05 0.0 0 10.8 15 240 M M 3 22 240
2 52 39 46 M 19 0 0.00 0.0 0 11.4 24 320 M M 6 29 330
3 48 28 38 M 27 0 0.00 0.0 0 7.7 12 130 M M 2 12 70
4 37 23 30 M 35 0 0.00 0.0 0 6.3 10 90 M M 8 12 M M
5 37 28 33 M 32 0 0.00 0.0 0 14.9 28 300 M M 9 1 39 300
6 30 5 18 M 47 0 0.00 0.0 0 21.7 33 310 M M 2 45 300
7 27 3 15 M 50 0 0.00 0.0 0 11.0 18 160 M M 7 25 170
8 28 10 19 M 46 0 0.00 0.0 0 8.3 16 130 M M 1 24 130
9 46 27 37 M 28 0 0.00 0.0 0 13.3 21 140 M M 7 28 130
10 36 28 32 M 33 0 0.00 0.0 0 13.7 21 50 M M 8 1 30 70
11 32 21 27 M 38 0 M M M 16.5 31 320 M M 3 1 39 330
12 45 23 34 M 31 0 0.00 0.0 M 12.5 17 210 M M 0 24 220
13 46 27 37 M 28 0 0.00 0.0 M 6.1 10 170 M M 0 M M
14 46 32 39 M 26 0 0.00 0.0 0 14.0 22 140 M M 2 24 140
15 70 46 58 M 7 0 0.43 0.0 0 21.9 33 220 M M 8 138 47 220
16 41 21 31 M 34 0 0.00 0.0 0 23.3 43 260 M M 5 58 260
17 32 18 25 M 40 0 0.00 0.0 0 7.8 14 50 M M 3 16 60
18 30 16 23 M 42 0 0.00 0.0 0 11.2 18 340 M M 6 23 330
19 27 18 23 M 42 0 0.00 0.0 0 11.5 20 170 M M 6 21 190
20 36 14 25 M 40 0 0.00 0.0 0 11.9 18 320 M M 0 1 21 340
21 32 9 21 M 44 0 0.00 0.0 0 14.2 24 310 M M 1 35 310
22 28 9 19 M 46 0 0.00 0.0 0 8.4 14 140 M M 3 18 160
23 41 27 34 M 31 0 0.00 0.0 0 8.6 14 160 M M 3 14 190
24 50 32 41 M 24 0 0.00 0.0 0 10.1 17 350 M M 8 12 18 180
25 45 25 35 M 30 0 0.00 0.0 0 8.9 16 30 M M 3 1 22 360
26 37 19 28 M 37 0 0.17 0.0 0 12.1 28 90 M M 4 16 39 90
27 36 23 30 M 35 0 0.04 0.0 0 11.1 25 290 M M 5 16 31 300
28 32 21 27 M 38 0 M M 0 12.2 24 110 M M 9 128 30 110
29 19 0 10 M 55 0 0.00 0.0 M 8.2 20 310 M M 4 22 310
30 27 16 22 M 43 0 0.00 0.0 M 9.1 13 180 M M 10 1 16 160
31 28 12 20 M 45 0 0.00 0.0 M 11.6 17 360 M M 8 1 25 10
================================================================================
SM 1173 659 1092 0 0.69 0.0 370.3 M 144
================================================================================
AV 37.8 21.3 11.9 FASTST M M 5 MAX(MPH)
MISC ----> 43 260 58 260
================================================================================
NOTES:
# LAST OF SEVERAL OCCURRENCES
COLUMN 17 PEAK WIND IN M.P.H.
PRELIMINARY LOCAL CLIMATOLOGICAL DATA (WS FORM: F-6) , PAGE 2
STATION: OELWEIN IA
MONTH: DECEMBER
YEAR: 2021
LATITUDE: 42 40 N
LONGITUDE: 91 58 W
[TEMPERATURE DATA] [PRECIPITATION DATA] SYMBOLS USED IN COLUMN 16
AVERAGE MONTHLY: 29.5 TOTAL FOR MONTH: 0.69 1 = FOG OR MIST
DPTR FM NORMAL: 0.0 DPTR FM NORMAL: M 2 = FOG REDUCING VISIBILITY
HIGHEST: 70 ON 15 GRTST 24HR 0.43 ON 15-15 TO 1/4 MILE OR LESS
LOWEST: 0 ON 29 3 = THUNDER
SNOW, ICE PELLETS, HAIL 4 = ICE PELLETS
TOTAL MONTH: 0.0 INCH 5 = HAIL
GRTST 24HR 0.0 6 = FREEZING RAIN OR DRIZZLE
GRTST DEPTH: 0 7 = DUSTSTORM OR SANDSTORM:
VSBY 1/2 MILE OR LESS
8 = SMOKE OR HAZE
[NO. OF DAYS WITH] [WEATHER - DAYS WITH] 9 = BLOWING SNOW
X = TORNADO
MAX 32 OR BELOW: 13 0.01 INCH OR MORE: 4
MAX 90 OR ABOVE: 0 0.10 INCH OR MORE: 2
MIN 32 OR BELOW: 28 0.50 INCH OR MORE: 0
MIN 0 OR BELOW: 1 1.00 INCH OR MORE: 0
[HDD (BASE 65) ]
TOTAL THIS MO. 1092 CLEAR (SCALE 0-3) 11
DPTR FM NORMAL M PTCLDY (SCALE 4-7) 15
TOTAL FM JUL 1 2295 CLOUDY (SCALE 8-10) 5
DPTR FM NORMAL M
[CDD (BASE 65) ]
TOTAL THIS MO. 0
DPTR FM NORMAL M [PRESSURE DATA]
TOTAL FM JAN 1 704 HIGHEST SLP M ON M
DPTR FM NORMAL M LOWEST SLP M ON M
[REMARKS]
#FINAL-12-21#