000
CXUS53 KOAX 011030
CF6OMA
PRELIMINARY LOCAL CLIMATOLOGICAL DATA (WS FORM: F-6)
STATION: OMAHA NE
MONTH: NOVEMBER
YEAR: 2022
LATITUDE: 41 17 N
LONGITUDE: 95 54 W
TEMPERATURE IN F: :PCPN: SNOW: WIND :SUNSHINE: SKY :PK WND
================================================================================
1 2 3 4 5 6A 6B 7 8 9 10 11 12 13 14 15 16 17 18
12Z AVG MX 2MIN
DY MAX MIN AVG DEP HDD CDD WTR SNW DPTH SPD SPD DIR MIN PSBL S-S WX SPD DR
================================================================================
1 78 41 60 13 5 0 0.00 0.0 0 10.7 20 180 M M 1 27 170
2 76 52 64 18 1 0 0.00 0.0 0 19.3 36 180 M M 3 45 170
3 75 43 59 13 6 0 T 0.0 0 16.3 25 330 M M 9 37 170
4 43 36 40 -5 25 0 0.47 0.0 0 14.1 24 340 M M 10 13 32 340
5 57 29 43 -2 22 0 0.00 0.0 0 13.6 23 190 M M 6 32 190
6 59 30 45 1 20 0 0.00 0.0 0 10.1 24 200 M M 7 37 210
7 53 27 40 -4 25 0 0.00 0.0 0 10.0 20 110 M M 6 26 110
8 62 41 52 8 13 0 T 0.0 0 18.6 28 160 M M 9 1 36 150
9 75 60 68 25 0 3 T 0.0 0 20.7 32 160 M M 9 1 41 160
10 69 24 47 4 18 0 0.01 0.0 0 19.5 31 180 M M 6 18 44 180
11 32 19 26 -16 39 0 0.00 0.0 0 18.2 25 330 M M 4 34 340
12 30 18 24 -18 41 0 T T 0 11.5 22 330 M M 9 28 360
13 37 12 25 -16 40 0 0.00 0.0 0 10.6 23 130 M M 6 1 28 130
14 36 29 33 -8 32 0 0.00 0.0 0 8.3 16 350 M M 9 20 350
15 31 18 25 -15 40 0 T T 0 11.2 21 300 M M 8 29 330
16 30 18 24 -16 41 0 T T T 12.0 25 320 M M 8 1 33 330
17 34 17 26 -14 39 0 T T T 18.3 35 300 M M 6 52 290
18 25 11 18 -21 47 0 0.00 0.0 0 13.3 22 320 M M 2 28 310
19 31 15 23 -16 42 0 T T 0 14.5 30 320 M M 5 37 310
20 50 14 32 -6 33 0 0.00 0.0 0 9.9 21 230 M M 0 34 230
21 51 21 36 -2 29 0 0.00 0.0 0 5.6 12 360 M M 2 16 350
22 60 19 40 3 25 0 0.00 0.0 0 4.8 14 220 M M 3 18 220
23 56 24 40 3 25 0 0.00 0.0 0 9.7 21 160 M M 4 8 29 170
24 49 29 39 3 26 0 0.00 0.0 0 9.9 22 340 M M 4 28 330
25 53 21 37 1 28 0 0.00 0.0 0 6.9 12 200 M M 0 1 16 240
26 58 27 43 7 22 0 0.08 0.0 0 10.7 22 340 M M 6 1 30 350
27 44 24 34 -1 31 0 0.00 0.0 0 12.0 24 360 M M 7 32 360
28 54 22 38 3 27 0 0.00 0.0 0 10.3 22 180 M M 5 30 170
29 41 21 31 -3 34 0 0.01 0.2 0 19.1 33 350 M M 9 146 45 350
30 28 16 22 -12 43 0 0.00 0.0 T 10.0 22 310 M M 0 28 310
================================================================================
SM 1477 778 819 3 0.57 0.2 379.7 M 163
================================================================================
AV 49.2 25.9 12.7 FASTST M M 5 MAX(MPH)
MISC ----> 36 180 52 290
================================================================================
NOTES:
# LAST OF SEVERAL OCCURRENCES
COLUMN 17 PEAK WIND IN M.P.H.
PRELIMINARY LOCAL CLIMATOLOGICAL DATA (WS FORM: F-6) , PAGE 2
STATION: OMAHA NE
MONTH: NOVEMBER
YEAR: 2022
LATITUDE: 41 17 N
LONGITUDE: 95 54 W
[TEMPERATURE DATA] [PRECIPITATION DATA] SYMBOLS USED IN COLUMN 16
AVERAGE MONTHLY: 37.6 TOTAL FOR MONTH: 0.57 1 = FOG OR MIST
DPTR FM NORMAL: -2.6 DPTR FM NORMAL: -0.88 2 = FOG REDUCING VISIBILITY
HIGHEST: 78 ON 1 GRTST 24HR 0.47 ON 4- 4 TO 1/4 MILE OR LESS
LOWEST: 11 ON 18 3 = THUNDER
SNOW, ICE PELLETS, HAIL 4 = ICE PELLETS
TOTAL MONTH: 0.2 INCH 5 = HAIL
GRTST 24HR 0.2 ON 29-29 6 = FREEZING RAIN OR DRIZZLE
GRTST DEPTH: T 7 = DUSTSTORM OR SANDSTORM:
VSBY 1/2 MILE OR LESS
8 = SMOKE OR HAZE
[NO. OF DAYS WITH] [WEATHER - DAYS WITH] 9 = BLOWING SNOW
X = TORNADO
MAX 32 OR BELOW: 7 0.01 INCH OR MORE: 4
MAX 90 OR ABOVE: 0 0.10 INCH OR MORE: 1
MIN 32 OR BELOW: 24 0.50 INCH OR MORE: 0
MIN 0 OR BELOW: 0 1.00 INCH OR MORE: 0
[HDD (BASE 65) ]
TOTAL THIS MO. 819 CLEAR (SCALE 0-3) 7
DPTR FM NORMAL 76 PTCLDY (SCALE 4-7) 16
TOTAL FM JUL 1 1221 CLOUDY (SCALE 8-10) 7
DPTR FM NORMAL 53
[CDD (BASE 65) ]
TOTAL THIS MO. 3
DPTR FM NORMAL 3 [PRESSURE DATA]
TOTAL FM JAN 1 1471 HIGHEST SLP 30.56 ON 7
DPTR FM NORMAL 178 LOWEST SLP 29.47 ON 5
[REMARKS]
#FINAL-11-22#