000
CXUS56 KBOI 011446
CF6ONO
PRELIMINARY LOCAL CLIMATOLOGICAL DATA (WS FORM: F-6)
STATION: ONTARIO OR
MONTH: DECEMBER
YEAR: 2020
LATITUDE: 44 1 N
LONGITUDE: 117 1 W
TEMPERATURE IN F: :PCPN: SNOW: WIND :SUNSHINE: SKY :PK WND
================================================================================
1 2 3 4 5 6A 6B 7 8 9 10 11 12 13 14 15 16 17 18
12Z AVG MX 2MIN
DY MAX MIN AVG DEP HDD CDD WTR SNW DPTH SPD SPD DIR MIN PSBL S-S WX SPD DR
================================================================================
1 47 18 33 2 32 0 0.00 M M 2.8 10 250 M M 0 18 12 250
2 44 19 32 1 33 0 0.00 M M 3.0 8 260 M M 0 12 20
3 44 17 31 1 34 0 0.00 M M 3.6 8 250 M M 0 11 70
4 39 16 28 -2 37 0 0.00 M M 1.6 7 270 M M 0 9 250
5 41 16 29 -1 36 0 0.00 M M 3.2 10 260 M M 0 13 260
6 43 20 32 2 33 0 0.00 M M 1.5 7 320 M M 2 8 9 260
7 42 16 29 0 36 0 0.00 M M 1.9 9 230 M M 0 18 10 230
8 43 18 31 2 34 0 0.00 M M 2.8 9 260 M M 0 18 11 260
9 40 17 29 0 36 0 0.00 M M 1.3 7 270 M M 2 8 9 260
10 44 17 31 3 34 0 0.00 M M 2.7 8 260 M M 0 18 13 290
11 46 21 34 6 31 0 0.00 M M 3.6 14 250 M M 3 19 220
12 44 19 32 4 33 0 0.00 M M 4.4 12 250 M M 1 8 14 260
13 33 17 25 -3 40 0 0.13 M M 4.2 10 30 M M 7 18 14 20
14 35 18 27 -1 38 0 0.00 M M 3.4 10 250 M M 9 128 15 260
15 32 17 25 -2 40 0 0.03 M M 1.9 7 260 M M 10 128 10 330
16 34 31 33 6 32 0 0.02 M M 3.6 10 240 M M 10 1268 13 240
17 44 33 39 12 26 0 0.11 M M 5.1 12 260 M M 7 168 15 270
18 44 29 37 10 28 0 0.00 M M 5.1 15 260 M M 3 18 270
19 41 28 35 8 30 0 T M M 3.3 9 260 M M 3 12 260
20 43 35 39 12 26 0 0.01 M M 3.2 8 60 M M 10 18 11 310
21 50 31 41 14 24 0 T M M 2.1 9 260 M M 6 128 12 250
22 46 30 38 11 27 0 T M M 14.1 31 300 M M 5 18 42 290
23 41 23 32 6 33 0 0.00 M M 2.3 9 270 M M 0 12 280
24 38 18 28 2 37 0 0.00 M M 3.1 9 110 M M 0 13 120
25 34 20 27 1 38 0 0.00 M M 4.1 14 250 M M 5 17 250
26 38 27 33 7 32 0 0.04 M M 2.8 12 260 M M 9 128 16 270
27 32 29 31 5 34 0 0.00 M M 2.3 9 250 M M 10 128 10 260
28 31 26 29 3 36 0 T M M 2.6 8 30 M M 10 18 13 30
29 28 25 27 1 38 0 0.00 M M 3.4 8 10 M M 10 18 11 20
30 32 27 30 4 35 0 0.04 M M 3.2 9 170 M M 10 18 12 240
31 35 28 32 6 33 0 0.01 M M 2.4 10 260 M M 10 18 13 260
================================================================================
SM 1228 706 1036 0 0.39 M 104.6 M 142
================================================================================
AV 39.6 22.8 3.4 FASTST M M 5 MAX(MPH)
MISC ----> 31 300 42 290
================================================================================
NOTES:
# LAST OF SEVERAL OCCURRENCES
COLUMN 17 PEAK WIND IN M.P.H.
PRELIMINARY LOCAL CLIMATOLOGICAL DATA (WS FORM: F-6) , PAGE 2
STATION: ONTARIO OR
MONTH: DECEMBER
YEAR: 2020
LATITUDE: 44 1 N
LONGITUDE: 117 1 W
[TEMPERATURE DATA] [PRECIPITATION DATA] SYMBOLS USED IN COLUMN 16
AVERAGE MONTHLY: 31.2 TOTAL FOR MONTH: 0.39 1 = FOG OR MIST
DPTR FM NORMAL: 3.4 DPTR FM NORMAL: -1.29 2 = FOG REDUCING VISIBILITY
HIGHEST: 50 ON 21 GRTST 24HR 0.13 ON 13-13 TO 1/4 MILE OR LESS
LOWEST: 16 ON 7, 5 3 = THUNDER
SNOW, ICE PELLETS, HAIL 4 = ICE PELLETS
TOTAL MONTH: M 5 = HAIL
GRTST 24HR M ON M 6 = FREEZING RAIN OR DRIZZLE
GRTST DEPTH: M ON M 7 = DUSTSTORM OR SANDSTORM:
VSBY 1/2 MILE OR LESS
8 = SMOKE OR HAZE
[NO. OF DAYS WITH] [WEATHER - DAYS WITH] 9 = BLOWING SNOW
X = TORNADO
MAX 32 OR BELOW: 5 0.01 INCH OR MORE: 8
MAX 90 OR ABOVE: 0 0.10 INCH OR MORE: 2
MIN 32 OR BELOW: 29 0.50 INCH OR MORE: 0
MIN 0 OR BELOW: 0 1.00 INCH OR MORE: 0
[HDD (BASE 65) ]
TOTAL THIS MO. 1036 CLEAR (SCALE 0-3) 15
DPTR FM NORMAL -117 PTCLDY (SCALE 4-7) 6
TOTAL FM JUL 1 2219 CLOUDY (SCALE 8-10) 10
DPTR FM NORMAL -365
[CDD (BASE 65) ]
TOTAL THIS MO. 0
DPTR FM NORMAL 0 [PRESSURE DATA]
TOTAL FM JAN 1 1070 HIGHEST SLP 30.74 ON 7
DPTR FM NORMAL 218 LOWEST SLP 29.76 ON 22
[REMARKS]
#FINAL-12-20#