000
CXUS52 KMFL 011000
CF6OPF
PRELIMINARY LOCAL CLIMATOLOGICAL DATA (WS FORM: F-6)
STATION: OPA-LOCKA ARPT
MONTH: JUNE
YEAR: 2020
LATITUDE: 25 53 N
LONGITUDE: 80 17 W
TEMPERATURE IN F: :PCPN: SNOW: WIND :SUNSHINE: SKY :PK WND
================================================================================
1 2 3 4 5 6A 6B 7 8 9 10 11 12 13 14 15 16 17 18
12Z AVG MX 2MIN
DY MAX MIN AVG DEP HDD CDD WTR SNW DPTH SPD SPD DIR MIN PSBL S-S WX SPD DR
================================================================================
1 90 76 83 2 0 18 0.00 0.0 0 7.5 17 70 M M 1 25 80
2 89 76 83 1 0 18 0.25 0.0 0 9.2 25 150 M M 3 138 28 150
3 86 74 80 -2 0 15 0.89 0.0 0 6.8 23 140 M M 3 13 28 140
4 83 71 77 -5 0 12 0.85 0.0 0 5.8 26 190 M M 3 13 33 190
5 89 77 83 1 0 18 0.02 0.0 0 9.8 21 130 M M 3 1 25 130
6 89 81 85 3 0 20 0.00 0.0 0 13.0 22 140 M M 4 26 190
7 91 82 87 5 0 22 0.01 0.0 0 12.0 20 150 M M 3 24 160
8 90 81 86 4 0 21 T 0.0 0 6.8 14 210 M M 2 18 17 200
9 91 78 85 3 0 20 M 0.0 0 6.7 13 130 M M 1 17 140
10 91 78 85 3 0 20 M 0.0 0 5.5 14 120 M M 1 3 18 150
11 88 77 83 1 0 18 M 0.0 0 9.2 18 80 M M 2 3 26 80
12 88 76 82 0 0 17 0.01 0.0 0 9.6 17 110 M M 4 1 27 80
13 89 76 83 1 0 18 T 0.0 0 9.3 16 100 M M 3 21 120
14 87 76 82 0 0 17 0.01 0.0 0 6.8 16 70 M M 3 3 20 120
15 91 73 82 0 0 17 0.01 0.0 0 3.9 24 30 M M 3 138 32 30
16 89 74 82 -1 0 17 0.00 0.0 0 8.7 18 80 M M 1 8 28 90
17 85 74 80 -3 0 15 T 0.0 0 8.5 18 100 M M 5 13 22 110
18 89 73 81 -2 0 16 M 0.0 0 4.7 21 260 M M 3 138 27 260
19 90 73 82 -1 0 17 0.06 0.0 0 6.3 30 10 M M 2 138 37 10
20 89 76 83 0 0 18 0.22 0.0 0 4.9 14 150 M M 2 138 18 130
21 88 77 83 0 0 18 T 0.0 0 2.9 12 120 M M 1 13 120
22 91 77 84 1 0 19 T 0.0 0 6.5 16 150 M M 1 3 20 150
23 92 78 85 2 0 20 0.00 0.0 0 5.9 17 120 M M 2 3 21 130
24 92 79 86 3 0 21 0.00 0.0 0 5.3 16 140 M M 1 19 120
25 91 80 86 3 0 21 0.00 0.0 0 8.0 15 120 M M 1 20 110
26 91 81 86 3 0 21 0.00 0.0 M 9.9 16 60 M M 1 21 70
27 90 79 85 2 0 20 0.00 0.0 0 8.4 15 100 M M 1 20 130
28 91 79 85 2 0 20 0.00 0.0 0 6.7 14 110 M M 1 18 120
29 92 79 86 3 0 21 T 0.0 0 5.5 13 120 M M 2 3 16 110
30 95 77 86 3 0 21 T 0.0 0 5.3 15 290 M M 2 3 20 140
================================================================================
SM 2687 2308 0 556 2.33 0.0 219.4 M 65
================================================================================
AV 89.6 76.9 7.3 FASTST M M 2 MAX(MPH)
MISC ----> # 30 10 # 37 10
================================================================================
NOTES:
# LAST OF SEVERAL OCCURRENCES
COLUMN 17 PEAK WIND IN M.P.H.
PRELIMINARY LOCAL CLIMATOLOGICAL DATA (WS FORM: F-6) , PAGE 2
STATION: OPA-LOCKA ARPT
MONTH: JUNE
YEAR: 2020
LATITUDE: 25 53 N
LONGITUDE: 80 17 W
[TEMPERATURE DATA] [PRECIPITATION DATA] SYMBOLS USED IN COLUMN 16
AVERAGE MONTHLY: 83.3 TOTAL FOR MONTH: 2.33 1 = FOG OR MIST
DPTR FM NORMAL: 0.8 DPTR FM NORMAL: -7.12 2 = FOG REDUCING VISIBILITY
HIGHEST: 95 ON 30 GRTST 24HR 0.89 ON 3- 3 TO 1/4 MILE OR LESS
LOWEST: 71 ON 4 3 = THUNDER
SNOW, ICE PELLETS, HAIL 4 = ICE PELLETS
TOTAL MONTH: 0.0 INCH 5 = HAIL
GRTST 24HR 0.0 6 = FREEZING RAIN OR DRIZZLE
GRTST DEPTH: 0 7 = DUSTSTORM OR SANDSTORM:
VSBY 1/2 MILE OR LESS
8 = SMOKE OR HAZE
[NO. OF DAYS WITH] [WEATHER - DAYS WITH] 9 = BLOWING SNOW
X = TORNADO
MAX 32 OR BELOW: 0 0.01 INCH OR MORE: 10
MAX 90 OR ABOVE: 16 0.10 INCH OR MORE: 4
MIN 32 OR BELOW: 0 0.50 INCH OR MORE: 2
MIN 0 OR BELOW: 0 1.00 INCH OR MORE: 0
[HDD (BASE 65) ]
TOTAL THIS MO. 0 CLEAR (SCALE 0-3) 25
DPTR FM NORMAL 0 PTCLDY (SCALE 4-7) 5
TOTAL FM JUL 1 56 CLOUDY (SCALE 8-10) 0
DPTR FM NORMAL -84
[CDD (BASE 65) ]
TOTAL THIS MO. 556
DPTR FM NORMAL 34 [PRESSURE DATA]
TOTAL FM JAN 1 2228 HIGHEST SLP 30.19 ON 26
DPTR FM NORMAL 475 LOWEST SLP 29.91 ON 13
[REMARKS]
#FINAL-06-20#